CREATE TABLE `ps_homeslider` (
  `id_homeslider_slides` int(10) UNSIGNED NOT NULL,
  `id_shop` int(10) UNSIGNED NOT NULL
) ENGINE=InnoDB DEFAULT CHARSET=utf8;

--
-- Déchargement des données de la table `ps_homeslider`
--

INSERT INTO `ps_homeslider` (`id_homeslider_slides`, `id_shop`) VALUES
(1, 1),
(2, 1),
(3, 1);

-- --------------------------------------------------------

--
-- Structure de la table `ps_homeslider_slides`
--

CREATE TABLE `ps_homeslider_slides` (
  `id_homeslider_slides` int(10) UNSIGNED NOT NULL,
  `position` int(10) UNSIGNED NOT NULL DEFAULT '0',
  `active` tinyint(1) UNSIGNED NOT NULL DEFAULT '0'
) ENGINE=InnoDB DEFAULT CHARSET=utf8;

--
-- Déchargement des données de la table `ps_homeslider_slides`
--

INSERT INTO `ps_homeslider_slides` (`id_homeslider_slides`, `position`, `active`) VALUES
(1, 1, 1),
(2, 2, 1),
(3, 3, 1);

-- --------------------------------------------------------

--
-- Structure de la table `ps_homeslider_slides_lang`
--

CREATE TABLE `ps_homeslider_slides_lang` (
  `id_homeslider_slides` int(10) UNSIGNED NOT NULL,
  `id_lang` int(10) UNSIGNED NOT NULL,
  `title` varchar(255) NOT NULL,
  `description` text NOT NULL,
  `legend` varchar(255) NOT NULL,
  `url` varchar(255) NOT NULL,
  `image` varchar(255) NOT NULL
) ENGINE=InnoDB DEFAULT CHARSET=utf8;

--
-- Déchargement des données de la table `ps_homeslider_slides_lang`
--

INSERT INTO `ps_homeslider_slides_lang` (`id_homeslider_slides`, `id_lang`, `title`, `description`, `legend`, `url`, `image`) VALUES
(1, 1, 'Sample 1', '<h3>EXCEPTEUR OCCAECAT</h3>\n                <p>Lorem ipsum dolor sit amet, consectetur adipiscing elit. Proin tristique in tortor et dignissim. Quisque non tempor leo. Maecenas egestas sem elit</p>', 'sample-1', 'http://www.prestashop.com/?utm_source=back-office&utm_medium=v17_homeslider&utm_campaign=back-office-EN&utm_content=download', 'sample-1.jpg'),
(1, 2, 'Sample 1', '<h3>EXCEPTEUR OCCAECAT</h3>\n                <p>Lorem ipsum dolor sit amet, consectetur adipiscing elit. Proin tristique in tortor et dignissim. Quisque non tempor leo. Maecenas egestas sem elit</p>', 'sample-1', 'http://www.prestashop.com/?utm_source=back-office&utm_medium=v17_homeslider&utm_campaign=back-office-EN&utm_content=download', 'sample-1.jpg'),
(1, 3, 'Sample 1', '<h3>EXCEPTEUR OCCAECAT</h3>\n                <p>Lorem ipsum dolor sit amet, consectetur adipiscing elit. Proin tristique in tortor et dignissim. Quisque non tempor leo. Maecenas egestas sem elit</p>', 'sample-1', 'http://www.prestashop.com/?utm_source=back-office&utm_medium=v17_homeslider&utm_campaign=back-office-EN&utm_content=download', 'sample-1.jpg'),
(2, 1, 'Sample 2', '<h3>EXCEPTEUR OCCAECAT</h3>\n                <p>Lorem ipsum dolor sit amet, consectetur adipiscing elit. Proin tristique in tortor et dignissim. Quisque non tempor leo. Maecenas egestas sem elit</p>', 'sample-2', 'http://www.prestashop.com/?utm_source=back-office&utm_medium=v17_homeslider&utm_campaign=back-office-EN&utm_content=download', 'sample-2.jpg'),
(2, 2, 'Sample 2', '<h3>EXCEPTEUR OCCAECAT</h3>\n                <p>Lorem ipsum dolor sit amet, consectetur adipiscing elit. Proin tristique in tortor et dignissim. Quisque non tempor leo. Maecenas egestas sem elit</p>', 'sample-2', 'http://www.prestashop.com/?utm_source=back-office&utm_medium=v17_homeslider&utm_campaign=back-office-EN&utm_content=download', 'sample-2.jpg'),
(2, 3, 'Sample 2', '<h3>EXCEPTEUR OCCAECAT</h3>\n                <p>Lorem ipsum dolor sit amet, consectetur adipiscing elit. Proin tristique in tortor et dignissim. Quisque non tempor leo. Maecenas egestas sem elit</p>', 'sample-2', 'http://www.prestashop.com/?utm_source=back-office&utm_medium=v17_homeslider&utm_campaign=back-office-EN&utm_content=download', 'sample-2.jpg'),
(3, 1, 'Sample 3', '<h3>EXCEPTEUR OCCAECAT</h3>\n                <p>Lorem ipsum dolor sit amet, consectetur adipiscing elit. Proin tristique in tortor et dignissim. Quisque non tempor leo. Maecenas egestas sem elit</p>', 'sample-3', 'http://www.prestashop.com/?utm_source=back-office&utm_medium=v17_homeslider&utm_campaign=back-office-EN&utm_content=download', 'sample-3.jpg'),
(3, 2, 'Sample 3', '<h3>EXCEPTEUR OCCAECAT</h3>\n                <p>Lorem ipsum dolor sit amet, consectetur adipiscing elit. Proin tristique in tortor et dignissim. Quisque non tempor leo. Maecenas egestas sem elit</p>', 'sample-3', 'http://www.prestashop.com/?utm_source=back-office&utm_medium=v17_homeslider&utm_campaign=back-office-EN&utm_content=download', 'sample-3.jpg'),
(3, 3, 'Sample 3', '<h3>EXCEPTEUR OCCAECAT</h3>\n                <p>Lorem ipsum dolor sit amet, consectetur adipiscing elit. Proin tristique in tortor et dignissim. Quisque non tempor leo. Maecenas egestas sem elit</p>', 'sample-3', 'http://www.prestashop.com/?utm_source=back-office&utm_medium=v17_homeslider&utm_campaign=back-office-EN&utm_content=download', 'sample-3.jpg');

-- --------------------------------------------------------

--
-- Structure de la table `ps_hook`
--

CREATE TABLE `ps_hook` (
  `id_hook` int(10) UNSIGNED NOT NULL,
  `name` varchar(64) NOT NULL,
  `title` varchar(64) NOT NULL,
  `description` text,
  `position` tinyint(1) NOT NULL DEFAULT '1'
) ENGINE=InnoDB DEFAULT CHARSET=utf8;

--
-- Déchargement des données de la table `ps_hook`
--

INSERT INTO `ps_hook` (`id_hook`, `name`, `title`, `description`, `position`) VALUES
(1, 'actionValidateOrder', 'New orders', NULL, 1),
(2, 'displayMaintenance', 'Maintenance Page', 'This hook displays new elements on the maintenance page', 1),
(3, 'displayProductPageDrawer', 'Product Page Drawer', 'This hook displays content in the right sidebar of the product page', 1),
(4, 'actionPaymentConfirmation', 'Payment confirmation', 'This hook displays new elements after the payment is validated', 1),
(5, 'displayPaymentReturn', 'Payment return', NULL, 1),
(6, 'actionUpdateQuantity', 'Quantity update', 'Quantity is updated only when a customer effectively places their order', 1),
(7, 'displayRightColumn', 'Right column blocks', 'This hook displays new elements in the right-hand column', 1),
(8, 'displayWrapperTop', 'Main wrapper section (top)', 'This hook displays new elements in the top of the main wrapper', 1),
(9, 'displayWrapperBottom', 'Main wrapper section (bottom)', 'This hook displays new elements in the bottom of the main wrapper', 1),
(10, 'displayContentWrapperTop', 'Content wrapper section (top)', 'This hook displays new elements in the top of the content wrapper', 1),
(11, 'displayContentWrapperBottom', 'Content wrapper section (bottom)', 'This hook displays new elements in the bottom of the content wrapper', 1),
(12, 'displayLeftColumn', 'Left column blocks', 'This hook displays new elements in the left-hand column', 1),
(13, 'displayHome', 'Homepage content', 'This hook displays new elements on the homepage', 1),
(14, 'Header', 'Pages html head section', 'This hook adds additional elements in the head section of your pages (head section of html)', 1),
(15, 'actionCartSave', 'Cart creation and update', 'This hook is displayed when a product is added to the cart or if the cart\'s content is modified', 1),
(16, 'actionAuthentication', 'Successful customer authentication', 'This hook is displayed after a customer successfully signs in', 1),
(17, 'actionProductAdd', 'Product creation', 'This hook is displayed after a product is created', 1),
(18, 'actionProductUpdate', 'Product update', 'This hook is displayed after a product has been updated', 1),
(19, 'displayAfterBodyOpeningTag', 'Very top of pages', 'Use this hook for advertisement or modals you want to load first', 1),
(20, 'displayBeforeBodyClosingTag', 'Very bottom of pages', 'Use this hook for your modals or any content you want to load at the very end', 1),
(21, 'displayTop', 'Top of pages', 'This hook displays additional elements at the top of your pages', 1),
(22, 'displayNavFullWidth', 'Navigation', 'This hook displays full width navigation menu at the top of your pages', 1),
(23, 'displayRightColumnProduct', 'New elements on the product page (right column)', 'This hook displays new elements in the right-hand column of the product page', 1),
(24, 'actionProductDelete', 'Product deletion', 'This hook is called when a product is deleted', 1),
(25, 'actionObjectProductInCartDeleteBefore', 'Cart product removal', 'This hook is called before a product is removed from a cart', 1),
(26, 'actionObjectProductInCartDeleteAfter', 'Cart product removal', 'This hook is called after a product is removed from a cart', 1),
(27, 'displayFooterProduct', 'Product footer', 'This hook adds new blocks under the product\'s description', 1),
(28, 'displayInvoice', 'Invoice', 'This hook displays new blocks on the invoice (order)', 1),
(29, 'actionOrderStatusUpdate', 'Order status update - Event', 'This hook launches modules when the status of an order changes', 1),
(30, 'displayAdminOrder', 'Display new elements in the Back Office, tab AdminOrder', 'This hook launches modules when the AdminOrder tab is displayed in the Back Office', 1),
(31, 'displayAdminOrderTabOrder', 'Display new elements in Back Office, AdminOrder, panel Order', 'This hook launches modules when the AdminOrder tab is displayed in the Back Office and extends / override Order panel tabs', 1),
(32, 'displayAdminOrderTabShip', 'Display new elements in Back Office, AdminOrder, panel Shipping', 'This hook launches modules when the AdminOrder tab is displayed in the Back Office and extends / override Shipping panel tabs', 1),
(33, 'displayAdminOrderContentOrder', 'Display new elements in Back Office, AdminOrder, panel Order', 'This hook launches modules when the AdminOrder tab is displayed in the Back Office and extends / override Order panel content', 1),
(34, 'displayAdminOrderContentShip', 'Display new elements in Back Office, AdminOrder, panel Shipping', 'This hook launches modules when the AdminOrder tab is displayed in the Back Office and extends / override Shipping panel content', 1),
(35, 'displayFooter', 'Footer', 'This hook displays new blocks in the footer', 1),
(36, 'displayPDFInvoice', 'PDF Invoice', 'This hook allows you to display additional information on PDF invoices', 1),
(37, 'displayInvoiceLegalFreeText', 'PDF Invoice - Legal Free Text', 'This hook allows you to modify the legal free text on PDF invoices', 1),
(38, 'displayAdminCustomers', 'Display new elements in the Back Office, tab AdminCustomers', 'This hook launches modules when the AdminCustomers tab is displayed in the Back Office', 1),
(39, 'displayAdminCustomersAddressesItemAction', 'Display new elements in the Back Office, tab AdminCustomers, Add', 'This hook launches modules when the Addresses list into the AdminCustomers tab is displayed in the Back Office', 1),
(40, 'displayOrderConfirmation', 'Order confirmation page', 'This hook is called within an order\'s confirmation page', 1),
(41, 'actionCustomerAccountAdd', 'Successful customer account creation', 'This hook is called when a new customer creates an account successfully', 1),
(42, 'actionCustomerAccountUpdate', 'Successful customer account update', 'This hook is called when a customer updates its account successfully', 1),
(43, 'displayCustomerAccount', 'Customer account displayed in Front Office', 'This hook displays new elements on the customer account page', 1),
(44, 'actionOrderSlipAdd', 'Order slip creation', 'This hook is called when a new credit slip is added regarding client order', 1),
(45, 'displayShoppingCartFooter', 'Shopping cart footer', 'This hook displays some specific information on the shopping cart\'s page', 1),
(46, 'displayCreateAccountEmailFormBottom', 'Customer authentication form', 'This hook displays some information on the bottom of the email form', 1),
(47, 'displayAuthenticateFormBottom', 'Customer authentication form', 'This hook displays some information on the bottom of the authentication form', 1),
(48, 'displayCustomerAccountForm', 'Customer account creation form', 'This hook displays some information on the form to create a customer account', 1),
(49, 'displayAdminStatsModules', 'Stats - Modules', NULL, 1),
(50, 'displayAdminStatsGraphEngine', 'Graph engines', NULL, 1),
(51, 'actionOrderReturn', 'Returned product', 'This hook is displayed when a customer returns a product ', 1),
(52, 'displayProductAdditionalInfo', 'Product page additional info', 'This hook adds additional information on the product page', 1),
(53, 'displayBackOfficeHome', 'Administration panel homepage', 'This hook is displayed on the admin panel\'s homepage', 1),
(54, 'displayAdminStatsGridEngine', 'Grid engines', NULL, 1),
(55, 'actionWatermark', 'Watermark', NULL, 1),
(56, 'actionProductCancel', 'Product cancelled', 'This hook is called when you cancel a product in an order', 1),
(57, 'displayLeftColumnProduct', 'New elements on the product page (left column)', 'This hook displays new elements in the left-hand column of the product page', 1),
(58, 'actionProductOutOfStock', 'Out-of-stock product', 'This hook displays new action buttons if a product is out of stock', 1),
(59, 'actionProductAttributeUpdate', 'Product attribute update', 'This hook is displayed when a product\'s attribute is updated', 1),
(60, 'displayCarrierList', 'Extra carrier (module mode)', NULL, 1),
(61, 'displayShoppingCart', 'Shopping cart - Additional button', 'This hook displays new action buttons within the shopping cart', 1),
(62, 'actionCarrierUpdate', 'Carrier Update', 'This hook is called when a carrier is updated', 1),
(63, 'actionOrderStatusPostUpdate', 'Post update of order status', NULL, 1),
(64, 'displayCustomerAccountFormTop', 'Block above the form for create an account', 'This hook is displayed above the customer\'s account creation form', 1),
(65, 'displayBackOfficeHeader', 'Administration panel header', 'This hook is displayed in the header of the admin panel', 1),
(66, 'displayBackOfficeTop', 'Administration panel hover the tabs', 'This hook is displayed on the roll hover of the tabs within the admin panel', 1),
(67, 'displayAdminEndContent', 'Administration end of content', 'This hook is displayed at the end of the main content, before the footer', 1),
(68, 'displayBackOfficeFooter', 'Administration panel footer', 'This hook is displayed within the admin panel\'s footer', 1),
(69, 'actionProductAttributeDelete', 'Product attribute deletion', 'This hook is displayed when a product\'s attribute is deleted', 1),
(70, 'actionCarrierProcess', 'Carrier process', NULL, 1),
(71, 'displayBeforeCarrier', 'Before carriers list', 'This hook is displayed before the carrier list in Front Office', 1),
(72, 'displayAfterCarrier', 'After carriers list', 'This hook is displayed after the carrier list in Front Office', 1),
(73, 'displayOrderDetail', 'Order detail', 'This hook is displayed within the order\'s details in Front Office', 1),
(74, 'actionPaymentCCAdd', 'Payment CC added', NULL, 1),
(75, 'actionCategoryAdd', 'Category creation', 'This hook is displayed when a category is created', 1),
(76, 'actionCategoryUpdate', 'Category modification', 'This hook is displayed when a category is modified', 1),
(77, 'actionCategoryDelete', 'Category deletion', 'This hook is displayed when a category is deleted', 1),
(78, 'displayPaymentTop', 'Top of payment page', 'This hook is displayed at the top of the payment page', 1),
(79, 'actionHtaccessCreate', 'After htaccess creation', 'This hook is displayed after the htaccess creation', 1),
(80, 'actionAdminMetaSave', 'After saving the configuration in AdminMeta', 'This hook is displayed after saving the configuration in AdminMeta', 1),
(81, 'displayAttributeGroupForm', 'Add fields to the form \'attribute group\'', 'This hook adds fields to the form \'attribute group\'', 1),
(82, 'actionAttributeGroupSave', 'Saving an attribute group', 'This hook is called while saving an attributes group', 1),
(83, 'actionAttributeGroupDelete', 'Deleting attribute group', 'This hook is called while deleting an attributes  group', 1),
(84, 'displayFeatureForm', 'Add fields to the form \'feature\'', 'This hook adds fields to the form \'feature\'', 1),
(85, 'actionFeatureSave', 'Saving attributes\' features', 'This hook is called while saving an attributes features', 1),
(86, 'actionFeatureDelete', 'Deleting attributes\' features', 'This hook is called while deleting an attributes features', 1),
(87, 'actionProductSave', 'Saving products', 'This hook is called while saving products', 1),
(88, 'displayAttributeGroupPostProcess', 'On post-process in admin attribute group', 'This hook is called on post-process in admin attribute group', 1),
(89, 'displayFeaturePostProcess', 'On post-process in admin feature', 'This hook is called on post-process in admin feature', 1),
(90, 'displayFeatureValueForm', 'Add fields to the form \'feature value\'', 'This hook adds fields to the form \'feature value\'', 1),
(91, 'displayFeatureValuePostProcess', 'On post-process in admin feature value', 'This hook is called on post-process in admin feature value', 1),
(92, 'actionFeatureValueDelete', 'Deleting attributes\' features\' values', 'This hook is called while deleting an attributes features value', 1),
(93, 'actionFeatureValueSave', 'Saving an attributes features value', 'This hook is called while saving an attributes features value', 1),
(94, 'displayAttributeForm', 'Add fields to the form \'attribute value\'', 'This hook adds fields to the form \'attribute value\'', 1),
(95, 'actionAttributePostProcess', 'On post-process in admin feature value', 'This hook is called on post-process in admin feature value', 1),
(96, 'actionAttributeDelete', 'Deleting an attributes features value', 'This hook is called while deleting an attributes features value', 1),
(97, 'actionAttributeSave', 'Saving an attributes features value', 'This hook is called while saving an attributes features value', 1),
(98, 'actionTaxManager', 'Tax Manager Factory', NULL, 1),
(99, 'displayMyAccountBlock', 'My account block', 'This hook displays extra information within the \'my account\' block\"', 1),
(100, 'actionModuleInstallBefore', 'actionModuleInstallBefore', NULL, 1),
(101, 'actionModuleInstallAfter', 'actionModuleInstallAfter', NULL, 1),
(102, 'displayTopColumn', 'Top column blocks', 'This hook displays new elements in the top of columns', 1),
(103, 'displayBackOfficeCategory', 'Display new elements in the Back Office, tab AdminCategories', 'This hook launches modules when the AdminCategories tab is displayed in the Back Office', 1),
(104, 'displayProductListFunctionalButtons', 'Display new elements in the Front Office, products list', 'This hook launches modules when the products list is displayed in the Front Office', 1),
(105, 'displayNav', 'Navigation', NULL, 1),
(106, 'displayOverrideTemplate', 'Change the default template of current controller', NULL, 1),
(107, 'actionAdminLoginControllerSetMedia', 'Set media on admin login page header', 'This hook is called after adding media to admin login page header', 1),
(108, 'actionOrderEdited', 'Order edited', 'This hook is called when an order is edited', 1),
(109, 'actionEmailAddBeforeContent', 'Add extra content before mail content', 'This hook is called just before fetching mail template', 1),
(110, 'actionEmailAddAfterContent', 'Add extra content after mail content', 'This hook is called just after fetching mail template', 1),
(111, 'sendMailAlterTemplateVars', 'Alter template vars on the fly', 'This hook is called when Mail::send() is called', 1),
(112, 'displayCartExtraProductActions', 'Extra buttons in shopping cart', 'This hook adds extra buttons to the product lines, in the shopping cart', 1),
(113, 'displayPaymentByBinaries', 'Payment form generated by binaries', 'This hook displays form generated by binaries during the checkout', 1),
(114, 'additionalCustomerFormFields', 'Add fields to the Customer form', 'This hook returns an array of FormFields to add them to the customer registration form', 1),
(115, 'addWebserviceResources', 'Add extra webservice resource', 'This hook is called when webservice resources list in webservice controller', 1),
(116, 'displayCustomerLoginFormAfter', 'Display elements after login form', 'This hook displays new elements after the login form', 1),
(117, 'actionClearCache', 'Clear smarty cache', 'This hook is called when smarty\'s cache is cleared', 1),
(118, 'actionClearCompileCache', 'Clear smarty compile cache', 'This hook is called when smarty\'s compile cache is cleared', 1),
(119, 'actionClearSf2Cache', 'Clear Sf2 cache', 'This hook is called when the Symfony cache is cleared', 1),
(120, 'actionValidateCustomerAddressForm', 'Customer address form validation', 'This hook is called when a customer submit its address form', 1),
(121, 'displayCarrierExtraContent', 'Display additional content for a carrier (e.g pickup points)', 'This hook calls only the module related to the carrier, in order to add options when needed', 1),
(122, 'validateCustomerFormFields', 'Customer registration form validation', 'This hook is called to a module when it has sent additional fields with additionalCustomerFormFields', 1),
(123, 'displayProductExtraContent', 'Display extra content on the product page', 'This hook expects ProductExtraContent instances, which will be properly displayed by the template on the product page', 1),
(124, 'filterCmsContent', 'Filter the content page', 'This hook is called just before fetching content page', 1),
(125, 'filterCmsCategoryContent', 'Filter the content page category', 'This hook is called just before fetching content page category', 1),
(126, 'filterProductContent', 'Filter the content page product', 'This hook is called just before fetching content page product', 1),
(127, 'filterCategoryContent', 'Filter the content page category', 'This hook is called just before fetching content page category', 1),
(128, 'filterManufacturerContent', 'Filter the content page manufacturer', 'This hook is called just before fetching content page manufacturer', 1),
(129, 'filterSupplierContent', 'Filter the content page supplier', 'This hook is called just before fetching content page supplier', 1),
(130, 'filterHtmlContent', 'Filter HTML field before rending a page', 'This hook is called just before fetching a page on HTML field', 1),
(131, 'displayDashboardTop', 'Dashboard Top', 'Displays the content in the dashboard\'s top area', 1),
(132, 'actionUpdateLangAfter', 'Update \"lang\" tables', 'Update \"lang\" tables after adding or updating a language', 1),
(133, 'actionOutputHTMLBefore', 'Before HTML output', 'This hook is used to filter the whole HTML page before it is rendered (only front)', 1),
(134, 'displayAfterProductThumbs', 'Display extra content below product thumbs', 'This hook displays new elements below product images ex. additional media', 1),
(135, 'actionDispatcherBefore', 'Before dispatch', 'This hook is called at the beginning of the dispatch method of the Dispatcher', 1),
(136, 'actionDispatcherAfter', 'After dispatch', 'This hook is called at the end of the dispatch method of the Dispatcher', 1),
(137, 'filterProductSearch', 'Filter search products result', 'This hook is called in order to allow to modify search product result', 1),
(138, 'actionProductSearchAfter', 'Event triggered after search product completed', 'This hook is called after the product search. Parameters are already filter', 1),
(139, 'actionEmailSendBefore', 'Before sending an email', 'This hook is used to filter the content or the metadata of an email before sending it or even prevent its sending', 1),
(140, 'displayAdminProductsMainStepLeftColumnMiddle', 'Display new elements in back office product page, left column of', 'This hook launches modules when the back office product page is displayed', 1),
(141, 'displayAdminProductsMainStepLeftColumnBottom', 'Display new elements in back office product page, left column of', 'This hook launches modules when the back office product page is displayed', 1),
(142, 'displayAdminProductsMainStepRightColumnBottom', 'Display new elements in back office product page, right column o', 'This hook launches modules when the back office product page is displayed', 1),
(143, 'displayAdminProductsQuantitiesStepBottom', 'Display new elements in back office product page, Quantities/Com', 'This hook launches modules when the back office product page is displayed', 1),
(144, 'displayAdminProductsPriceStepBottom', 'Display new elements in back office product page, Price tab', 'This hook launches modules when the back office product page is displayed', 1),
(145, 'displayAdminProductsOptionsStepTop', 'Display new elements in back office product page, Options tab', 'This hook launches modules when the back office product page is displayed', 1),
(146, 'displayAdminProductsOptionsStepBottom', 'Display new elements in back office product page, Options tab', 'This hook launches modules when the back office product page is displayed', 1),
(147, 'displayAdminProductsSeoStepBottom', 'Display new elements in back office product page, SEO tab', 'This hook launches modules when the back office product page is displayed', 1),
(148, 'displayAdminProductsShippingStepBottom', 'Display new elements in back office product page, Shipping tab', 'This hook launches modules when the back office product page is displayed', 1),
(149, 'displayAdminProductsCombinationBottom', 'Display new elements in back office product page, Combination ta', 'This hook launches modules when the back office product page is displayed', 1),
(150, 'displayDashboardToolbarTopMenu', 'Display new elements in back office page with a dashboard, on to', 'This hook launches modules when a page with a dashboard is displayed', 1),
(151, 'displayDashboardToolbarIcons', 'Display new elements in back office page with dashboard, on icon', 'This hook launches modules when the back office with dashboard is displayed', 1),
(152, 'actionBuildFrontEndObject', 'Manage elements added to the \"prestashop\" javascript object', 'This hook allows you to customize the \"prestashop\" javascript object that is included in all front office pages', 1),
(153, 'actionFrontControllerAfterInit', 'Perform actions after front office controller initialization', 'This hook is launched after the initialization of all front office controllers', 1),
(154, 'actionAdministrationPageForm', 'Manage Administration Page form fields', 'This hook adds, update or remove fields of the Administration Page form', 1),
(155, 'actionAdministrationPageFormSave', 'Processing Administration page form', 'This hook is called when the Administration Page form is processed', 1),
(156, 'actionPerformancePageForm', 'Manage Performance Page form fields', 'This hook adds, update or remove fields of the Performance Page form', 1),
(157, 'actionPerformancePageFormSave', 'Processing Performance page form', 'This hook is called when the Performance Page form is processed', 1),
(158, 'actionMaintenancePageForm', 'Manage Maintenance Page form fields', 'This hook adds, update or remove fields of the Maintenance Page form', 1),
(159, 'actionMaintenancePageFormSave', 'Processing Maintenance page form', 'This hook is called when the Maintenance Page form is processed', 1),
(160, 'registerGDPRConsent', 'registerGDPRConsent', NULL, 1),
(161, 'dashboardZoneOne', 'dashboardZoneOne', NULL, 1),
(162, 'dashboardData', 'dashboardData', NULL, 1),
(163, 'actionObjectOrderAddAfter', 'actionObjectOrderAddAfter', NULL, 1),
(164, 'actionObjectCustomerAddAfter', 'actionObjectCustomerAddAfter', NULL, 1),
(165, 'actionObjectCustomerMessageAddAfter', 'actionObjectCustomerMessageAddAfter', NULL, 1),
(166, 'actionObjectCustomerThreadAddAfter', 'actionObjectCustomerThreadAddAfter', NULL, 1),
(167, 'actionObjectOrderReturnAddAfter', 'actionObjectOrderReturnAddAfter', NULL, 1),
(168, 'actionAdminControllerSetMedia', 'actionAdminControllerSetMedia', NULL, 1),
(169, 'dashboardZoneTwo', 'dashboardZoneTwo', NULL, 1),
(170, 'actionSearch', 'actionSearch', NULL, 1),
(171, 'actionObjectLanguageAddAfter', 'actionObjectLanguageAddAfter', NULL, 1),
(172, 'paymentOptions', 'paymentOptions', NULL, 1),
(173, 'displayNav1', 'displayNav1', NULL, 1),
(174, 'actionAdminStoresControllerUpdate_optionsAfter', 'actionAdminStoresControllerUpdate_optionsAfter', NULL, 1),
(175, 'actionAdminCurrenciesControllerSaveAfter', 'actionAdminCurrenciesControllerSaveAfter', NULL, 1),
(176, 'actionModuleRegisterHookAfter', 'actionModuleRegisterHookAfter', NULL, 1),
(177, 'actionModuleUnRegisterHookAfter', 'actionModuleUnRegisterHookAfter', NULL, 1),
(178, 'actionShopDataDuplication', 'actionShopDataDuplication', NULL, 1),
(179, 'displayFooterBefore', 'displayFooterBefore', NULL, 1),
(180, 'displayAdminCustomersForm', 'displayAdminCustomersForm', NULL, 1),
(181, 'actionDeleteGDPRCustomer', 'actionDeleteGDPRCustomer', NULL, 1),
(182, 'actionExportGDPRData', 'actionExportGDPRData', NULL, 1),
(183, 'productSearchProvider', 'productSearchProvider', NULL, 1),
(184, 'displayOrderConfirmation2', 'displayOrderConfirmation2', NULL, 1),
(185, 'displayCrossSellingShoppingCart', 'displayCrossSellingShoppingCart', NULL, 1),
(186, 'actionAdminGroupsControllerSaveAfter', 'actionAdminGroupsControllerSaveAfter', NULL, 1),
(187, 'actionObjectCategoryUpdateAfter', 'actionObjectCategoryUpdateAfter', NULL, 1),
(188, 'actionObjectCategoryDeleteAfter', 'actionObjectCategoryDeleteAfter', NULL, 1),
(189, 'actionObjectCategoryAddAfter', 'actionObjectCategoryAddAfter', NULL, 1),
(190, 'actionObjectCmsUpdateAfter', 'actionObjectCmsUpdateAfter', NULL, 1),
(191, 'actionObjectCmsDeleteAfter', 'actionObjectCmsDeleteAfter', NULL, 1),
(192, 'actionObjectCmsAddAfter', 'actionObjectCmsAddAfter', NULL, 1),
(193, 'actionObjectSupplierUpdateAfter', 'actionObjectSupplierUpdateAfter', NULL, 1),
(194, 'actionObjectSupplierDeleteAfter', 'actionObjectSupplierDeleteAfter', NULL, 1),
(195, 'actionObjectSupplierAddAfter', 'actionObjectSupplierAddAfter', NULL, 1),
(196, 'actionObjectManufacturerUpdateAfter', 'actionObjectManufacturerUpdateAfter', NULL, 1),
(197, 'actionObjectManufacturerDeleteAfter', 'actionObjectManufacturerDeleteAfter', NULL, 1),
(198, 'actionObjectManufacturerAddAfter', 'actionObjectManufacturerAddAfter', NULL, 1),
(199, 'actionObjectProductUpdateAfter', 'actionObjectProductUpdateAfter', NULL, 1),
(200, 'actionObjectProductDeleteAfter', 'actionObjectProductDeleteAfter', NULL, 1),
(201, 'actionObjectProductAddAfter', 'actionObjectProductAddAfter', NULL, 1),
(202, 'displaySearch', 'displaySearch', NULL, 1),
(203, 'displayAdminNavBarBeforeEnd', 'displayAdminNavBarBeforeEnd', NULL, 1),
(204, 'displayAdminAfterHeader', 'displayAdminAfterHeader', NULL, 1),
(205, 'displayNav2', '', NULL, 1),
(206, 'displayReassurance', '', NULL, 1),
(207, 'productTab', 'productTab', NULL, 1),
(208, 'extraProductComparison', 'extraProductComparison', NULL, 1),
(209, 'productTabContent', 'productTabContent', NULL, 1),
(210, 'displayReviewsProduct', 'displayReviewsProduct', NULL, 1),
(211, 'displayProductListReviews', 'displayProductListReviews', NULL, 1),
(212, 'displayMegamenu', 'displayMegamenu', NULL, 1),
(213, 'displayVegamenu', 'displayVegamenu', NULL, 1),
(214, 'displayBlockPosition1', 'displayBlockPosition1', NULL, 1),
(215, 'displayBlockPosition2', 'displayBlockPosition2', NULL, 1),
(216, 'displayBlockPosition3', 'displayBlockPosition3', NULL, 1),
(217, 'displayBlockPosition4', 'displayBlockPosition4', NULL, 1),
(218, 'displayBlockPosition5', 'displayBlockPosition5', NULL, 1),
(219, 'bannerSequence', 'bannerSequence', NULL, 1),
(220, 'productExtraRight', 'productExtraRight', NULL, 1),
(221, 'displayBlockFooter1', 'displayBlockFooter1', NULL, 0),
(222, 'displayBlockFooter2', 'displayBlockFooter2', NULL, 0),
(223, 'displayBlockFooter3', 'displayBlockFooter3', NULL, 0),
(224, 'displayBlockFooter4', 'displayBlockFooter4', NULL, 0),
(225, 'displayFooterAfter', 'displayFooterAfter', NULL, 0),
(226, 'displayBlockFooterExtra', 'displayBlockFooterExtra', NULL, 0),
(227, 'timecountdown', 'timecountdown', NULL, 1),
(228, 'displayProductTab', 'displayProductTab', NULL, 1),
(229, 'ModuleRoutes', 'ModuleRoutes', NULL, 1),
(230, 'displayxipblogleft', 'displayxipblogleft', NULL, 1),
(231, 'displayxipblogright', 'displayxipblogright', NULL, 1),
(232, 'displayBlockPosition6', '', NULL, 1),
(233, 'displayBlockPosition7', '', NULL, 1),
(234, 'tabsProducts', 'tabsProducts', NULL, 1),
(235, 'displayBrandSlider', 'displayBrandSlider', NULL, 1),
(236, 'brandSlider', 'brandSlider', NULL, 0),
(237, 'blockPosition1', 'blockPosition1', NULL, 1),
(238, 'actionFeatureFormBuilderModifier', 'actionFeatureFormBuilderModifier', NULL, 1),
(239, 'actionAfterCreateFeatureFormHandler', 'actionAfterCreateFeatureFormHandler', NULL, 1),
(240, 'actionAfterUpdateFeatureFormHandler', 'actionAfterUpdateFeatureFormHandler', NULL, 1),
(241, 'actionObjectSpecificPriceRuleUpdateBefore', 'actionObjectSpecificPriceRuleUpdateBefore', NULL, 1),
(242, 'actionAdminSpecificPriceRuleControllerSaveAfter', 'actionAdminSpecificPriceRuleControllerSaveAfter', NULL, 1);

-- --------------------------------------------------------

--
-- Structure de la table `ps_hook_alias`
--

CREATE TABLE `ps_hook_alias` (
  `id_hook_alias` int(10) UNSIGNED NOT NULL,
  `alias` varchar(64) NOT NULL,
  `name` varchar(64) NOT NULL
) ENGINE=InnoDB DEFAULT CHARSET=utf8;

--
-- Déchargement des données de la table `ps_hook_alias`
--

INSERT INTO `ps_hook_alias` (`id_hook_alias`, `alias`, `name`) VALUES
(1, 'newOrder', 'actionValidateOrder'),
(2, 'paymentConfirm', 'actionPaymentConfirmation'),
(3, 'paymentReturn', 'displayPaymentReturn'),
(4, 'updateQuantity', 'actionUpdateQuantity'),
(5, 'rightColumn', 'displayRightColumn'),
(6, 'leftColumn', 'displayLeftColumn'),
(7, 'home', 'displayHome'),
(8, 'displayHeader', 'Header'),
(9, 'cart', 'actionCartSave'),
(10, 'authentication', 'actionAuthentication'),
(11, 'addproduct', 'actionProductAdd'),
(12, 'updateproduct', 'actionProductUpdate'),
(13, 'top', 'displayTop'),
(14, 'extraRight', 'displayRightColumnProduct'),
(15, 'deleteproduct', 'actionProductDelete'),
(16, 'productfooter', 'displayFooterProduct'),
(17, 'invoice', 'displayInvoice'),
(18, 'updateOrderStatus', 'actionOrderStatusUpdate'),
(19, 'adminOrder', 'displayAdminOrder'),
(20, 'footer', 'displayFooter'),
(21, 'PDFInvoice', 'displayPDFInvoice'),
(22, 'adminCustomers', 'displayAdminCustomers'),
(23, 'orderConfirmation', 'displayOrderConfirmation'),
(24, 'createAccount', 'actionCustomerAccountAdd'),
(25, 'customerAccount', 'displayCustomerAccount'),
(26, 'orderSlip', 'actionOrderSlipAdd'),
(27, 'shoppingCart', 'displayShoppingCartFooter'),
(28, 'createAccountForm', 'displayCustomerAccountForm'),
(29, 'AdminStatsModules', 'displayAdminStatsModules'),
(30, 'GraphEngine', 'displayAdminStatsGraphEngine'),
(31, 'orderReturn', 'actionOrderReturn'),
(32, 'productActions', 'displayProductAdditionalInfo'),
(33, 'displayProductButtons', 'displayProductAdditionalInfo'),
(34, 'backOfficeHome', 'displayBackOfficeHome'),
(35, 'GridEngine', 'displayAdminStatsGridEngine'),
(36, 'watermark', 'actionWatermark'),
(37, 'cancelProduct', 'actionProductCancel'),
(38, 'extraLeft', 'displayLeftColumnProduct'),
(39, 'productOutOfStock', 'actionProductOutOfStock'),
(40, 'updateProductAttribute', 'actionProductAttributeUpdate'),
(41, 'extraCarrier', 'displayCarrierList'),
(42, 'shoppingCartExtra', 'displayShoppingCart'),
(43, 'updateCarrier', 'actionCarrierUpdate'),
(44, 'postUpdateOrderStatus', 'actionOrderStatusPostUpdate'),
(45, 'createAccountTop', 'displayCustomerAccountFormTop'),
(46, 'backOfficeHeader', 'displayBackOfficeHeader'),
(47, 'backOfficeTop', 'displayBackOfficeTop'),
(48, 'backOfficeFooter', 'displayBackOfficeFooter'),
(49, 'deleteProductAttribute', 'actionProductAttributeDelete'),
(50, 'processCarrier', 'actionCarrierProcess'),
(51, 'beforeCarrier', 'displayBeforeCarrier'),
(52, 'orderDetailDisplayed', 'displayOrderDetail'),
(53, 'paymentCCAdded', 'actionPaymentCCAdd'),
(54, 'categoryAddition', 'actionCategoryAdd'),
(55, 'categoryUpdate', 'actionCategoryUpdate'),
(56, 'categoryDeletion', 'actionCategoryDelete'),
(57, 'paymentTop', 'displayPaymentTop'),
(58, 'afterCreateHtaccess', 'actionHtaccessCreate'),
(59, 'afterSaveAdminMeta', 'actionAdminMetaSave'),
(60, 'attributeGroupForm', 'displayAttributeGroupForm'),
(61, 'afterSaveAttributeGroup', 'actionAttributeGroupSave'),
(62, 'afterDeleteAttributeGroup', 'actionAttributeGroupDelete'),
(63, 'featureForm', 'displayFeatureForm'),
(64, 'afterSaveFeature', 'actionFeatureSave'),
(65, 'afterDeleteFeature', 'actionFeatureDelete'),
(66, 'afterSaveProduct', 'actionProductSave'),
(67, 'postProcessAttributeGroup', 'displayAttributeGroupPostProcess'),
(68, 'postProcessFeature', 'displayFeaturePostProcess'),
(69, 'featureValueForm', 'displayFeatureValueForm'),
(70, 'postProcessFeatureValue', 'displayFeatureValuePostProcess'),
(71, 'afterDeleteFeatureValue', 'actionFeatureValueDelete'),
(72, 'afterSaveFeatureValue', 'actionFeatureValueSave'),
(73, 'attributeForm', 'displayAttributeForm'),
(74, 'postProcessAttribute', 'actionAttributePostProcess'),
(75, 'afterDeleteAttribute', 'actionAttributeDelete'),
(76, 'afterSaveAttribute', 'actionAttributeSave'),
(77, 'taxManager', 'actionTaxManager'),
(78, 'myAccountBlock', 'displayMyAccountBlock'),
(79, 'actionBeforeCartUpdateQty', 'actionCartUpdateQuantityBefore'),
(80, 'actionBeforeAjaxDie', 'actionAjaxDieBefore'),
(81, 'actionBeforeAuthentication', 'actionAuthenticationBefore'),
(82, 'actionBeforeSubmitAccount', 'actionSubmitAccountBefore'),
(83, 'actionAfterDeleteProductInCart', 'actionDeleteProductInCartAfter');

-- --------------------------------------------------------

--
-- Structure de la table `ps_hook_module`
--

CREATE TABLE `ps_hook_module` (
  `id_module` int(10) UNSIGNED NOT NULL,
  `id_shop` int(11) UNSIGNED NOT NULL DEFAULT '1',
  `id_hook` int(10) UNSIGNED NOT NULL,
  `position` tinyint(2) UNSIGNED NOT NULL
) ENGINE=InnoDB DEFAULT CHARSET=utf8;

--
-- Déchargement des données de la table `ps_hook_module`
--

INSERT INTO `ps_hook_module` (`id_module`, `id_shop`, `id_hook`, `position`) VALUES
(1, 1, 160, 1),
(2, 1, 162, 1),
(2, 1, 163, 1),
(2, 1, 164, 1),
(2, 1, 165, 1),
(2, 1, 166, 1),
(2, 1, 167, 1),
(2, 1, 168, 1),
(3, 1, 63, 1),
(3, 1, 169, 1),
(5, 1, 170, 1),
(6, 1, 50, 1),
(7, 1, 54, 1),
(8, 1, 171, 1),
(9, 1, 12, 1),
(10, 1, 5, 1),
(10, 1, 172, 1),
(11, 1, 174, 1),
(12, 1, 175, 1),
(13, 1, 176, 1),
(13, 1, 177, 1),
(15, 1, 178, 1),
(16, 1, 41, 1),
(16, 1, 114, 1),
(16, 1, 179, 1),
(16, 1, 181, 1),
(16, 1, 182, 1),
(18, 1, 17, 1),
(18, 1, 18, 1),
(18, 1, 24, 1),
(18, 1, 76, 1),
(18, 1, 184, 1),
(18, 1, 185, 1),
(18, 1, 186, 1),
(19, 1, 13, 1),
(19, 1, 14, 1),
(20, 1, 105, 1),
(21, 1, 132, 1),
(22, 1, 187, 1),
(22, 1, 188, 1),
(22, 1, 189, 1),
(22, 1, 190, 1),
(22, 1, 191, 1),
(22, 1, 192, 1),
(22, 1, 193, 1),
(22, 1, 194, 1),
(22, 1, 195, 1),
(22, 1, 196, 1),
(22, 1, 197, 1),
(22, 1, 198, 1),
(22, 1, 199, 1),
(22, 1, 200, 1),
(22, 1, 201, 1),
(25, 1, 21, 1),
(29, 1, 49, 1),
(39, 1, 16, 1),
(39, 1, 20, 1),
(52, 1, 203, 1),
(52, 1, 204, 1),
(55, 1, 161, 1),
(56, 1, 206, 1),
(57, 1, 27, 1),
(59, 1, 207, 1),
(59, 1, 208, 1),
(59, 1, 209, 1),
(59, 1, 210, 1),
(59, 1, 211, 1),
(60, 1, 212, 1),
(61, 1, 213, 1),
(62, 1, 15, 1),
(62, 1, 52, 1),
(62, 1, 104, 1),
(64, 1, 102, 1),
(65, 1, 173, 1),
(65, 1, 215, 1),
(65, 1, 216, 1),
(65, 1, 217, 1),
(65, 1, 218, 1),
(65, 1, 219, 1),
(65, 1, 220, 1),
(65, 1, 232, 1),
(65, 1, 233, 1),
(66, 1, 35, 1),
(66, 1, 65, 1),
(66, 1, 221, 1),
(66, 1, 222, 1),
(66, 1, 223, 1),
(66, 1, 224, 1),
(66, 1, 225, 1),
(70, 1, 227, 1),
(70, 1, 228, 1),
(72, 1, 229, 1),
(72, 1, 230, 1),
(72, 1, 231, 1),
(75, 1, 214, 1),
(81, 1, 237, 1),
(82, 1, 235, 1),
(85, 1, 75, 1),
(85, 1, 77, 1),
(85, 1, 81, 1),
(85, 1, 82, 1),
(85, 1, 83, 1),
(85, 1, 84, 1),
(85, 1, 85, 1),
(85, 1, 86, 1),
(85, 1, 87, 1),
(85, 1, 88, 1),
(85, 1, 89, 1),
(85, 1, 90, 1),
(85, 1, 91, 1),
(85, 1, 92, 1),
(85, 1, 93, 1),
(85, 1, 94, 1),
(85, 1, 95, 1),
(85, 1, 97, 1),
(85, 1, 183, 1),
(85, 1, 238, 1),
(85, 1, 239, 1),
(85, 1, 240, 1),
(85, 1, 241, 1),
(85, 1, 242, 1),
(86, 1, 234, 1),
(2, 1, 161, 2),
(3, 1, 162, 2),
(3, 1, 168, 2),
(4, 1, 169, 2),
(5, 1, 163, 2),
(12, 1, 105, 2),
(14, 1, 173, 2),
(16, 1, 160, 2),
(18, 1, 13, 2),
(19, 1, 178, 2),
(21, 1, 35, 2),
(22, 1, 76, 2),
(23, 1, 14, 2),
(24, 1, 52, 2),
(28, 1, 5, 2),
(28, 1, 172, 2),
(30, 1, 49, 2),
(39, 1, 41, 2),
(49, 1, 170, 2),
(54, 1, 176, 2),
(54, 1, 177, 2),
(56, 1, 132, 2),
(57, 1, 17, 2),
(57, 1, 18, 2),
(57, 1, 24, 2),
(62, 1, 21, 2),
(65, 1, 65, 2),
(65, 1, 102, 2),
(65, 1, 214, 2),
(66, 1, 179, 2),
(72, 1, 20, 2),
(78, 1, 215, 2),
(79, 1, 216, 2),
(85, 1, 12, 2),
(4, 1, 162, 3),
(4, 1, 168, 3),
(5, 1, 169, 3),
(8, 1, 13, 3),
(22, 1, 178, 3),
(25, 1, 14, 3),
(31, 1, 49, 3),
(58, 1, 12, 3),
(65, 1, 21, 3),
(65, 1, 105, 3),
(67, 1, 17, 3),
(67, 1, 18, 3),
(67, 1, 24, 3),
(67, 1, 76, 3),
(83, 1, 5, 3),
(83, 1, 172, 3),
(86, 1, 214, 3),
(5, 1, 162, 4),
(6, 1, 168, 4),
(15, 1, 13, 4),
(32, 1, 49, 4),
(59, 1, 14, 4),
(64, 1, 178, 4),
(68, 1, 17, 4),
(68, 1, 18, 4),
(68, 1, 24, 4),
(68, 1, 76, 4),
(74, 1, 21, 4),
(76, 1, 214, 4),
(33, 1, 49, 5),
(60, 1, 14, 5),
(69, 1, 17, 5),
(69, 1, 18, 5),
(69, 1, 24, 5),
(78, 1, 76, 5),
(78, 1, 178, 5),
(86, 1, 13, 5),
(34, 1, 49, 6),
(61, 1, 14, 6),
(78, 1, 17, 6),
(78, 1, 18, 6),
(78, 1, 24, 6),
(85, 1, 76, 6),
(35, 1, 49, 7),
(62, 1, 14, 7),
(36, 1, 49, 8),
(63, 1, 14, 8),
(37, 1, 49, 9),
(64, 1, 14, 9),
(38, 1, 49, 10),
(65, 1, 14, 10),
(40, 1, 49, 11),
(67, 1, 14, 11),
(41, 1, 49, 12),
(68, 1, 14, 12),
(42, 1, 49, 13),
(69, 1, 14, 13),
(43, 1, 49, 14),
(70, 1, 14, 14),
(44, 1, 49, 15),
(71, 1, 14, 15),
(45, 1, 49, 16),
(72, 1, 14, 16),
(46, 1, 49, 17),
(73, 1, 14, 17),
(47, 1, 49, 18),
(74, 1, 14, 18),
(48, 1, 49, 19),
(75, 1, 14, 19),
(49, 1, 49, 20),
(76, 1, 14, 20),
(50, 1, 49, 21),
(78, 1, 14, 21),
(51, 1, 49, 22),
(79, 1, 14, 22),
(81, 1, 14, 23),
(82, 1, 14, 24),
(86, 1, 14, 25),
(1, 2, 160, 1),
(2, 2, 162, 1),
(2, 2, 163, 1),
(2, 2, 164, 1),
(2, 2, 165, 1),
(2, 2, 166, 1),
(2, 2, 167, 1),
(2, 2, 168, 1),
(3, 2, 63, 1),
(3, 2, 169, 1),
(5, 2, 170, 1),
(6, 2, 50, 1),
(7, 2, 54, 1),
(8, 2, 171, 1),
(9, 2, 12, 1),
(10, 2, 5, 1),
(10, 2, 172, 1),
(11, 2, 174, 1),
(12, 2, 175, 1),
(13, 2, 176, 1),
(13, 2, 177, 1),
(15, 2, 178, 1),
(16, 2, 41, 1),
(16, 2, 114, 1),
(16, 2, 179, 1),
(16, 2, 181, 1),
(16, 2, 182, 1),
(18, 2, 17, 1),
(18, 2, 18, 1),
(18, 2, 24, 1),
(18, 2, 76, 1),
(18, 2, 184, 1),
(18, 2, 185, 1),
(18, 2, 186, 1),
(19, 2, 13, 1),
(19, 2, 14, 1),
(20, 2, 105, 1),
(21, 2, 132, 1),
(22, 2, 187, 1),
(22, 2, 188, 1),
(22, 2, 189, 1),
(22, 2, 190, 1),
(22, 2, 191, 1),
(22, 2, 192, 1),
(22, 2, 193, 1),
(22, 2, 194, 1),
(22, 2, 195, 1),
(22, 2, 196, 1),
(22, 2, 197, 1),
(22, 2, 198, 1),
(22, 2, 199, 1),
(22, 2, 200, 1),
(22, 2, 201, 1),
(25, 2, 21, 1),
(29, 2, 49, 1),
(39, 2, 16, 1),
(39, 2, 20, 1),
(52, 2, 203, 1),
(52, 2, 204, 1),
(55, 2, 161, 1),
(56, 2, 206, 1),
(57, 2, 27, 1),
(59, 2, 207, 1),
(59, 2, 208, 1),
(59, 2, 209, 1),
(59, 2, 210, 1),
(59, 2, 211, 1),
(60, 2, 212, 1),
(61, 2, 213, 1),
(62, 2, 15, 1),
(62, 2, 52, 1),
(62, 2, 104, 1),
(64, 2, 102, 1),
(65, 2, 173, 1),
(65, 2, 214, 1),
(65, 2, 215, 1),
(65, 2, 216, 1),
(65, 2, 218, 1),
(65, 2, 219, 1),
(65, 2, 220, 1),
(65, 2, 232, 1),
(65, 2, 233, 1),
(66, 2, 35, 1),
(66, 2, 65, 1),
(66, 2, 221, 1),
(66, 2, 222, 1),
(66, 2, 223, 1),
(66, 2, 224, 1),
(66, 2, 225, 1),
(69, 2, 217, 1),
(70, 2, 227, 1),
(70, 2, 228, 1),
(72, 2, 229, 1),
(72, 2, 230, 1),
(72, 2, 231, 1),
(81, 2, 237, 1),
(82, 2, 235, 1),
(85, 2, 75, 1),
(85, 2, 77, 1),
(85, 2, 81, 1),
(85, 2, 82, 1),
(85, 2, 83, 1),
(85, 2, 84, 1),
(85, 2, 85, 1),
(85, 2, 86, 1),
(85, 2, 87, 1),
(85, 2, 88, 1),
(85, 2, 89, 1),
(85, 2, 90, 1),
(85, 2, 91, 1),
(85, 2, 92, 1),
(85, 2, 93, 1),
(85, 2, 94, 1),
(85, 2, 95, 1),
(85, 2, 97, 1),
(85, 2, 183, 1),
(85, 2, 238, 1),
(85, 2, 239, 1),
(85, 2, 240, 1),
(85, 2, 241, 1),
(85, 2, 242, 1),
(86, 2, 234, 1),
(2, 2, 161, 2),
(3, 2, 162, 2),
(3, 2, 168, 2),
(4, 2, 169, 2),
(5, 2, 163, 2),
(12, 2, 105, 2),
(14, 2, 173, 2),
(16, 2, 160, 2),
(18, 2, 13, 2),
(19, 2, 178, 2),
(21, 2, 35, 2),
(22, 2, 76, 2),
(23, 2, 14, 2),
(24, 2, 52, 2),
(28, 2, 5, 2),
(28, 2, 172, 2),
(30, 2, 49, 2),
(39, 2, 41, 2),
(49, 2, 170, 2),
(54, 2, 176, 2),
(54, 2, 177, 2),
(56, 2, 132, 2),
(57, 2, 17, 2),
(57, 2, 18, 2),
(57, 2, 24, 2),
(62, 2, 21, 2),
(65, 2, 65, 2),
(65, 2, 102, 2),
(65, 2, 217, 2),
(66, 2, 179, 2),
(72, 2, 20, 2),
(75, 2, 214, 2),
(78, 2, 215, 2),
(85, 2, 12, 2),
(86, 2, 216, 2),
(4, 2, 162, 3),
(4, 2, 168, 3),
(5, 2, 169, 3),
(8, 2, 13, 3),
(22, 2, 178, 3),
(25, 2, 14, 3),
(31, 2, 49, 3),
(58, 2, 12, 3),
(65, 2, 21, 3),
(65, 2, 105, 3),
(67, 2, 17, 3),
(67, 2, 18, 3),
(67, 2, 24, 3),
(67, 2, 76, 3),
(67, 2, 217, 3),
(76, 2, 216, 3),
(83, 2, 5, 3),
(83, 2, 172, 3),
(5, 2, 162, 4),
(6, 2, 168, 4),
(15, 2, 13, 4),
(32, 2, 49, 4),
(59, 2, 14, 4),
(64, 2, 178, 4),
(68, 2, 17, 4),
(68, 2, 18, 4),
(68, 2, 24, 4),
(68, 2, 76, 4),
(73, 2, 217, 4),
(74, 2, 21, 4),
(33, 2, 49, 5),
(60, 2, 14, 5),
(69, 2, 17, 5),
(69, 2, 18, 5),
(69, 2, 24, 5),
(78, 2, 76, 5),
(78, 2, 178, 5),
(81, 2, 217, 5),
(86, 2, 13, 5),
(34, 2, 49, 6),
(61, 2, 14, 6),
(78, 2, 17, 6),
(78, 2, 18, 6),
(78, 2, 24, 6),
(85, 2, 76, 6),
(35, 2, 49, 7),
(62, 2, 14, 7),
(36, 2, 49, 8),
(63, 2, 14, 8),
(37, 2, 49, 9),
(64, 2, 14, 9),
(38, 2, 49, 10),
(65, 2, 14, 10),
(40, 2, 49, 11),
(67, 2, 14, 11),
(41, 2, 49, 12),
(68, 2, 14, 12),
(42, 2, 49, 13),
(69, 2, 14, 13),
(43, 2, 49, 14),
(70, 2, 14, 14),
(44, 2, 49, 15),
(71, 2, 14, 15),
(45, 2, 49, 16),
(72, 2, 14, 16),
(46, 2, 49, 17),
(73, 2, 14, 17),
(47, 2, 49, 18),
(74, 2, 14, 18),
(48, 2, 49, 19),
(75, 2, 14, 19),
(49, 2, 49, 20),
(76, 2, 14, 20),
(50, 2, 49, 21),
(78, 2, 14, 21),
(51, 2, 49, 22),
(79, 2, 14, 22),
(81, 2, 14, 23),
(82, 2, 14, 24),
(86, 2, 14, 25),
(1, 3, 160, 1),
(2, 3, 162, 1),
(2, 3, 163, 1),
(2, 3, 164, 1),
(2, 3, 165, 1),
(2, 3, 166, 1),
(2, 3, 167, 1),
(2, 3, 168, 1),
(3, 3, 63, 1),
(3, 3, 169, 1),
(5, 3, 170, 1),
(6, 3, 50, 1),
(7, 3, 54, 1),
(8, 3, 171, 1),
(9, 3, 12, 1),
(10, 3, 5, 1),
(10, 3, 172, 1),
(11, 3, 174, 1),
(12, 3, 175, 1),
(13, 3, 176, 1),
(13, 3, 177, 1),
(15, 3, 178, 1),
(16, 3, 41, 1),
(16, 3, 114, 1),
(16, 3, 179, 1),
(16, 3, 181, 1),
(16, 3, 182, 1),
(18, 3, 17, 1),
(18, 3, 18, 1),
(18, 3, 24, 1),
(18, 3, 76, 1),
(18, 3, 184, 1),
(18, 3, 185, 1),
(18, 3, 186, 1),
(19, 3, 13, 1),
(19, 3, 14, 1),
(20, 3, 105, 1),
(21, 3, 132, 1),
(22, 3, 187, 1),
(22, 3, 188, 1),
(22, 3, 189, 1),
(22, 3, 190, 1),
(22, 3, 191, 1),
(22, 3, 192, 1),
(22, 3, 193, 1),
(22, 3, 194, 1),
(22, 3, 195, 1),
(22, 3, 196, 1),
(22, 3, 197, 1),
(22, 3, 198, 1),
(22, 3, 199, 1),
(22, 3, 200, 1),
(22, 3, 201, 1),
(25, 3, 21, 1),
(29, 3, 49, 1),
(39, 3, 16, 1),
(39, 3, 20, 1),
(52, 3, 203, 1),
(52, 3, 204, 1),
(55, 3, 161, 1),
(56, 3, 206, 1),
(57, 3, 27, 1),
(59, 3, 207, 1),
(59, 3, 208, 1),
(59, 3, 209, 1),
(59, 3, 210, 1),
(59, 3, 211, 1),
(60, 3, 212, 1),
(61, 3, 213, 1),
(62, 3, 15, 1),
(62, 3, 52, 1),
(62, 3, 104, 1),
(64, 3, 102, 1),
(65, 3, 173, 1),
(65, 3, 215, 1),
(65, 3, 216, 1),
(65, 3, 217, 1),
(65, 3, 218, 1),
(65, 3, 219, 1),
(65, 3, 220, 1),
(65, 3, 232, 1),
(65, 3, 233, 1),
(66, 3, 35, 1),
(66, 3, 65, 1),
(66, 3, 221, 1),
(66, 3, 222, 1),
(66, 3, 223, 1),
(66, 3, 224, 1),
(66, 3, 225, 1),
(70, 3, 227, 1),
(70, 3, 228, 1),
(72, 3, 229, 1),
(72, 3, 230, 1),
(72, 3, 231, 1),
(75, 3, 214, 1),
(81, 3, 237, 1),
(82, 3, 235, 1),
(85, 3, 75, 1),
(85, 3, 77, 1),
(85, 3, 81, 1),
(85, 3, 82, 1),
(85, 3, 83, 1),
(85, 3, 84, 1),
(85, 3, 85, 1),
(85, 3, 86, 1),
(85, 3, 87, 1),
(85, 3, 88, 1),
(85, 3, 89, 1),
(85, 3, 90, 1),
(85, 3, 91, 1),
(85, 3, 92, 1),
(85, 3, 93, 1),
(85, 3, 94, 1),
(85, 3, 95, 1),
(85, 3, 97, 1),
(85, 3, 183, 1),
(85, 3, 238, 1),
(85, 3, 239, 1),
(85, 3, 240, 1),
(85, 3, 241, 1),
(85, 3, 242, 1),
(86, 3, 234, 1),
(2, 3, 161, 2),
(3, 3, 162, 2),
(3, 3, 168, 2),
(4, 3, 169, 2),
(5, 3, 163, 2),
(12, 3, 105, 2),
(14, 3, 173, 2),
(16, 3, 160, 2),
(18, 3, 13, 2),
(19, 3, 178, 2),
(21, 3, 35, 2),
(22, 3, 76, 2),
(23, 3, 14, 2),
(24, 3, 52, 2),
(28, 3, 5, 2),
(28, 3, 172, 2),
(30, 3, 49, 2),
(39, 3, 41, 2),
(49, 3, 170, 2),
(54, 3, 176, 2),
(54, 3, 177, 2),
(56, 3, 132, 2),
(57, 3, 17, 2),
(57, 3, 18, 2),
(57, 3, 24, 2),
(62, 3, 21, 2),
(65, 3, 65, 2),
(65, 3, 102, 2),
(65, 3, 214, 2),
(66, 3, 179, 2),
(72, 3, 20, 2),
(78, 3, 215, 2),
(79, 3, 216, 2),
(85, 3, 12, 2),
(4, 3, 162, 3),
(4, 3, 168, 3),
(5, 3, 169, 3),
(8, 3, 13, 3),
(22, 3, 178, 3),
(25, 3, 14, 3),
(31, 3, 49, 3),
(58, 3, 12, 3),
(65, 3, 21, 3),
(65, 3, 105, 3),
(67, 3, 17, 3),
(67, 3, 18, 3),
(67, 3, 24, 3),
(67, 3, 76, 3),
(83, 3, 5, 3),
(83, 3, 172, 3),
(86, 3, 214, 3),
(5, 3, 162, 4),
(6, 3, 168, 4),
(15, 3, 13, 4),
(32, 3, 49, 4),
(59, 3, 14, 4),
(64, 3, 178, 4),
(68, 3, 17, 4),
(68, 3, 18, 4),
(68, 3, 24, 4),
(68, 3, 76, 4),
(74, 3, 21, 4),
(33, 3, 49, 5),
(60, 3, 14, 5),
(69, 3, 17, 5),
(69, 3, 18, 5),
(69, 3, 24, 5),
(78, 3, 76, 5),
(78, 3, 178, 5),
(86, 3, 13, 5),
(34, 3, 49, 6),
(61, 3, 14, 6),
(78, 3, 17, 6),
(78, 3, 18, 6),
(78, 3, 24, 6),
(85, 3, 76, 6),
(35, 3, 49, 7),
(62, 3, 14, 7),
(36, 3, 49, 8),
(63, 3, 14, 8),
(37, 3, 49, 9),
(64, 3, 14, 9),
(38, 3, 49, 10),
(65, 3, 14, 10),
(40, 3, 49, 11),
(67, 3, 14, 11),
(41, 3, 49, 12),
(68, 3, 14, 12),
(42, 3, 49, 13),
(69, 3, 14, 13),
(43, 3, 49, 14),
(70, 3, 14, 14),
(44, 3, 49, 15),
(71, 3, 14, 15),
(45, 3, 49, 16),
(72, 3, 14, 16),
(46, 3, 49, 17),
(73, 3, 14, 17),
(47, 3, 49, 18),
(74, 3, 14, 18),
(48, 3, 49, 19),
(75, 3, 14, 19),
(49, 3, 49, 20),
(76, 3, 14, 20),
(50, 3, 49, 21),
(78, 3, 14, 21),
(51, 3, 49, 22),
(79, 3, 14, 22),
(81, 3, 14, 23),
(82, 3, 14, 24),
(86, 3, 14, 25),
(1, 4, 160, 1),
(2, 4, 162, 1),
(2, 4, 163, 1),
(2, 4, 164, 1),
(2, 4, 165, 1),
(2, 4, 166, 1),
(2, 4, 167, 1),
(2, 4, 168, 1),
(3, 4, 63, 1),
(3, 4, 169, 1),
(5, 4, 170, 1),
(6, 4, 50, 1),
(7, 4, 54, 1),
(8, 4, 171, 1),
(9, 4, 12, 1),
(10, 4, 5, 1),
(10, 4, 172, 1),
(11, 4, 174, 1),
(12, 4, 175, 1),
(13, 4, 176, 1),
(13, 4, 177, 1),
(15, 4, 178, 1),
(16, 4, 41, 1),
(16, 4, 114, 1),
(16, 4, 179, 1),
(16, 4, 181, 1),
(16, 4, 182, 1),
(18, 4, 17, 1),
(18, 4, 18, 1),
(18, 4, 24, 1),
(18, 4, 76, 1),
(18, 4, 184, 1),
(18, 4, 185, 1),
(18, 4, 186, 1),
(19, 4, 13, 1),
(19, 4, 14, 1),
(20, 4, 105, 1),
(21, 4, 132, 1),
(22, 4, 187, 1),
(22, 4, 188, 1),
(22, 4, 189, 1),
(22, 4, 190, 1),
(22, 4, 191, 1),
(22, 4, 192, 1),
(22, 4, 193, 1),
(22, 4, 194, 1),
(22, 4, 195, 1),
(22, 4, 196, 1),
(22, 4, 197, 1),
(22, 4, 198, 1),
(22, 4, 199, 1),
(22, 4, 200, 1),
(22, 4, 201, 1),
(25, 4, 21, 1),
(29, 4, 49, 1),
(39, 4, 16, 1),
(39, 4, 20, 1),
(52, 4, 203, 1),
(52, 4, 204, 1),
(55, 4, 161, 1),
(56, 4, 206, 1),
(57, 4, 27, 1),
(59, 4, 207, 1),
(59, 4, 208, 1),
(59, 4, 209, 1),
(59, 4, 210, 1),
(59, 4, 211, 1),
(60, 4, 212, 1),
(61, 4, 213, 1),
(62, 4, 15, 1),
(62, 4, 52, 1),
(62, 4, 104, 1),
(64, 4, 102, 1),
(65, 4, 173, 1),
(65, 4, 215, 1),
(65, 4, 216, 1),
(65, 4, 217, 1),
(65, 4, 218, 1),
(65, 4, 219, 1),
(65, 4, 220, 1),
(65, 4, 232, 1),
(65, 4, 233, 1),
(66, 4, 35, 1),
(66, 4, 65, 1),
(66, 4, 221, 1),
(66, 4, 222, 1),
(66, 4, 223, 1),
(66, 4, 224, 1),
(66, 4, 225, 1),
(70, 4, 227, 1),
(70, 4, 228, 1),
(72, 4, 229, 1),
(72, 4, 230, 1),
(72, 4, 231, 1),
(74, 4, 205, 1),
(76, 4, 214, 1),
(81, 4, 237, 1),
(82, 4, 235, 1),
(85, 4, 75, 1),
(85, 4, 77, 1),
(85, 4, 81, 1),
(85, 4, 82, 1),
(85, 4, 83, 1),
(85, 4, 84, 1),
(85, 4, 85, 1),
(85, 4, 86, 1),
(85, 4, 87, 1),
(85, 4, 88, 1),
(85, 4, 89, 1),
(85, 4, 90, 1),
(85, 4, 91, 1),
(85, 4, 92, 1),
(85, 4, 93, 1),
(85, 4, 94, 1),
(85, 4, 95, 1),
(85, 4, 97, 1),
(85, 4, 183, 1),
(85, 4, 238, 1),
(85, 4, 239, 1),
(85, 4, 240, 1),
(85, 4, 241, 1),
(85, 4, 242, 1),
(86, 4, 234, 1),
(2, 4, 161, 2),
(3, 4, 162, 2),
(3, 4, 168, 2),
(4, 4, 169, 2),
(5, 4, 163, 2),
(12, 4, 105, 2),
(14, 4, 173, 2),
(16, 4, 160, 2),
(18, 4, 13, 2),
(19, 4, 178, 2),
(21, 4, 35, 2),
(22, 4, 76, 2),
(23, 4, 14, 2),
(24, 4, 52, 2),
(28, 4, 5, 2),
(28, 4, 172, 2),
(30, 4, 49, 2),
(39, 4, 41, 2),
(49, 4, 170, 2),
(54, 4, 176, 2),
(54, 4, 177, 2),
(56, 4, 132, 2),
(57, 4, 17, 2),
(57, 4, 18, 2),
(57, 4, 24, 2),
(65, 4, 21, 2),
(65, 4, 65, 2),
(65, 4, 102, 2),
(65, 4, 214, 2),
(66, 4, 179, 2),
(72, 4, 20, 2),
(73, 4, 216, 2),
(75, 4, 215, 2),
(85, 4, 12, 2),
(4, 4, 162, 3),
(4, 4, 168, 3),
(5, 4, 169, 3),
(8, 4, 13, 3),
(22, 4, 178, 3),
(25, 4, 14, 3),
(31, 4, 49, 3),
(58, 4, 12, 3),
(65, 4, 105, 3),
(67, 4, 17, 3),
(67, 4, 18, 3),
(67, 4, 24, 3),
(67, 4, 76, 3),
(69, 4, 214, 3),
(78, 4, 215, 3),
(83, 4, 5, 3),
(83, 4, 172, 3),
(5, 4, 162, 4),
(6, 4, 168, 4),
(15, 4, 13, 4),
(32, 4, 49, 4),
(59, 4, 14, 4),
(64, 4, 178, 4),
(68, 4, 17, 4),
(68, 4, 18, 4),
(68, 4, 24, 4),
(68, 4, 76, 4),
(33, 4, 49, 5),
(60, 4, 14, 5),
(69, 4, 17, 5),
(69, 4, 18, 5),
(69, 4, 24, 5),
(78, 4, 76, 5),
(78, 4, 178, 5),
(86, 4, 13, 5),
(34, 4, 49, 6),
(61, 4, 14, 6),
(78, 4, 17, 6),
(78, 4, 18, 6),
(78, 4, 24, 6),
(85, 4, 76, 6),
(35, 4, 49, 7),
(62, 4, 14, 7),
(36, 4, 49, 8),
(63, 4, 14, 8),
(37, 4, 49, 9),
(64, 4, 14, 9),
(38, 4, 49, 10),
(65, 4, 14, 10),
(40, 4, 49, 11),
(67, 4, 14, 11),
(41, 4, 49, 12),
(68, 4, 14, 12),
(42, 4, 49, 13),
(69, 4, 14, 13),
(43, 4, 49, 14),
(70, 4, 14, 14),
(44, 4, 49, 15),
(71, 4, 14, 15),
(45, 4, 49, 16),
(72, 4, 14, 16),
(46, 4, 49, 17),
(73, 4, 14, 17),
(47, 4, 49, 18),
(74, 4, 14, 18),
(48, 4, 49, 19),
(75, 4, 14, 19),
(49, 4, 49, 20),
(76, 4, 14, 20),
(50, 4, 49, 21),
(78, 4, 14, 21),
(51, 4, 49, 22),
(79, 4, 14, 22),
(81, 4, 14, 23),
(82, 4, 14, 24),
(86, 4, 14, 25);

-- --------------------------------------------------------

--
-- Structure de la table `ps_hook_module_exceptions`
--

CREATE TABLE `ps_hook_module_exceptions` (
  `id_hook_module_exceptions` int(10) UNSIGNED NOT NULL,
  `id_shop` int(11) UNSIGNED NOT NULL DEFAULT '1',
  `id_module` int(10) UNSIGNED NOT NULL,
  `id_hook` int(10) UNSIGNED NOT NULL,
  `file_name` varchar(255) DEFAULT NULL
) ENGINE=InnoDB DEFAULT CHARSET=utf8;

-- --------------------------------------------------------

--
-- Structure de la table `ps_image`
--

CREATE TABLE `ps_image` (
  `id_image` int(10) UNSIGNED NOT NULL,
  `id_product` int(10) UNSIGNED NOT NULL,
  `position` smallint(2) UNSIGNED NOT NULL DEFAULT '0',
  `cover` tinyint(1) UNSIGNED DEFAULT NULL
) ENGINE=InnoDB DEFAULT CHARSET=utf8;

--
-- Déchargement des données de la table `ps_image`
--

INSERT INTO `ps_image` (`id_image`, `id_product`, `position`, `cover`) VALUES
(159, 28, 1, 1),
(160, 29, 1, NULL),
(161, 29, 2, NULL),
(162, 29, 3, 1),
(163, 31, 1, 1),
(164, 31, 2, NULL),
(165, 31, 3, NULL),
(166, 33, 1, 1),
(167, 34, 1, 1),
(168, 34, 2, NULL),
(169, 35, 1, 1),
(170, 35, 2, NULL);

-- --------------------------------------------------------

--
-- Structure de la table `ps_image_lang`
--

CREATE TABLE `ps_image_lang` (
  `id_image` int(10) UNSIGNED NOT NULL,
  `id_lang` int(10) UNSIGNED NOT NULL,
  `legend` varchar(128) DEFAULT NULL
) ENGINE=InnoDB DEFAULT CHARSET=utf8;

--
-- Déchargement des données de la table `ps_image_lang`
--

INSERT INTO `ps_image_lang` (`id_image`, `id_lang`, `legend`) VALUES
(159, 1, ''),
(159, 2, ''),
(159, 3, ''),
(160, 1, ''),
(160, 2, ''),
(160, 3, ''),
(161, 1, ''),
(161, 2, ''),
(161, 3, ''),
(162, 1, ''),
(162, 2, 'yassine'),
(162, 3, ''),
(163, 1, ''),
(163, 2, ''),
(163, 3, ''),
(164, 1, ''),
(164, 2, ''),
(164, 3, ''),
(165, 1, ''),
(165, 2, ''),
(165, 3, ''),
(166, 1, ''),
(166, 2, ''),
(166, 3, ''),
(167, 1, ''),
(167, 2, ''),
(167, 3, ''),
(168, 1, ''),
(168, 2, ''),
(168, 3, ''),
(169, 1, ''),
(169, 2, ''),
(169, 3, ''),
(170, 1, ''),
(170, 2, ''),
(170, 3, '');

-- --------------------------------------------------------

--
-- Structure de la table `ps_image_shop`
--

CREATE TABLE `ps_image_shop` (
  `id_product` int(10) UNSIGNED NOT NULL,
  `id_image` int(11) UNSIGNED NOT NULL,
  `id_shop` int(11) UNSIGNED NOT NULL,
  `cover` tinyint(1) UNSIGNED DEFAULT NULL
) ENGINE=InnoDB DEFAULT CHARSET=utf8;

--
-- Déchargement des données de la table `ps_image_shop`
--

INSERT INTO `ps_image_shop` (`id_product`, `id_image`, `id_shop`, `cover`) VALUES
(28, 159, 1, 1),
(28, 159, 2, 1),
(28, 159, 3, 1),
(28, 159, 4, 1),
(29, 160, 1, NULL),
(29, 161, 1, NULL),
(29, 162, 1, 1),
(29, 160, 2, NULL),
(29, 161, 2, NULL),
(29, 162, 2, 1),
(29, 160, 3, NULL),
(29, 161, 3, NULL),
(29, 162, 3, 1),
(29, 160, 4, NULL),
(29, 161, 4, NULL),
(29, 162, 4, 1),
(31, 164, 1, NULL),
(31, 165, 1, NULL),
(31, 163, 1, 1),
(31, 164, 2, NULL),
(31, 165, 2, NULL),
(31, 163, 2, 1),
(31, 164, 3, NULL),
(31, 165, 3, NULL),
(31, 163, 3, 1),
(31, 164, 4, NULL),
(31, 165, 4, NULL),
(31, 163, 4, 1),
(33, 166, 1, 1),
(33, 166, 2, 1),
(33, 166, 3, 1),
(33, 166, 4, 1),
(34, 168, 1, NULL),
(34, 167, 1, 1),
(34, 168, 2, NULL),
(34, 167, 2, 1),
(34, 168, 3, NULL),
(34, 167, 3, 1),
(34, 168, 4, NULL),
(34, 167, 4, 1),
(35, 170, 1, NULL),
(35, 169, 1, 1),
(35, 170, 2, NULL),
(35, 169, 2, 1),
(35, 170, 3, NULL),
(35, 169, 3, 1),
(35, 170, 4, NULL),
(35, 169, 4, 1);

-- --------------------------------------------------------

--
-- Structure de la table `ps_image_type`
--

CREATE TABLE `ps_image_type` (
  `id_image_type` int(10) UNSIGNED NOT NULL,
  `name` varchar(64) NOT NULL,
  `width` int(10) UNSIGNED NOT NULL,
  `height` int(10) UNSIGNED NOT NULL,
  `products` tinyint(1) NOT NULL DEFAULT '1',
  `categories` tinyint(1) NOT NULL DEFAULT '1',
  `manufacturers` tinyint(1) NOT NULL DEFAULT '1',
  `suppliers` tinyint(1) NOT NULL DEFAULT '1',
  `stores` tinyint(1) NOT NULL DEFAULT '1'
) ENGINE=InnoDB DEFAULT CHARSET=utf8;

--
-- Déchargement des données de la table `ps_image_type`
--

INSERT INTO `ps_image_type` (`id_image_type`, `name`, `width`, `height`, `products`, `categories`, `manufacturers`, `suppliers`, `stores`) VALUES
(1, 'cart_default', 125, 125, 1, 0, 0, 0, 0),
(2, 'small_default', 98, 98, 1, 1, 1, 1, 0),
(3, 'medium_default', 458, 458, 1, 0, 1, 1, 0),
(4, 'home_default', 300, 300, 1, 0, 0, 0, 0),
(5, 'large_default', 600, 600, 1, 0, 1, 1, 0),
(6, 'category_default', 1395, 270, 0, 1, 0, 0, 0),
(7, 'stores_default', 170, 170, 0, 0, 0, 0, 1),
(8, 'side_default', 70, 70, 1, 0, 0, 0, 0);

-- --------------------------------------------------------

--
-- Structure de la table `ps_import_match`
--

CREATE TABLE `ps_import_match` (
  `id_import_match` int(10) NOT NULL,
  `name` varchar(32) NOT NULL,
  `match` text NOT NULL,
  `skip` int(2) NOT NULL
) ENGINE=InnoDB DEFAULT CHARSET=utf8;

-- --------------------------------------------------------

--
-- Structure de la table `ps_info`
--

CREATE TABLE `ps_info` (
  `id_info` int(10) UNSIGNED NOT NULL
) ENGINE=InnoDB DEFAULT CHARSET=utf8;

--
-- Déchargement des données de la table `ps_info`
--

INSERT INTO `ps_info` (`id_info`) VALUES
(1);

-- --------------------------------------------------------

--
-- Structure de la table `ps_info_lang`
--

CREATE TABLE `ps_info_lang` (
  `id_info` int(10) UNSIGNED NOT NULL,
  `id_shop` int(10) UNSIGNED NOT NULL,
  `id_lang` int(10) UNSIGNED NOT NULL,
  `text` text NOT NULL
) ENGINE=InnoDB DEFAULT CHARSET=utf8;

--
-- Déchargement des données de la table `ps_info_lang`
--

INSERT INTO `ps_info_lang` (`id_info`, `id_shop`, `id_lang`, `text`) VALUES
(1, 0, 1, ''),
(1, 1, 1, '<h2>Custom Text Block</h2>\n<p><strong class=\"dark\">Lorem ipsum dolor sit amet conse ctetu</strong></p>\n<p>Sit amet conse ctetur adipisicing elit, sed do eiusmod tempor incididunt ut labore et dolore magna aliqua. Ut enim ad minim veniam, quis nostrud exercitation ullamco laboris nisi ut aliquip ex ea commodo consequat. Duis aute irure dolor in reprehenderit.</p>'),
(1, 0, 2, ''),
(1, 1, 2, '<h2>Custom Text Block</h2>\n<p><strong class=\"dark\">Lorem ipsum dolor sit amet conse ctetu</strong></p>\n<p>Sit amet conse ctetur adipisicing elit, sed do eiusmod tempor incididunt ut labore et dolore magna aliqua. Ut enim ad minim veniam, quis nostrud exercitation ullamco laboris nisi ut aliquip ex ea commodo consequat. Duis aute irure dolor in reprehenderit.</p>'),
(1, 0, 3, ''),
(1, 1, 3, '<h2>Custom Text Block</h2>\n<p><strong class=\"dark\">Lorem ipsum dolor sit amet conse ctetu</strong></p>\n<p>Sit amet conse ctetur adipisicing elit, sed do eiusmod tempor incididunt ut labore et dolore magna aliqua. Ut enim ad minim veniam, quis nostrud exercitation ullamco laboris nisi ut aliquip ex ea commodo consequat. Duis aute irure dolor in reprehenderit.</p>');

-- --------------------------------------------------------

--
-- Structure de la table `ps_info_shop`
--

CREATE TABLE `ps_info_shop` (
  `id_info` int(10) UNSIGNED NOT NULL,
  `id_shop` int(10) UNSIGNED NOT NULL
) ENGINE=InnoDB DEFAULT CHARSET=utf8;

--
-- Déchargement des données de la table `ps_info_shop`
--

INSERT INTO `ps_info_shop` (`id_info`, `id_shop`) VALUES
(1, 1);

-- --------------------------------------------------------

--
-- Structure de la table `ps_lang`
--

CREATE TABLE `ps_lang` (
  `id_lang` int(11) NOT NULL,
  `name` varchar(32) COLLATE utf8_unicode_ci NOT NULL,
  `active` tinyint(1) NOT NULL,
  `iso_code` varchar(2) COLLATE utf8_unicode_ci NOT NULL,
  `language_code` varchar(5) COLLATE utf8_unicode_ci NOT NULL,
  `locale` varchar(5) COLLATE utf8_unicode_ci NOT NULL,
  `date_format_lite` varchar(32) COLLATE utf8_unicode_ci NOT NULL,
  `date_format_full` varchar(32) COLLATE utf8_unicode_ci NOT NULL,
  `is_rtl` tinyint(1) NOT NULL
) ENGINE=InnoDB DEFAULT CHARSET=utf8 COLLATE=utf8_unicode_ci;

--
-- Déchargement des données de la table `ps_lang`
--

INSERT INTO `ps_lang` (`id_lang`, `name`, `active`, `iso_code`, `language_code`, `locale`, `date_format_lite`, `date_format_full`, `is_rtl`) VALUES
(1, 'English (English)', 1, 'en', 'en-us', 'en-US', 'm/d/Y', 'm/d/Y H:i:s', 0),
(2, 'Français (French)', 1, 'fr', 'fr-fr', 'fr-FR', 'd/m/Y', 'd/m/Y H:i:s', 0),
(3, 'اللغة العربية (Arabic)', 1, 'ar', 'ar-sa', 'ar-SA', 'Y-m-d', 'Y-m-d H:i:s', 1);

-- --------------------------------------------------------

--
-- Structure de la table `ps_lang_shop`
--

CREATE TABLE `ps_lang_shop` (
  `id_lang` int(11) NOT NULL,
  `id_shop` int(11) NOT NULL
) ENGINE=InnoDB DEFAULT CHARSET=utf8 COLLATE=utf8_unicode_ci;

--
-- Déchargement des données de la table `ps_lang_shop`
--

INSERT INTO `ps_lang_shop` (`id_lang`, `id_shop`) VALUES
(1, 1),
(1, 2),
(1, 3),
(1, 4),
(2, 1),
(2, 2),
(2, 3),
(2, 4),
(3, 1),
(3, 2),
(3, 3),
(3, 4);

-- --------------------------------------------------------

--
-- Structure de la table `ps_layered_category`
--

CREATE TABLE `ps_layered_category` (
  `id_layered_category` int(10) UNSIGNED NOT NULL,
  `id_shop` int(11) UNSIGNED NOT NULL,
  `id_category` int(10) UNSIGNED NOT NULL,
  `id_value` int(10) UNSIGNED DEFAULT '0',
  `type` enum('category','id_feature','id_attribute_group','quantity','condition','manufacturer','weight','price') NOT NULL,
  `position` int(10) UNSIGNED NOT NULL,
  `filter_type` int(10) UNSIGNED NOT NULL DEFAULT '0',
  `filter_show_limit` int(10) UNSIGNED NOT NULL DEFAULT '0'
) ENGINE=InnoDB DEFAULT CHARSET=utf8;

--
-- Déchargement des données de la table `ps_layered_category`
--

INSERT INTO `ps_layered_category` (`id_layered_category`, `id_shop`, `id_category`, `id_value`, `type`, `position`, `filter_type`, `filter_show_limit`) VALUES
(1, 2, 2, NULL, 'category', 1, 0, 0),
(2, 2, 2, 1, 'id_attribute_group', 2, 0, 0),
(3, 2, 2, 2, 'id_attribute_group', 3, 0, 0),
(4, 2, 2, NULL, 'quantity', 4, 0, 0),
(5, 2, 2, NULL, 'condition', 5, 0, 0),
(6, 2, 2, NULL, 'weight', 6, 0, 0),
(7, 2, 2, NULL, 'price', 7, 0, 0),
(8, 2, 2, 3, 'id_attribute_group', 8, 0, 0),
(9, 2, 2, 4, 'id_attribute_group', 9, 0, 0),
(10, 2, 22, NULL, 'category', 1, 0, 0),
(11, 2, 22, 1, 'id_attribute_group', 2, 0, 0),
(12, 2, 22, 2, 'id_attribute_group', 3, 0, 0),
(13, 2, 22, NULL, 'quantity', 4, 0, 0),
(14, 2, 22, NULL, 'condition', 5, 0, 0),
(15, 2, 22, NULL, 'weight', 6, 0, 0),
(16, 2, 22, NULL, 'price', 7, 0, 0),
(17, 2, 22, 3, 'id_attribute_group', 8, 0, 0),
(18, 2, 22, 4, 'id_attribute_group', 9, 0, 0),
(19, 2, 24, NULL, 'category', 1, 0, 0),
(20, 2, 24, 1, 'id_attribute_group', 2, 0, 0),
(21, 2, 24, 2, 'id_attribute_group', 3, 0, 0),
(22, 2, 24, NULL, 'quantity', 4, 0, 0),
(23, 2, 24, NULL, 'condition', 5, 0, 0),
(24, 2, 24, NULL, 'weight', 6, 0, 0),
(25, 2, 24, NULL, 'price', 7, 0, 0),
(26, 2, 24, 3, 'id_attribute_group', 8, 0, 0),
(27, 2, 24, 4, 'id_attribute_group', 9, 0, 0),
(28, 2, 25, NULL, 'category', 1, 0, 0),
(29, 2, 25, 1, 'id_attribute_group', 2, 0, 0),
(30, 2, 25, 2, 'id_attribute_group', 3, 0, 0),
(31, 2, 25, NULL, 'quantity', 4, 0, 0),
(32, 2, 25, NULL, 'condition', 5, 0, 0),
(33, 2, 25, NULL, 'weight', 6, 0, 0),
(34, 2, 25, NULL, 'price', 7, 0, 0),
(35, 2, 25, 3, 'id_attribute_group', 8, 0, 0),
(36, 2, 25, 4, 'id_attribute_group', 9, 0, 0),
(37, 2, 26, NULL, 'category', 1, 0, 0),
(38, 2, 26, 1, 'id_attribute_group', 2, 0, 0),
(39, 2, 26, 2, 'id_attribute_group', 3, 0, 0),
(40, 2, 26, NULL, 'quantity', 4, 0, 0),
(41, 2, 26, NULL, 'condition', 5, 0, 0),
(42, 2, 26, NULL, 'weight', 6, 0, 0),
(43, 2, 26, NULL, 'price', 7, 0, 0),
(44, 2, 26, 3, 'id_attribute_group', 8, 0, 0),
(45, 2, 26, 4, 'id_attribute_group', 9, 0, 0),
(46, 2, 27, NULL, 'category', 1, 0, 0),
(47, 2, 27, 1, 'id_attribute_group', 2, 0, 0),
(48, 2, 27, 2, 'id_attribute_group', 3, 0, 0),
(49, 2, 27, NULL, 'quantity', 4, 0, 0),
(50, 2, 27, NULL, 'condition', 5, 0, 0),
(51, 2, 27, NULL, 'weight', 6, 0, 0),
(52, 2, 27, NULL, 'price', 7, 0, 0),
(53, 2, 27, 3, 'id_attribute_group', 8, 0, 0),
(54, 2, 27, 4, 'id_attribute_group', 9, 0, 0),
(55, 2, 28, NULL, 'category', 1, 0, 0),
(56, 2, 28, 1, 'id_attribute_group', 2, 0, 0),
(57, 2, 28, 2, 'id_attribute_group', 3, 0, 0),
(58, 2, 28, NULL, 'quantity', 4, 0, 0),
(59, 2, 28, NULL, 'condition', 5, 0, 0),
(60, 2, 28, NULL, 'weight', 6, 0, 0),
(61, 2, 28, NULL, 'price', 7, 0, 0),
(62, 2, 28, 3, 'id_attribute_group', 8, 0, 0),
(63, 2, 28, 4, 'id_attribute_group', 9, 0, 0),
(64, 2, 29, NULL, 'category', 1, 0, 0),
(65, 2, 29, 1, 'id_attribute_group', 2, 0, 0),
(66, 2, 29, 2, 'id_attribute_group', 3, 0, 0),
(67, 2, 29, NULL, 'quantity', 4, 0, 0),
(68, 2, 29, NULL, 'condition', 5, 0, 0),
(69, 2, 29, NULL, 'weight', 6, 0, 0),
(70, 2, 29, NULL, 'price', 7, 0, 0),
(71, 2, 29, 3, 'id_attribute_group', 8, 0, 0),
(72, 2, 29, 4, 'id_attribute_group', 9, 0, 0),
(73, 2, 23, NULL, 'category', 1, 0, 0),
(74, 2, 23, 1, 'id_attribute_group', 2, 0, 0),
(75, 2, 23, 2, 'id_attribute_group', 3, 0, 0),
(76, 2, 23, NULL, 'quantity', 4, 0, 0),
(77, 2, 23, NULL, 'condition', 5, 0, 0),
(78, 2, 23, NULL, 'weight', 6, 0, 0),
(79, 2, 23, NULL, 'price', 7, 0, 0),
(80, 2, 23, 3, 'id_attribute_group', 8, 0, 0),
(81, 2, 23, 4, 'id_attribute_group', 9, 0, 0),
(82, 2, 30, NULL, 'category', 1, 0, 0),
(83, 2, 30, 1, 'id_attribute_group', 2, 0, 0),
(84, 2, 30, 2, 'id_attribute_group', 3, 0, 0),
(85, 2, 30, NULL, 'quantity', 4, 0, 0),
(86, 2, 30, NULL, 'condition', 5, 0, 0),
(87, 2, 30, NULL, 'weight', 6, 0, 0),
(88, 2, 30, NULL, 'price', 7, 0, 0),
(89, 2, 30, 3, 'id_attribute_group', 8, 0, 0),
(90, 2, 30, 4, 'id_attribute_group', 9, 0, 0),
(91, 2, 31, NULL, 'category', 1, 0, 0),
(92, 2, 31, 1, 'id_attribute_group', 2, 0, 0),
(93, 2, 31, 2, 'id_attribute_group', 3, 0, 0),
(94, 2, 31, NULL, 'quantity', 4, 0, 0),
(95, 2, 31, NULL, 'condition', 5, 0, 0),
(96, 2, 31, NULL, 'weight', 6, 0, 0),
(97, 2, 31, NULL, 'price', 7, 0, 0),
(98, 2, 31, 3, 'id_attribute_group', 8, 0, 0),
(99, 2, 31, 4, 'id_attribute_group', 9, 0, 0),
(100, 2, 32, NULL, 'category', 1, 0, 0),
(101, 2, 32, 1, 'id_attribute_group', 2, 0, 0),
(102, 2, 32, 2, 'id_attribute_group', 3, 0, 0),
(103, 2, 32, NULL, 'quantity', 4, 0, 0),
(104, 2, 32, NULL, 'condition', 5, 0, 0),
(105, 2, 32, NULL, 'weight', 6, 0, 0),
(106, 2, 32, NULL, 'price', 7, 0, 0),
(107, 2, 32, 3, 'id_attribute_group', 8, 0, 0),
(108, 2, 32, 4, 'id_attribute_group', 9, 0, 0),
(109, 2, 33, NULL, 'category', 1, 0, 0),
(110, 2, 33, 1, 'id_attribute_group', 2, 0, 0),
(111, 2, 33, 2, 'id_attribute_group', 3, 0, 0),
(112, 2, 33, NULL, 'quantity', 4, 0, 0),
(113, 2, 33, NULL, 'condition', 5, 0, 0),
(114, 2, 33, NULL, 'weight', 6, 0, 0),
(115, 2, 33, NULL, 'price', 7, 0, 0),
(116, 2, 33, 3, 'id_attribute_group', 8, 0, 0),
(117, 2, 33, 4, 'id_attribute_group', 9, 0, 0),
(118, 2, 34, NULL, 'category', 1, 0, 0),
(119, 2, 34, 1, 'id_attribute_group', 2, 0, 0),
(120, 2, 34, 2, 'id_attribute_group', 3, 0, 0),
(121, 2, 34, NULL, 'quantity', 4, 0, 0),
(122, 2, 34, NULL, 'condition', 5, 0, 0),
(123, 2, 34, NULL, 'weight', 6, 0, 0),
(124, 2, 34, NULL, 'price', 7, 0, 0),
(125, 2, 34, 3, 'id_attribute_group', 8, 0, 0),
(126, 2, 34, 4, 'id_attribute_group', 9, 0, 0),
(127, 2, 35, NULL, 'category', 1, 0, 0),
(128, 2, 35, 1, 'id_attribute_group', 2, 0, 0),
(129, 2, 35, 2, 'id_attribute_group', 3, 0, 0),
(130, 2, 35, NULL, 'quantity', 4, 0, 0),
(131, 2, 35, NULL, 'condition', 5, 0, 0),
(132, 2, 35, NULL, 'weight', 6, 0, 0),
(133, 2, 35, NULL, 'price', 7, 0, 0),
(134, 2, 35, 3, 'id_attribute_group', 8, 0, 0),
(135, 2, 35, 4, 'id_attribute_group', 9, 0, 0),
(136, 2, 36, NULL, 'category', 1, 0, 0),
(137, 2, 36, 1, 'id_attribute_group', 2, 0, 0),
(138, 2, 36, 2, 'id_attribute_group', 3, 0, 0),
(139, 2, 36, NULL, 'quantity', 4, 0, 0),
(140, 2, 36, NULL, 'condition', 5, 0, 0),
(141, 2, 36, NULL, 'weight', 6, 0, 0),
(142, 2, 36, NULL, 'price', 7, 0, 0),
(143, 2, 36, 3, 'id_attribute_group', 8, 0, 0),
(144, 2, 36, 4, 'id_attribute_group', 9, 0, 0),
(145, 2, 37, NULL, 'category', 1, 0, 0),
(146, 2, 37, 1, 'id_attribute_group', 2, 0, 0),
(147, 2, 37, 2, 'id_attribute_group', 3, 0, 0),
(148, 2, 37, NULL, 'quantity', 4, 0, 0),
(149, 2, 37, NULL, 'condition', 5, 0, 0),
(150, 2, 37, NULL, 'weight', 6, 0, 0),
(151, 2, 37, NULL, 'price', 7, 0, 0),
(152, 2, 37, 3, 'id_attribute_group', 8, 0, 0),
(153, 2, 37, 4, 'id_attribute_group', 9, 0, 0),
(154, 2, 40, NULL, 'category', 1, 0, 0),
(155, 2, 40, 1, 'id_attribute_group', 2, 0, 0),
(156, 2, 40, 2, 'id_attribute_group', 3, 0, 0),
(157, 2, 40, NULL, 'quantity', 4, 0, 0),
(158, 2, 40, NULL, 'condition', 5, 0, 0),
(159, 2, 40, NULL, 'weight', 6, 0, 0),
(160, 2, 40, NULL, 'price', 7, 0, 0),
(161, 2, 40, 3, 'id_attribute_group', 8, 0, 0),
(162, 2, 40, 4, 'id_attribute_group', 9, 0, 0),
(163, 2, 41, NULL, 'category', 1, 0, 0),
(164, 2, 41, 1, 'id_attribute_group', 2, 0, 0),
(165, 2, 41, 2, 'id_attribute_group', 3, 0, 0),
(166, 2, 41, NULL, 'quantity', 4, 0, 0),
(167, 2, 41, NULL, 'condition', 5, 0, 0),
(168, 2, 41, NULL, 'weight', 6, 0, 0),
(169, 2, 41, NULL, 'price', 7, 0, 0),
(170, 2, 41, 3, 'id_attribute_group', 8, 0, 0),
(171, 2, 41, 4, 'id_attribute_group', 9, 0, 0),
(172, 2, 42, NULL, 'category', 1, 0, 0),
(173, 2, 42, 1, 'id_attribute_group', 2, 0, 0),
(174, 2, 42, 2, 'id_attribute_group', 3, 0, 0),
(175, 2, 42, NULL, 'quantity', 4, 0, 0),
(176, 2, 42, NULL, 'condition', 5, 0, 0),
(177, 2, 42, NULL, 'weight', 6, 0, 0),
(178, 2, 42, NULL, 'price', 7, 0, 0),
(179, 2, 42, 3, 'id_attribute_group', 8, 0, 0),
(180, 2, 42, 4, 'id_attribute_group', 9, 0, 0),
(181, 2, 43, NULL, 'category', 1, 0, 0),
(182, 2, 43, 1, 'id_attribute_group', 2, 0, 0),
(183, 2, 43, 2, 'id_attribute_group', 3, 0, 0),
(184, 2, 43, NULL, 'quantity', 4, 0, 0),
(185, 2, 43, NULL, 'condition', 5, 0, 0),
(186, 2, 43, NULL, 'weight', 6, 0, 0),
(187, 2, 43, NULL, 'price', 7, 0, 0),
(188, 2, 43, 3, 'id_attribute_group', 8, 0, 0),
(189, 2, 43, 4, 'id_attribute_group', 9, 0, 0),
(190, 2, 44, NULL, 'category', 1, 0, 0),
(191, 2, 44, 1, 'id_attribute_group', 2, 0, 0),
(192, 2, 44, 2, 'id_attribute_group', 3, 0, 0),
(193, 2, 44, NULL, 'quantity', 4, 0, 0),
(194, 2, 44, NULL, 'condition', 5, 0, 0),
(195, 2, 44, NULL, 'weight', 6, 0, 0),
(196, 2, 44, NULL, 'price', 7, 0, 0),
(197, 2, 44, 3, 'id_attribute_group', 8, 0, 0),
(198, 2, 44, 4, 'id_attribute_group', 9, 0, 0),
(199, 2, 45, NULL, 'category', 1, 0, 0),
(200, 2, 45, 1, 'id_attribute_group', 2, 0, 0),
(201, 2, 45, 2, 'id_attribute_group', 3, 0, 0),
(202, 2, 45, NULL, 'quantity', 4, 0, 0),
(203, 2, 45, NULL, 'condition', 5, 0, 0),
(204, 2, 45, NULL, 'weight', 6, 0, 0),
(205, 2, 45, NULL, 'price', 7, 0, 0),
(206, 2, 45, 3, 'id_attribute_group', 8, 0, 0),
(207, 2, 45, 4, 'id_attribute_group', 9, 0, 0),
(208, 2, 46, NULL, 'category', 1, 0, 0),
(209, 2, 46, 1, 'id_attribute_group', 2, 0, 0),
(210, 2, 46, 2, 'id_attribute_group', 3, 0, 0),
(211, 2, 46, NULL, 'quantity', 4, 0, 0),
(212, 2, 46, NULL, 'condition', 5, 0, 0),
(213, 2, 46, NULL, 'weight', 6, 0, 0),
(214, 2, 46, NULL, 'price', 7, 0, 0),
(215, 2, 46, 3, 'id_attribute_group', 8, 0, 0),
(216, 2, 46, 4, 'id_attribute_group', 9, 0, 0),
(217, 2, 38, NULL, 'category', 1, 0, 0),
(218, 2, 38, 1, 'id_attribute_group', 2, 0, 0),
(219, 2, 38, 2, 'id_attribute_group', 3, 0, 0),
(220, 2, 38, NULL, 'quantity', 4, 0, 0),
(221, 2, 38, NULL, 'condition', 5, 0, 0),
(222, 2, 38, NULL, 'weight', 6, 0, 0),
(223, 2, 38, NULL, 'price', 7, 0, 0),
(224, 2, 38, 3, 'id_attribute_group', 8, 0, 0),
(225, 2, 38, 4, 'id_attribute_group', 9, 0, 0),
(226, 2, 47, NULL, 'category', 1, 0, 0),
(227, 2, 47, 1, 'id_attribute_group', 2, 0, 0),
(228, 2, 47, 2, 'id_attribute_group', 3, 0, 0),
(229, 2, 47, NULL, 'quantity', 4, 0, 0),
(230, 2, 47, NULL, 'condition', 5, 0, 0),
(231, 2, 47, NULL, 'weight', 6, 0, 0),
(232, 2, 47, NULL, 'price', 7, 0, 0),
(233, 2, 47, 3, 'id_attribute_group', 8, 0, 0),
(234, 2, 47, 4, 'id_attribute_group', 9, 0, 0),
(235, 2, 48, NULL, 'category', 1, 0, 0),
(236, 2, 48, 1, 'id_attribute_group', 2, 0, 0),
(237, 2, 48, 2, 'id_attribute_group', 3, 0, 0),
(238, 2, 48, NULL, 'quantity', 4, 0, 0),
(239, 2, 48, NULL, 'condition', 5, 0, 0),
(240, 2, 48, NULL, 'weight', 6, 0, 0),
(241, 2, 48, NULL, 'price', 7, 0, 0),
(242, 2, 48, 3, 'id_attribute_group', 8, 0, 0),
(243, 2, 48, 4, 'id_attribute_group', 9, 0, 0),
(244, 2, 49, NULL, 'category', 1, 0, 0),
(245, 2, 49, 1, 'id_attribute_group', 2, 0, 0),
(246, 2, 49, 2, 'id_attribute_group', 3, 0, 0),
(247, 2, 49, NULL, 'quantity', 4, 0, 0),
(248, 2, 49, NULL, 'condition', 5, 0, 0),
(249, 2, 49, NULL, 'weight', 6, 0, 0),
(250, 2, 49, NULL, 'price', 7, 0, 0),
(251, 2, 49, 3, 'id_attribute_group', 8, 0, 0),
(252, 2, 49, 4, 'id_attribute_group', 9, 0, 0),
(253, 2, 50, NULL, 'category', 1, 0, 0),
(254, 2, 50, 1, 'id_attribute_group', 2, 0, 0),
(255, 2, 50, 2, 'id_attribute_group', 3, 0, 0),
(256, 2, 50, NULL, 'quantity', 4, 0, 0),
(257, 2, 50, NULL, 'condition', 5, 0, 0),
(258, 2, 50, NULL, 'weight', 6, 0, 0),
(259, 2, 50, NULL, 'price', 7, 0, 0),
(260, 2, 50, 3, 'id_attribute_group', 8, 0, 0),
(261, 2, 50, 4, 'id_attribute_group', 9, 0, 0),
(262, 2, 51, NULL, 'category', 1, 0, 0),
(263, 2, 51, 1, 'id_attribute_group', 2, 0, 0),
(264, 2, 51, 2, 'id_attribute_group', 3, 0, 0),
(265, 2, 51, NULL, 'quantity', 4, 0, 0),
(266, 2, 51, NULL, 'condition', 5, 0, 0),
(267, 2, 51, NULL, 'weight', 6, 0, 0),
(268, 2, 51, NULL, 'price', 7, 0, 0),
(269, 2, 51, 3, 'id_attribute_group', 8, 0, 0),
(270, 2, 51, 4, 'id_attribute_group', 9, 0, 0),
(271, 2, 52, NULL, 'category', 1, 0, 0),
(272, 2, 52, 1, 'id_attribute_group', 2, 0, 0),
(273, 2, 52, 2, 'id_attribute_group', 3, 0, 0),
(274, 2, 52, NULL, 'quantity', 4, 0, 0),
(275, 2, 52, NULL, 'condition', 5, 0, 0),
(276, 2, 52, NULL, 'weight', 6, 0, 0),
(277, 2, 52, NULL, 'price', 7, 0, 0),
(278, 2, 52, 3, 'id_attribute_group', 8, 0, 0),
(279, 2, 52, 4, 'id_attribute_group', 9, 0, 0),
(280, 2, 53, NULL, 'category', 1, 0, 0),
(281, 2, 53, 1, 'id_attribute_group', 2, 0, 0),
(282, 2, 53, 2, 'id_attribute_group', 3, 0, 0),
(283, 2, 53, NULL, 'quantity', 4, 0, 0),
(284, 2, 53, NULL, 'condition', 5, 0, 0),
(285, 2, 53, NULL, 'weight', 6, 0, 0),
(286, 2, 53, NULL, 'price', 7, 0, 0),
(287, 2, 53, 3, 'id_attribute_group', 8, 0, 0),
(288, 2, 53, 4, 'id_attribute_group', 9, 0, 0),
(289, 2, 54, NULL, 'category', 1, 0, 0),
(290, 2, 54, 1, 'id_attribute_group', 2, 0, 0),
(291, 2, 54, 2, 'id_attribute_group', 3, 0, 0),
(292, 2, 54, NULL, 'quantity', 4, 0, 0),
(293, 2, 54, NULL, 'condition', 5, 0, 0),
(294, 2, 54, NULL, 'weight', 6, 0, 0),
(295, 2, 54, NULL, 'price', 7, 0, 0),
(296, 2, 54, 3, 'id_attribute_group', 8, 0, 0),
(297, 2, 54, 4, 'id_attribute_group', 9, 0, 0),
(298, 2, 55, NULL, 'category', 1, 0, 0),
(299, 2, 55, 1, 'id_attribute_group', 2, 0, 0),
(300, 2, 55, 2, 'id_attribute_group', 3, 0, 0),
(301, 2, 55, NULL, 'quantity', 4, 0, 0),
(302, 2, 55, NULL, 'condition', 5, 0, 0),
(303, 2, 55, NULL, 'weight', 6, 0, 0),
(304, 2, 55, NULL, 'price', 7, 0, 0),
(305, 2, 55, 3, 'id_attribute_group', 8, 0, 0),
(306, 2, 55, 4, 'id_attribute_group', 9, 0, 0),
(307, 2, 39, NULL, 'category', 1, 0, 0),
(308, 2, 39, 1, 'id_attribute_group', 2, 0, 0),
(309, 2, 39, 2, 'id_attribute_group', 3, 0, 0),
(310, 2, 39, NULL, 'quantity', 4, 0, 0),
(311, 2, 39, NULL, 'condition', 5, 0, 0),
(312, 2, 39, NULL, 'weight', 6, 0, 0),
(313, 2, 39, NULL, 'price', 7, 0, 0),
(314, 2, 39, 3, 'id_attribute_group', 8, 0, 0),
(315, 2, 39, 4, 'id_attribute_group', 9, 0, 0),
(316, 2, 63, NULL, 'category', 1, 0, 0),
(317, 2, 63, 1, 'id_attribute_group', 2, 0, 0),
(318, 2, 63, 2, 'id_attribute_group', 3, 0, 0),
(319, 2, 63, NULL, 'quantity', 4, 0, 0),
(320, 2, 63, NULL, 'condition', 5, 0, 0),
(321, 2, 63, NULL, 'weight', 6, 0, 0),
(322, 2, 63, NULL, 'price', 7, 0, 0),
(323, 2, 63, 3, 'id_attribute_group', 8, 0, 0),
(324, 2, 63, 4, 'id_attribute_group', 9, 0, 0),
(325, 2, 65, NULL, 'category', 1, 0, 0),
(326, 2, 65, 1, 'id_attribute_group', 2, 0, 0),
(327, 2, 65, 2, 'id_attribute_group', 3, 0, 0),
(328, 2, 65, NULL, 'quantity', 4, 0, 0),
(329, 2, 65, NULL, 'condition', 5, 0, 0),
(330, 2, 65, NULL, 'weight', 6, 0, 0),
(331, 2, 65, NULL, 'price', 7, 0, 0),
(332, 2, 65, 3, 'id_attribute_group', 8, 0, 0),
(333, 2, 65, 4, 'id_attribute_group', 9, 0, 0),
(334, 2, 66, NULL, 'category', 1, 0, 0),
(335, 2, 66, 1, 'id_attribute_group', 2, 0, 0),
(336, 2, 66, 2, 'id_attribute_group', 3, 0, 0),
(337, 2, 66, NULL, 'quantity', 4, 0, 0),
(338, 2, 66, NULL, 'condition', 5, 0, 0),
(339, 2, 66, NULL, 'weight', 6, 0, 0),
(340, 2, 66, NULL, 'price', 7, 0, 0),
(341, 2, 66, 3, 'id_attribute_group', 8, 0, 0),
(342, 2, 66, 4, 'id_attribute_group', 9, 0, 0),
(343, 2, 67, NULL, 'category', 1, 0, 0),
(344, 2, 67, 1, 'id_attribute_group', 2, 0, 0),
(345, 2, 67, 2, 'id_attribute_group', 3, 0, 0),
(346, 2, 67, NULL, 'quantity', 4, 0, 0),
(347, 2, 67, NULL, 'condition', 5, 0, 0),
(348, 2, 67, NULL, 'weight', 6, 0, 0),
(349, 2, 67, NULL, 'price', 7, 0, 0),
(350, 2, 67, 3, 'id_attribute_group', 8, 0, 0),
(351, 2, 67, 4, 'id_attribute_group', 9, 0, 0),
(352, 2, 68, NULL, 'category', 1, 0, 0),
(353, 2, 68, 1, 'id_attribute_group', 2, 0, 0),
(354, 2, 68, 2, 'id_attribute_group', 3, 0, 0),
(355, 2, 68, NULL, 'quantity', 4, 0, 0),
(356, 2, 68, NULL, 'condition', 5, 0, 0),
(357, 2, 68, NULL, 'weight', 6, 0, 0),
(358, 2, 68, NULL, 'price', 7, 0, 0),
(359, 2, 68, 3, 'id_attribute_group', 8, 0, 0),
(360, 2, 68, 4, 'id_attribute_group', 9, 0, 0),
(361, 2, 64, NULL, 'category', 1, 0, 0),
(362, 2, 64, 1, 'id_attribute_group', 2, 0, 0),
(363, 2, 64, 2, 'id_attribute_group', 3, 0, 0),
(364, 2, 64, NULL, 'quantity', 4, 0, 0),
(365, 2, 64, NULL, 'condition', 5, 0, 0),
(366, 2, 64, NULL, 'weight', 6, 0, 0),
(367, 2, 64, NULL, 'price', 7, 0, 0),
(368, 2, 64, 3, 'id_attribute_group', 8, 0, 0),
(369, 2, 64, 4, 'id_attribute_group', 9, 0, 0),
(370, 2, 69, NULL, 'category', 1, 0, 0),
(371, 2, 69, 1, 'id_attribute_group', 2, 0, 0),
(372, 2, 69, 2, 'id_attribute_group', 3, 0, 0),
(373, 2, 69, NULL, 'quantity', 4, 0, 0),
(374, 2, 69, NULL, 'condition', 5, 0, 0),
(375, 2, 69, NULL, 'weight', 6, 0, 0),
(376, 2, 69, NULL, 'price', 7, 0, 0),
(377, 2, 69, 3, 'id_attribute_group', 8, 0, 0),
(378, 2, 69, 4, 'id_attribute_group', 9, 0, 0),
(379, 2, 70, NULL, 'category', 1, 0, 0),
(380, 2, 70, 1, 'id_attribute_group', 2, 0, 0),
(381, 2, 70, 2, 'id_attribute_group', 3, 0, 0),
(382, 2, 70, NULL, 'quantity', 4, 0, 0),
(383, 2, 70, NULL, 'condition', 5, 0, 0),
(384, 2, 70, NULL, 'weight', 6, 0, 0),
(385, 2, 70, NULL, 'price', 7, 0, 0),
(386, 2, 70, 3, 'id_attribute_group', 8, 0, 0),
(387, 2, 70, 4, 'id_attribute_group', 9, 0, 0),
(388, 2, 71, NULL, 'category', 1, 0, 0),
(389, 2, 71, 1, 'id_attribute_group', 2, 0, 0),
(390, 2, 71, 2, 'id_attribute_group', 3, 0, 0),
(391, 2, 71, NULL, 'quantity', 4, 0, 0),
(392, 2, 71, NULL, 'condition', 5, 0, 0),
(393, 2, 71, NULL, 'weight', 6, 0, 0),
(394, 2, 71, NULL, 'price', 7, 0, 0),
(395, 2, 71, 3, 'id_attribute_group', 8, 0, 0),
(396, 2, 71, 4, 'id_attribute_group', 9, 0, 0),
(397, 2, 72, NULL, 'category', 1, 0, 0),
(398, 2, 72, 1, 'id_attribute_group', 2, 0, 0),
(399, 2, 72, 2, 'id_attribute_group', 3, 0, 0),
(400, 2, 72, NULL, 'quantity', 4, 0, 0),
(401, 2, 72, NULL, 'condition', 5, 0, 0),
(402, 2, 72, NULL, 'weight', 6, 0, 0),
(403, 2, 72, NULL, 'price', 7, 0, 0),
(404, 2, 72, 3, 'id_attribute_group', 8, 0, 0),
(405, 2, 72, 4, 'id_attribute_group', 9, 0, 0),
(406, 1, 2, NULL, 'category', 1, 0, 0),
(407, 1, 2, 1, 'id_attribute_group', 2, 0, 0),
(408, 1, 2, 2, 'id_attribute_group', 3, 0, 0),
(409, 1, 2, NULL, 'quantity', 4, 0, 0),
(410, 1, 2, NULL, 'condition', 5, 0, 0),
(411, 1, 2, NULL, 'weight', 6, 0, 0),
(412, 1, 2, NULL, 'price', 7, 0, 0),
(413, 1, 2, 3, 'id_attribute_group', 8, 0, 0),
(414, 1, 2, 4, 'id_attribute_group', 9, 0, 0),
(415, 1, 22, NULL, 'category', 1, 0, 0),
(416, 1, 22, 1, 'id_attribute_group', 2, 0, 0),
(417, 1, 22, 2, 'id_attribute_group', 3, 0, 0),
(418, 1, 22, NULL, 'quantity', 4, 0, 0),
(419, 1, 22, NULL, 'condition', 5, 0, 0),
(420, 1, 22, NULL, 'weight', 6, 0, 0),
(421, 1, 22, NULL, 'price', 7, 0, 0),
(422, 1, 22, 3, 'id_attribute_group', 8, 0, 0),
(423, 1, 22, 4, 'id_attribute_group', 9, 0, 0),
(424, 1, 24, NULL, 'category', 1, 0, 0),
(425, 1, 24, 1, 'id_attribute_group', 2, 0, 0),
(426, 1, 24, 2, 'id_attribute_group', 3, 0, 0),
(427, 1, 24, NULL, 'quantity', 4, 0, 0),
(428, 1, 24, NULL, 'condition', 5, 0, 0),
(429, 1, 24, NULL, 'weight', 6, 0, 0),
(430, 1, 24, NULL, 'price', 7, 0, 0),
(431, 1, 24, 3, 'id_attribute_group', 8, 0, 0),
(432, 1, 24, 4, 'id_attribute_group', 9, 0, 0),
(433, 1, 25, NULL, 'category', 1, 0, 0),
(434, 1, 25, 1, 'id_attribute_group', 2, 0, 0),
(435, 1, 25, 2, 'id_attribute_group', 3, 0, 0),
(436, 1, 25, NULL, 'quantity', 4, 0, 0),
(437, 1, 25, NULL, 'condition', 5, 0, 0),
(438, 1, 25, NULL, 'weight', 6, 0, 0),
(439, 1, 25, NULL, 'price', 7, 0, 0),
(440, 1, 25, 3, 'id_attribute_group', 8, 0, 0),
(441, 1, 25, 4, 'id_attribute_group', 9, 0, 0),
(442, 1, 26, NULL, 'category', 1, 0, 0),
(443, 1, 26, 1, 'id_attribute_group', 2, 0, 0),
(444, 1, 26, 2, 'id_attribute_group', 3, 0, 0),
(445, 1, 26, NULL, 'quantity', 4, 0, 0),
(446, 1, 26, NULL, 'condition', 5, 0, 0),
(447, 1, 26, NULL, 'weight', 6, 0, 0),
(448, 1, 26, NULL, 'price', 7, 0, 0),
(449, 1, 26, 3, 'id_attribute_group', 8, 0, 0),
(450, 1, 26, 4, 'id_attribute_group', 9, 0, 0),
(451, 1, 27, NULL, 'category', 1, 0, 0),
(452, 1, 27, 1, 'id_attribute_group', 2, 0, 0),
(453, 1, 27, 2, 'id_attribute_group', 3, 0, 0),
(454, 1, 27, NULL, 'quantity', 4, 0, 0),
(455, 1, 27, NULL, 'condition', 5, 0, 0),
(456, 1, 27, NULL, 'weight', 6, 0, 0),
(457, 1, 27, NULL, 'price', 7, 0, 0),
(458, 1, 27, 3, 'id_attribute_group', 8, 0, 0),
(459, 1, 27, 4, 'id_attribute_group', 9, 0, 0),
(460, 1, 28, NULL, 'category', 1, 0, 0),
(461, 1, 28, 1, 'id_attribute_group', 2, 0, 0),
(462, 1, 28, 2, 'id_attribute_group', 3, 0, 0),
(463, 1, 28, NULL, 'quantity', 4, 0, 0),
(464, 1, 28, NULL, 'condition', 5, 0, 0),
(465, 1, 28, NULL, 'weight', 6, 0, 0),
(466, 1, 28, NULL, 'price', 7, 0, 0),
(467, 1, 28, 3, 'id_attribute_group', 8, 0, 0),
(468, 1, 28, 4, 'id_attribute_group', 9, 0, 0),
(469, 1, 29, NULL, 'category', 1, 0, 0),
(470, 1, 29, 1, 'id_attribute_group', 2, 0, 0),
(471, 1, 29, 2, 'id_attribute_group', 3, 0, 0),
(472, 1, 29, NULL, 'quantity', 4, 0, 0),
(473, 1, 29, NULL, 'condition', 5, 0, 0),
(474, 1, 29, NULL, 'weight', 6, 0, 0),
(475, 1, 29, NULL, 'price', 7, 0, 0),
(476, 1, 29, 3, 'id_attribute_group', 8, 0, 0),
(477, 1, 29, 4, 'id_attribute_group', 9, 0, 0),
(478, 1, 23, NULL, 'category', 1, 0, 0),
(479, 1, 23, 1, 'id_attribute_group', 2, 0, 0),
(480, 1, 23, 2, 'id_attribute_group', 3, 0, 0),
(481, 1, 23, NULL, 'quantity', 4, 0, 0),
(482, 1, 23, NULL, 'condition', 5, 0, 0),
(483, 1, 23, NULL, 'weight', 6, 0, 0),
(484, 1, 23, NULL, 'price', 7, 0, 0),
(485, 1, 23, 3, 'id_attribute_group', 8, 0, 0),
(486, 1, 23, 4, 'id_attribute_group', 9, 0, 0),
(487, 1, 30, NULL, 'category', 1, 0, 0),
(488, 1, 30, 1, 'id_attribute_group', 2, 0, 0),
(489, 1, 30, 2, 'id_attribute_group', 3, 0, 0),
(490, 1, 30, NULL, 'quantity', 4, 0, 0),
(491, 1, 30, NULL, 'condition', 5, 0, 0),
(492, 1, 30, NULL, 'weight', 6, 0, 0),
(493, 1, 30, NULL, 'price', 7, 0, 0),
(494, 1, 30, 3, 'id_attribute_group', 8, 0, 0),
(495, 1, 30, 4, 'id_attribute_group', 9, 0, 0),
(496, 1, 31, NULL, 'category', 1, 0, 0),
(497, 1, 31, 1, 'id_attribute_group', 2, 0, 0),
(498, 1, 31, 2, 'id_attribute_group', 3, 0, 0),
(499, 1, 31, NULL, 'quantity', 4, 0, 0),
(500, 1, 31, NULL, 'condition', 5, 0, 0),
(501, 1, 31, NULL, 'weight', 6, 0, 0),
(502, 1, 31, NULL, 'price', 7, 0, 0),
(503, 1, 31, 3, 'id_attribute_group', 8, 0, 0),
(504, 1, 31, 4, 'id_attribute_group', 9, 0, 0),
(505, 1, 32, NULL, 'category', 1, 0, 0),
(506, 1, 32, 1, 'id_attribute_group', 2, 0, 0),
(507, 1, 32, 2, 'id_attribute_group', 3, 0, 0),
(508, 1, 32, NULL, 'quantity', 4, 0, 0),
(509, 1, 32, NULL, 'condition', 5, 0, 0),
(510, 1, 32, NULL, 'weight', 6, 0, 0),
(511, 1, 32, NULL, 'price', 7, 0, 0),
(512, 1, 32, 3, 'id_attribute_group', 8, 0, 0),
(513, 1, 32, 4, 'id_attribute_group', 9, 0, 0),
(514, 1, 33, NULL, 'category', 1, 0, 0),
(515, 1, 33, 1, 'id_attribute_group', 2, 0, 0),
(516, 1, 33, 2, 'id_attribute_group', 3, 0, 0),
(517, 1, 33, NULL, 'quantity', 4, 0, 0),
(518, 1, 33, NULL, 'condition', 5, 0, 0),
(519, 1, 33, NULL, 'weight', 6, 0, 0),
(520, 1, 33, NULL, 'price', 7, 0, 0),
(521, 1, 33, 3, 'id_attribute_group', 8, 0, 0),
(522, 1, 33, 4, 'id_attribute_group', 9, 0, 0),
(523, 1, 34, NULL, 'category', 1, 0, 0),
(524, 1, 34, 1, 'id_attribute_group', 2, 0, 0),
(525, 1, 34, 2, 'id_attribute_group', 3, 0, 0),
(526, 1, 34, NULL, 'quantity', 4, 0, 0),
(527, 1, 34, NULL, 'condition', 5, 0, 0),
(528, 1, 34, NULL, 'weight', 6, 0, 0),
(529, 1, 34, NULL, 'price', 7, 0, 0),
(530, 1, 34, 3, 'id_attribute_group', 8, 0, 0),
(531, 1, 34, 4, 'id_attribute_group', 9, 0, 0),
(532, 1, 35, NULL, 'category', 1, 0, 0),
(533, 1, 35, 1, 'id_attribute_group', 2, 0, 0),
(534, 1, 35, 2, 'id_attribute_group', 3, 0, 0),
(535, 1, 35, NULL, 'quantity', 4, 0, 0),
(536, 1, 35, NULL, 'condition', 5, 0, 0),
(537, 1, 35, NULL, 'weight', 6, 0, 0),
(538, 1, 35, NULL, 'price', 7, 0, 0),
(539, 1, 35, 3, 'id_attribute_group', 8, 0, 0),
(540, 1, 35, 4, 'id_attribute_group', 9, 0, 0),
(541, 1, 36, NULL, 'category', 1, 0, 0),
(542, 1, 36, 1, 'id_attribute_group', 2, 0, 0),
(543, 1, 36, 2, 'id_attribute_group', 3, 0, 0),
(544, 1, 36, NULL, 'quantity', 4, 0, 0),
(545, 1, 36, NULL, 'condition', 5, 0, 0),
(546, 1, 36, NULL, 'weight', 6, 0, 0),
(547, 1, 36, NULL, 'price', 7, 0, 0),
(548, 1, 36, 3, 'id_attribute_group', 8, 0, 0),
(549, 1, 36, 4, 'id_attribute_group', 9, 0, 0),
(550, 1, 37, NULL, 'category', 1, 0, 0),
(551, 1, 37, 1, 'id_attribute_group', 2, 0, 0),
(552, 1, 37, 2, 'id_attribute_group', 3, 0, 0),
(553, 1, 37, NULL, 'quantity', 4, 0, 0),
(554, 1, 37, NULL, 'condition', 5, 0, 0),
(555, 1, 37, NULL, 'weight', 6, 0, 0),
(556, 1, 37, NULL, 'price', 7, 0, 0),
(557, 1, 37, 3, 'id_attribute_group', 8, 0, 0),
(558, 1, 37, 4, 'id_attribute_group', 9, 0, 0),
(559, 1, 40, NULL, 'category', 1, 0, 0),
(560, 1, 40, 1, 'id_attribute_group', 2, 0, 0),
(561, 1, 40, 2, 'id_attribute_group', 3, 0, 0),
(562, 1, 40, NULL, 'quantity', 4, 0, 0),
(563, 1, 40, NULL, 'condition', 5, 0, 0),
(564, 1, 40, NULL, 'weight', 6, 0, 0),
(565, 1, 40, NULL, 'price', 7, 0, 0),
(566, 1, 40, 3, 'id_attribute_group', 8, 0, 0),
(567, 1, 40, 4, 'id_attribute_group', 9, 0, 0),
(568, 1, 41, NULL, 'category', 1, 0, 0),
(569, 1, 41, 1, 'id_attribute_group', 2, 0, 0),
(570, 1, 41, 2, 'id_attribute_group', 3, 0, 0),
(571, 1, 41, NULL, 'quantity', 4, 0, 0),
(572, 1, 41, NULL, 'condition', 5, 0, 0),
(573, 1, 41, NULL, 'weight', 6, 0, 0),
(574, 1, 41, NULL, 'price', 7, 0, 0),
(575, 1, 41, 3, 'id_attribute_group', 8, 0, 0),
(576, 1, 41, 4, 'id_attribute_group', 9, 0, 0),
(577, 1, 42, NULL, 'category', 1, 0, 0),
(578, 1, 42, 1, 'id_attribute_group', 2, 0, 0),
(579, 1, 42, 2, 'id_attribute_group', 3, 0, 0),
(580, 1, 42, NULL, 'quantity', 4, 0, 0),
(581, 1, 42, NULL, 'condition', 5, 0, 0),
(582, 1, 42, NULL, 'weight', 6, 0, 0),
(583, 1, 42, NULL, 'price', 7, 0, 0),
(584, 1, 42, 3, 'id_attribute_group', 8, 0, 0),
(585, 1, 42, 4, 'id_attribute_group', 9, 0, 0),
(586, 1, 43, NULL, 'category', 1, 0, 0),
(587, 1, 43, 1, 'id_attribute_group', 2, 0, 0),
(588, 1, 43, 2, 'id_attribute_group', 3, 0, 0),
(589, 1, 43, NULL, 'quantity', 4, 0, 0),
(590, 1, 43, NULL, 'condition', 5, 0, 0),
(591, 1, 43, NULL, 'weight', 6, 0, 0),
(592, 1, 43, NULL, 'price', 7, 0, 0),
(593, 1, 43, 3, 'id_attribute_group', 8, 0, 0),
(594, 1, 43, 4, 'id_attribute_group', 9, 0, 0),
(595, 1, 44, NULL, 'category', 1, 0, 0),
(596, 1, 44, 1, 'id_attribute_group', 2, 0, 0),
(597, 1, 44, 2, 'id_attribute_group', 3, 0, 0),
(598, 1, 44, NULL, 'quantity', 4, 0, 0),
(599, 1, 44, NULL, 'condition', 5, 0, 0),
(600, 1, 44, NULL, 'weight', 6, 0, 0),
(601, 1, 44, NULL, 'price', 7, 0, 0),
(602, 1, 44, 3, 'id_attribute_group', 8, 0, 0),
(603, 1, 44, 4, 'id_attribute_group', 9, 0, 0),
(604, 1, 45, NULL, 'category', 1, 0, 0),
(605, 1, 45, 1, 'id_attribute_group', 2, 0, 0),
(606, 1, 45, 2, 'id_attribute_group', 3, 0, 0),
(607, 1, 45, NULL, 'quantity', 4, 0, 0),
(608, 1, 45, NULL, 'condition', 5, 0, 0),
(609, 1, 45, NULL, 'weight', 6, 0, 0),
(610, 1, 45, NULL, 'price', 7, 0, 0),
(611, 1, 45, 3, 'id_attribute_group', 8, 0, 0),
(612, 1, 45, 4, 'id_attribute_group', 9, 0, 0),
(613, 1, 46, NULL, 'category', 1, 0, 0),
(614, 1, 46, 1, 'id_attribute_group', 2, 0, 0),
(615, 1, 46, 2, 'id_attribute_group', 3, 0, 0),
(616, 1, 46, NULL, 'quantity', 4, 0, 0),
(617, 1, 46, NULL, 'condition', 5, 0, 0),
(618, 1, 46, NULL, 'weight', 6, 0, 0),
(619, 1, 46, NULL, 'price', 7, 0, 0),
(620, 1, 46, 3, 'id_attribute_group', 8, 0, 0),
(621, 1, 46, 4, 'id_attribute_group', 9, 0, 0),
(622, 1, 38, NULL, 'category', 1, 0, 0),
(623, 1, 38, 1, 'id_attribute_group', 2, 0, 0),
(624, 1, 38, 2, 'id_attribute_group', 3, 0, 0),
(625, 1, 38, NULL, 'quantity', 4, 0, 0),
(626, 1, 38, NULL, 'condition', 5, 0, 0),
(627, 1, 38, NULL, 'weight', 6, 0, 0),
(628, 1, 38, NULL, 'price', 7, 0, 0),
(629, 1, 38, 3, 'id_attribute_group', 8, 0, 0),
(630, 1, 38, 4, 'id_attribute_group', 9, 0, 0),
(631, 1, 47, NULL, 'category', 1, 0, 0),
(632, 1, 47, 1, 'id_attribute_group', 2, 0, 0),
(633, 1, 47, 2, 'id_attribute_group', 3, 0, 0),
(634, 1, 47, NULL, 'quantity', 4, 0, 0),
(635, 1, 47, NULL, 'condition', 5, 0, 0),
(636, 1, 47, NULL, 'weight', 6, 0, 0),
(637, 1, 47, NULL, 'price', 7, 0, 0),
(638, 1, 47, 3, 'id_attribute_group', 8, 0, 0),
(639, 1, 47, 4, 'id_attribute_group', 9, 0, 0),
(640, 1, 48, NULL, 'category', 1, 0, 0),
(641, 1, 48, 1, 'id_attribute_group', 2, 0, 0),
(642, 1, 48, 2, 'id_attribute_group', 3, 0, 0),
(643, 1, 48, NULL, 'quantity', 4, 0, 0),
(644, 1, 48, NULL, 'condition', 5, 0, 0),
(645, 1, 48, NULL, 'weight', 6, 0, 0),
(646, 1, 48, NULL, 'price', 7, 0, 0),
(647, 1, 48, 3, 'id_attribute_group', 8, 0, 0),
(648, 1, 48, 4, 'id_attribute_group', 9, 0, 0),
(649, 1, 49, NULL, 'category', 1, 0, 0),
(650, 1, 49, 1, 'id_attribute_group', 2, 0, 0),
(651, 1, 49, 2, 'id_attribute_group', 3, 0, 0),
(652, 1, 49, NULL, 'quantity', 4, 0, 0),
(653, 1, 49, NULL, 'condition', 5, 0, 0),
(654, 1, 49, NULL, 'weight', 6, 0, 0),
(655, 1, 49, NULL, 'price', 7, 0, 0),
(656, 1, 49, 3, 'id_attribute_group', 8, 0, 0),
(657, 1, 49, 4, 'id_attribute_group', 9, 0, 0),
(658, 1, 50, NULL, 'category', 1, 0, 0),
(659, 1, 50, 1, 'id_attribute_group', 2, 0, 0),
(660, 1, 50, 2, 'id_attribute_group', 3, 0, 0),
(661, 1, 50, NULL, 'quantity', 4, 0, 0),
(662, 1, 50, NULL, 'condition', 5, 0, 0),
(663, 1, 50, NULL, 'weight', 6, 0, 0),
(664, 1, 50, NULL, 'price', 7, 0, 0),
(665, 1, 50, 3, 'id_attribute_group', 8, 0, 0),
(666, 1, 50, 4, 'id_attribute_group', 9, 0, 0),
(667, 1, 51, NULL, 'category', 1, 0, 0),
(668, 1, 51, 1, 'id_attribute_group', 2, 0, 0),
(669, 1, 51, 2, 'id_attribute_group', 3, 0, 0),
(670, 1, 51, NULL, 'quantity', 4, 0, 0),
(671, 1, 51, NULL, 'condition', 5, 0, 0),
(672, 1, 51, NULL, 'weight', 6, 0, 0),
(673, 1, 51, NULL, 'price', 7, 0, 0),
(674, 1, 51, 3, 'id_attribute_group', 8, 0, 0),
(675, 1, 51, 4, 'id_attribute_group', 9, 0, 0),
(676, 1, 52, NULL, 'category', 1, 0, 0),
(677, 1, 52, 1, 'id_attribute_group', 2, 0, 0),
(678, 1, 52, 2, 'id_attribute_group', 3, 0, 0),
(679, 1, 52, NULL, 'quantity', 4, 0, 0),
(680, 1, 52, NULL, 'condition', 5, 0, 0),
(681, 1, 52, NULL, 'weight', 6, 0, 0),
(682, 1, 52, NULL, 'price', 7, 0, 0),
(683, 1, 52, 3, 'id_attribute_group', 8, 0, 0),
(684, 1, 52, 4, 'id_attribute_group', 9, 0, 0),
(685, 1, 53, NULL, 'category', 1, 0, 0),
(686, 1, 53, 1, 'id_attribute_group', 2, 0, 0),
(687, 1, 53, 2, 'id_attribute_group', 3, 0, 0),
(688, 1, 53, NULL, 'quantity', 4, 0, 0),
(689, 1, 53, NULL, 'condition', 5, 0, 0),
(690, 1, 53, NULL, 'weight', 6, 0, 0),
(691, 1, 53, NULL, 'price', 7, 0, 0),
(692, 1, 53, 3, 'id_attribute_group', 8, 0, 0),
(693, 1, 53, 4, 'id_attribute_group', 9, 0, 0),
(694, 1, 54, NULL, 'category', 1, 0, 0),
(695, 1, 54, 1, 'id_attribute_group', 2, 0, 0),
(696, 1, 54, 2, 'id_attribute_group', 3, 0, 0),
(697, 1, 54, NULL, 'quantity', 4, 0, 0),
(698, 1, 54, NULL, 'condition', 5, 0, 0),
(699, 1, 54, NULL, 'weight', 6, 0, 0),
(700, 1, 54, NULL, 'price', 7, 0, 0),
(701, 1, 54, 3, 'id_attribute_group', 8, 0, 0),
(702, 1, 54, 4, 'id_attribute_group', 9, 0, 0),
(703, 1, 55, NULL, 'category', 1, 0, 0),
(704, 1, 55, 1, 'id_attribute_group', 2, 0, 0),
(705, 1, 55, 2, 'id_attribute_group', 3, 0, 0),
(706, 1, 55, NULL, 'quantity', 4, 0, 0),
(707, 1, 55, NULL, 'condition', 5, 0, 0),
(708, 1, 55, NULL, 'weight', 6, 0, 0),
(709, 1, 55, NULL, 'price', 7, 0, 0),
(710, 1, 55, 3, 'id_attribute_group', 8, 0, 0),
(711, 1, 55, 4, 'id_attribute_group', 9, 0, 0),
(712, 1, 39, NULL, 'category', 1, 0, 0),
(713, 1, 39, 1, 'id_attribute_group', 2, 0, 0),
(714, 1, 39, 2, 'id_attribute_group', 3, 0, 0),
(715, 1, 39, NULL, 'quantity', 4, 0, 0),
(716, 1, 39, NULL, 'condition', 5, 0, 0),
(717, 1, 39, NULL, 'weight', 6, 0, 0),
(718, 1, 39, NULL, 'price', 7, 0, 0),
(719, 1, 39, 3, 'id_attribute_group', 8, 0, 0),
(720, 1, 39, 4, 'id_attribute_group', 9, 0, 0),
(721, 1, 63, NULL, 'category', 1, 0, 0),
(722, 1, 63, 1, 'id_attribute_group', 2, 0, 0),
(723, 1, 63, 2, 'id_attribute_group', 3, 0, 0),
(724, 1, 63, NULL, 'quantity', 4, 0, 0),
(725, 1, 63, NULL, 'condition', 5, 0, 0),
(726, 1, 63, NULL, 'weight', 6, 0, 0),
(727, 1, 63, NULL, 'price', 7, 0, 0),
(728, 1, 63, 3, 'id_attribute_group', 8, 0, 0),
(729, 1, 63, 4, 'id_attribute_group', 9, 0, 0),
(730, 1, 65, NULL, 'category', 1, 0, 0),
(731, 1, 65, 1, 'id_attribute_group', 2, 0, 0),
(732, 1, 65, 2, 'id_attribute_group', 3, 0, 0),
(733, 1, 65, NULL, 'quantity', 4, 0, 0),
(734, 1, 65, NULL, 'condition', 5, 0, 0),
(735, 1, 65, NULL, 'weight', 6, 0, 0),
(736, 1, 65, NULL, 'price', 7, 0, 0),
(737, 1, 65, 3, 'id_attribute_group', 8, 0, 0),
(738, 1, 65, 4, 'id_attribute_group', 9, 0, 0),
(739, 1, 66, NULL, 'category', 1, 0, 0),
(740, 1, 66, 1, 'id_attribute_group', 2, 0, 0),
(741, 1, 66, 2, 'id_attribute_group', 3, 0, 0),
(742, 1, 66, NULL, 'quantity', 4, 0, 0),
(743, 1, 66, NULL, 'condition', 5, 0, 0),
(744, 1, 66, NULL, 'weight', 6, 0, 0),
(745, 1, 66, NULL, 'price', 7, 0, 0),
(746, 1, 66, 3, 'id_attribute_group', 8, 0, 0),
(747, 1, 66, 4, 'id_attribute_group', 9, 0, 0),
(748, 1, 67, NULL, 'category', 1, 0, 0),
(749, 1, 67, 1, 'id_attribute_group', 2, 0, 0),
(750, 1, 67, 2, 'id_attribute_group', 3, 0, 0),
(751, 1, 67, NULL, 'quantity', 4, 0, 0),
(752, 1, 67, NULL, 'condition', 5, 0, 0),
(753, 1, 67, NULL, 'weight', 6, 0, 0),
(754, 1, 67, NULL, 'price', 7, 0, 0),
(755, 1, 67, 3, 'id_attribute_group', 8, 0, 0),
(756, 1, 67, 4, 'id_attribute_group', 9, 0, 0),
(757, 1, 68, NULL, 'category', 1, 0, 0),
(758, 1, 68, 1, 'id_attribute_group', 2, 0, 0),
(759, 1, 68, 2, 'id_attribute_group', 3, 0, 0),
(760, 1, 68, NULL, 'quantity', 4, 0, 0),
(761, 1, 68, NULL, 'condition', 5, 0, 0),
(762, 1, 68, NULL, 'weight', 6, 0, 0),
(763, 1, 68, NULL, 'price', 7, 0, 0),
(764, 1, 68, 3, 'id_attribute_group', 8, 0, 0),
(765, 1, 68, 4, 'id_attribute_group', 9, 0, 0),
(766, 1, 64, NULL, 'category', 1, 0, 0),
(767, 1, 64, 1, 'id_attribute_group', 2, 0, 0),
(768, 1, 64, 2, 'id_attribute_group', 3, 0, 0),
(769, 1, 64, NULL, 'quantity', 4, 0, 0),
(770, 1, 64, NULL, 'condition', 5, 0, 0),
(771, 1, 64, NULL, 'weight', 6, 0, 0),
(772, 1, 64, NULL, 'price', 7, 0, 0),
(773, 1, 64, 3, 'id_attribute_group', 8, 0, 0),
(774, 1, 64, 4, 'id_attribute_group', 9, 0, 0),
(775, 1, 69, NULL, 'category', 1, 0, 0),
(776, 1, 69, 1, 'id_attribute_group', 2, 0, 0),
(777, 1, 69, 2, 'id_attribute_group', 3, 0, 0),
(778, 1, 69, NULL, 'quantity', 4, 0, 0),
(779, 1, 69, NULL, 'condition', 5, 0, 0),
(780, 1, 69, NULL, 'weight', 6, 0, 0),
(781, 1, 69, NULL, 'price', 7, 0, 0),
(782, 1, 69, 3, 'id_attribute_group', 8, 0, 0),
(783, 1, 69, 4, 'id_attribute_group', 9, 0, 0),
(784, 1, 70, NULL, 'category', 1, 0, 0),
(785, 1, 70, 1, 'id_attribute_group', 2, 0, 0),
(786, 1, 70, 2, 'id_attribute_group', 3, 0, 0),
(787, 1, 70, NULL, 'quantity', 4, 0, 0),
(788, 1, 70, NULL, 'condition', 5, 0, 0),
(789, 1, 70, NULL, 'weight', 6, 0, 0),
(790, 1, 70, NULL, 'price', 7, 0, 0),
(791, 1, 70, 3, 'id_attribute_group', 8, 0, 0),
(792, 1, 70, 4, 'id_attribute_group', 9, 0, 0),
(793, 1, 71, NULL, 'category', 1, 0, 0),
(794, 1, 71, 1, 'id_attribute_group', 2, 0, 0),
(795, 1, 71, 2, 'id_attribute_group', 3, 0, 0),
(796, 1, 71, NULL, 'quantity', 4, 0, 0),
(797, 1, 71, NULL, 'condition', 5, 0, 0),
(798, 1, 71, NULL, 'weight', 6, 0, 0),
(799, 1, 71, NULL, 'price', 7, 0, 0),
(800, 1, 71, 3, 'id_attribute_group', 8, 0, 0),
(801, 1, 71, 4, 'id_attribute_group', 9, 0, 0),
(802, 1, 72, NULL, 'category', 1, 0, 0),
(803, 1, 72, 1, 'id_attribute_group', 2, 0, 0),
(804, 1, 72, 2, 'id_attribute_group', 3, 0, 0),
(805, 1, 72, NULL, 'quantity', 4, 0, 0),
(806, 1, 72, NULL, 'condition', 5, 0, 0),
(807, 1, 72, NULL, 'weight', 6, 0, 0),
(808, 1, 72, NULL, 'price', 7, 0, 0),
(809, 1, 72, 3, 'id_attribute_group', 8, 0, 0),
(810, 1, 72, 4, 'id_attribute_group', 9, 0, 0),
(811, 3, 2, NULL, 'category', 1, 0, 0),
(812, 3, 2, 1, 'id_attribute_group', 2, 0, 0),
(813, 3, 2, 2, 'id_attribute_group', 3, 0, 0),
(814, 3, 2, NULL, 'quantity', 4, 0, 0),
(815, 3, 2, NULL, 'condition', 5, 0, 0),
(816, 3, 2, NULL, 'weight', 6, 0, 0),
(817, 3, 2, NULL, 'price', 7, 0, 0),
(818, 3, 2, 3, 'id_attribute_group', 8, 0, 0),
(819, 3, 2, 4, 'id_attribute_group', 9, 0, 0),
(820, 3, 22, NULL, 'category', 1, 0, 0),
(821, 3, 22, 1, 'id_attribute_group', 2, 0, 0),
(822, 3, 22, 2, 'id_attribute_group', 3, 0, 0),
(823, 3, 22, NULL, 'quantity', 4, 0, 0),
(824, 3, 22, NULL, 'condition', 5, 0, 0),
(825, 3, 22, NULL, 'weight', 6, 0, 0),
(826, 3, 22, NULL, 'price', 7, 0, 0),
(827, 3, 22, 3, 'id_attribute_group', 8, 0, 0),
(828, 3, 22, 4, 'id_attribute_group', 9, 0, 0),
(829, 3, 24, NULL, 'category', 1, 0, 0),
(830, 3, 24, 1, 'id_attribute_group', 2, 0, 0),
(831, 3, 24, 2, 'id_attribute_group', 3, 0, 0),
(832, 3, 24, NULL, 'quantity', 4, 0, 0),
(833, 3, 24, NULL, 'condition', 5, 0, 0),
(834, 3, 24, NULL, 'weight', 6, 0, 0),
(835, 3, 24, NULL, 'price', 7, 0, 0),
(836, 3, 24, 3, 'id_attribute_group', 8, 0, 0),
(837, 3, 24, 4, 'id_attribute_group', 9, 0, 0),
(838, 3, 25, NULL, 'category', 1, 0, 0),
(839, 3, 25, 1, 'id_attribute_group', 2, 0, 0),
(840, 3, 25, 2, 'id_attribute_group', 3, 0, 0),
(841, 3, 25, NULL, 'quantity', 4, 0, 0),
(842, 3, 25, NULL, 'condition', 5, 0, 0),
(843, 3, 25, NULL, 'weight', 6, 0, 0),
(844, 3, 25, NULL, 'price', 7, 0, 0),
(845, 3, 25, 3, 'id_attribute_group', 8, 0, 0),
(846, 3, 25, 4, 'id_attribute_group', 9, 0, 0),
(847, 3, 26, NULL, 'category', 1, 0, 0),
(848, 3, 26, 1, 'id_attribute_group', 2, 0, 0),
(849, 3, 26, 2, 'id_attribute_group', 3, 0, 0),
(850, 3, 26, NULL, 'quantity', 4, 0, 0),
(851, 3, 26, NULL, 'condition', 5, 0, 0),
(852, 3, 26, NULL, 'weight', 6, 0, 0),
(853, 3, 26, NULL, 'price', 7, 0, 0),
(854, 3, 26, 3, 'id_attribute_group', 8, 0, 0),
(855, 3, 26, 4, 'id_attribute_group', 9, 0, 0),
(856, 3, 27, NULL, 'category', 1, 0, 0),
(857, 3, 27, 1, 'id_attribute_group', 2, 0, 0),
(858, 3, 27, 2, 'id_attribute_group', 3, 0, 0),
(859, 3, 27, NULL, 'quantity', 4, 0, 0),
(860, 3, 27, NULL, 'condition', 5, 0, 0),
(861, 3, 27, NULL, 'weight', 6, 0, 0),
(862, 3, 27, NULL, 'price', 7, 0, 0),
(863, 3, 27, 3, 'id_attribute_group', 8, 0, 0),
(864, 3, 27, 4, 'id_attribute_group', 9, 0, 0),
(865, 3, 28, NULL, 'category', 1, 0, 0),
(866, 3, 28, 1, 'id_attribute_group', 2, 0, 0),
(867, 3, 28, 2, 'id_attribute_group', 3, 0, 0),
(868, 3, 28, NULL, 'quantity', 4, 0, 0),
(869, 3, 28, NULL, 'condition', 5, 0, 0),
(870, 3, 28, NULL, 'weight', 6, 0, 0),
(871, 3, 28, NULL, 'price', 7, 0, 0),
(872, 3, 28, 3, 'id_attribute_group', 8, 0, 0),
(873, 3, 28, 4, 'id_attribute_group', 9, 0, 0),
(874, 3, 29, NULL, 'category', 1, 0, 0),
(875, 3, 29, 1, 'id_attribute_group', 2, 0, 0),
(876, 3, 29, 2, 'id_attribute_group', 3, 0, 0),
(877, 3, 29, NULL, 'quantity', 4, 0, 0),
(878, 3, 29, NULL, 'condition', 5, 0, 0),
(879, 3, 29, NULL, 'weight', 6, 0, 0),
(880, 3, 29, NULL, 'price', 7, 0, 0),
(881, 3, 29, 3, 'id_attribute_group', 8, 0, 0),
(882, 3, 29, 4, 'id_attribute_group', 9, 0, 0),
(883, 3, 23, NULL, 'category', 1, 0, 0),
(884, 3, 23, 1, 'id_attribute_group', 2, 0, 0),
(885, 3, 23, 2, 'id_attribute_group', 3, 0, 0),
(886, 3, 23, NULL, 'quantity', 4, 0, 0),
(887, 3, 23, NULL, 'condition', 5, 0, 0),
(888, 3, 23, NULL, 'weight', 6, 0, 0),
(889, 3, 23, NULL, 'price', 7, 0, 0),
(890, 3, 23, 3, 'id_attribute_group', 8, 0, 0),
(891, 3, 23, 4, 'id_attribute_group', 9, 0, 0),
(892, 3, 30, NULL, 'category', 1, 0, 0),
(893, 3, 30, 1, 'id_attribute_group', 2, 0, 0),
(894, 3, 30, 2, 'id_attribute_group', 3, 0, 0),
(895, 3, 30, NULL, 'quantity', 4, 0, 0),
(896, 3, 30, NULL, 'condition', 5, 0, 0),
(897, 3, 30, NULL, 'weight', 6, 0, 0),
(898, 3, 30, NULL, 'price', 7, 0, 0),
(899, 3, 30, 3, 'id_attribute_group', 8, 0, 0),
(900, 3, 30, 4, 'id_attribute_group', 9, 0, 0),
(901, 3, 31, NULL, 'category', 1, 0, 0),
(902, 3, 31, 1, 'id_attribute_group', 2, 0, 0),
(903, 3, 31, 2, 'id_attribute_group', 3, 0, 0),
(904, 3, 31, NULL, 'quantity', 4, 0, 0),
(905, 3, 31, NULL, 'condition', 5, 0, 0),
(906, 3, 31, NULL, 'weight', 6, 0, 0),
(907, 3, 31, NULL, 'price', 7, 0, 0),
(908, 3, 31, 3, 'id_attribute_group', 8, 0, 0),
(909, 3, 31, 4, 'id_attribute_group', 9, 0, 0),
(910, 3, 32, NULL, 'category', 1, 0, 0),
(911, 3, 32, 1, 'id_attribute_group', 2, 0, 0),
(912, 3, 32, 2, 'id_attribute_group', 3, 0, 0),
(913, 3, 32, NULL, 'quantity', 4, 0, 0),
(914, 3, 32, NULL, 'condition', 5, 0, 0),
(915, 3, 32, NULL, 'weight', 6, 0, 0),
(916, 3, 32, NULL, 'price', 7, 0, 0),
(917, 3, 32, 3, 'id_attribute_group', 8, 0, 0),
(918, 3, 32, 4, 'id_attribute_group', 9, 0, 0),
(919, 3, 33, NULL, 'category', 1, 0, 0),
(920, 3, 33, 1, 'id_attribute_group', 2, 0, 0),
(921, 3, 33, 2, 'id_attribute_group', 3, 0, 0),
(922, 3, 33, NULL, 'quantity', 4, 0, 0),
(923, 3, 33, NULL, 'condition', 5, 0, 0),
(924, 3, 33, NULL, 'weight', 6, 0, 0),
(925, 3, 33, NULL, 'price', 7, 0, 0),
(926, 3, 33, 3, 'id_attribute_group', 8, 0, 0),
(927, 3, 33, 4, 'id_attribute_group', 9, 0, 0),
(928, 3, 34, NULL, 'category', 1, 0, 0),
(929, 3, 34, 1, 'id_attribute_group', 2, 0, 0),
(930, 3, 34, 2, 'id_attribute_group', 3, 0, 0),
(931, 3, 34, NULL, 'quantity', 4, 0, 0),
(932, 3, 34, NULL, 'condition', 5, 0, 0),
(933, 3, 34, NULL, 'weight', 6, 0, 0),
(934, 3, 34, NULL, 'price', 7, 0, 0),
(935, 3, 34, 3, 'id_attribute_group', 8, 0, 0),
(936, 3, 34, 4, 'id_attribute_group', 9, 0, 0),
(937, 3, 35, NULL, 'category', 1, 0, 0),
(938, 3, 35, 1, 'id_attribute_group', 2, 0, 0),
(939, 3, 35, 2, 'id_attribute_group', 3, 0, 0),
(940, 3, 35, NULL, 'quantity', 4, 0, 0),
(941, 3, 35, NULL, 'condition', 5, 0, 0),
(942, 3, 35, NULL, 'weight', 6, 0, 0),
(943, 3, 35, NULL, 'price', 7, 0, 0),
(944, 3, 35, 3, 'id_attribute_group', 8, 0, 0),
(945, 3, 35, 4, 'id_attribute_group', 9, 0, 0),
(946, 3, 36, NULL, 'category', 1, 0, 0),
(947, 3, 36, 1, 'id_attribute_group', 2, 0, 0),
(948, 3, 36, 2, 'id_attribute_group', 3, 0, 0),
(949, 3, 36, NULL, 'quantity', 4, 0, 0),
(950, 3, 36, NULL, 'condition', 5, 0, 0),
(951, 3, 36, NULL, 'weight', 6, 0, 0),
(952, 3, 36, NULL, 'price', 7, 0, 0),
(953, 3, 36, 3, 'id_attribute_group', 8, 0, 0),
(954, 3, 36, 4, 'id_attribute_group', 9, 0, 0),
(955, 3, 37, NULL, 'category', 1, 0, 0),
(956, 3, 37, 1, 'id_attribute_group', 2, 0, 0),
(957, 3, 37, 2, 'id_attribute_group', 3, 0, 0),
(958, 3, 37, NULL, 'quantity', 4, 0, 0),
(959, 3, 37, NULL, 'condition', 5, 0, 0),
(960, 3, 37, NULL, 'weight', 6, 0, 0),
(961, 3, 37, NULL, 'price', 7, 0, 0),
(962, 3, 37, 3, 'id_attribute_group', 8, 0, 0),
(963, 3, 37, 4, 'id_attribute_group', 9, 0, 0),
(964, 3, 40, NULL, 'category', 1, 0, 0),
(965, 3, 40, 1, 'id_attribute_group', 2, 0, 0),
(966, 3, 40, 2, 'id_attribute_group', 3, 0, 0),
(967, 3, 40, NULL, 'quantity', 4, 0, 0),
(968, 3, 40, NULL, 'condition', 5, 0, 0),
(969, 3, 40, NULL, 'weight', 6, 0, 0),
(970, 3, 40, NULL, 'price', 7, 0, 0),
(971, 3, 40, 3, 'id_attribute_group', 8, 0, 0),
(972, 3, 40, 4, 'id_attribute_group', 9, 0, 0),
(973, 3, 41, NULL, 'category', 1, 0, 0),
(974, 3, 41, 1, 'id_attribute_group', 2, 0, 0),
(975, 3, 41, 2, 'id_attribute_group', 3, 0, 0),
(976, 3, 41, NULL, 'quantity', 4, 0, 0),
(977, 3, 41, NULL, 'condition', 5, 0, 0),
(978, 3, 41, NULL, 'weight', 6, 0, 0),
(979, 3, 41, NULL, 'price', 7, 0, 0),
(980, 3, 41, 3, 'id_attribute_group', 8, 0, 0),
(981, 3, 41, 4, 'id_attribute_group', 9, 0, 0),
(982, 3, 42, NULL, 'category', 1, 0, 0),
(983, 3, 42, 1, 'id_attribute_group', 2, 0, 0),
(984, 3, 42, 2, 'id_attribute_group', 3, 0, 0),
(985, 3, 42, NULL, 'quantity', 4, 0, 0),
(986, 3, 42, NULL, 'condition', 5, 0, 0),
(987, 3, 42, NULL, 'weight', 6, 0, 0),
(988, 3, 42, NULL, 'price', 7, 0, 0),
(989, 3, 42, 3, 'id_attribute_group', 8, 0, 0),
(990, 3, 42, 4, 'id_attribute_group', 9, 0, 0),
(991, 3, 43, NULL, 'category', 1, 0, 0),
(992, 3, 43, 1, 'id_attribute_group', 2, 0, 0),
(993, 3, 43, 2, 'id_attribute_group', 3, 0, 0),
(994, 3, 43, NULL, 'quantity', 4, 0, 0),
(995, 3, 43, NULL, 'condition', 5, 0, 0),
(996, 3, 43, NULL, 'weight', 6, 0, 0),
(997, 3, 43, NULL, 'price', 7, 0, 0),
(998, 3, 43, 3, 'id_attribute_group', 8, 0, 0),
(999, 3, 43, 4, 'id_attribute_group', 9, 0, 0),
(1000, 3, 44, NULL, 'category', 1, 0, 0),
(1001, 3, 44, 1, 'id_attribute_group', 2, 0, 0),
(1002, 3, 44, 2, 'id_attribute_group', 3, 0, 0),
(1003, 3, 44, NULL, 'quantity', 4, 0, 0),
(1004, 3, 44, NULL, 'condition', 5, 0, 0),
(1005, 3, 44, NULL, 'weight', 6, 0, 0),
(1006, 3, 44, NULL, 'price', 7, 0, 0),
(1007, 3, 44, 3, 'id_attribute_group', 8, 0, 0),
(1008, 3, 44, 4, 'id_attribute_group', 9, 0, 0),
(1009, 3, 45, NULL, 'category', 1, 0, 0),
(1010, 3, 45, 1, 'id_attribute_group', 2, 0, 0),
(1011, 3, 45, 2, 'id_attribute_group', 3, 0, 0),
(1012, 3, 45, NULL, 'quantity', 4, 0, 0),
(1013, 3, 45, NULL, 'condition', 5, 0, 0),
(1014, 3, 45, NULL, 'weight', 6, 0, 0),
(1015, 3, 45, NULL, 'price', 7, 0, 0),
(1016, 3, 45, 3, 'id_attribute_group', 8, 0, 0),
(1017, 3, 45, 4, 'id_attribute_group', 9, 0, 0),
(1018, 3, 46, NULL, 'category', 1, 0, 0),
(1019, 3, 46, 1, 'id_attribute_group', 2, 0, 0),
(1020, 3, 46, 2, 'id_attribute_group', 3, 0, 0),
(1021, 3, 46, NULL, 'quantity', 4, 0, 0),
(1022, 3, 46, NULL, 'condition', 5, 0, 0),
(1023, 3, 46, NULL, 'weight', 6, 0, 0),
(1024, 3, 46, NULL, 'price', 7, 0, 0),
(1025, 3, 46, 3, 'id_attribute_group', 8, 0, 0),
(1026, 3, 46, 4, 'id_attribute_group', 9, 0, 0),
(1027, 3, 38, NULL, 'category', 1, 0, 0),
(1028, 3, 38, 1, 'id_attribute_group', 2, 0, 0),
(1029, 3, 38, 2, 'id_attribute_group', 3, 0, 0),
(1030, 3, 38, NULL, 'quantity', 4, 0, 0),
(1031, 3, 38, NULL, 'condition', 5, 0, 0),
(1032, 3, 38, NULL, 'weight', 6, 0, 0),
(1033, 3, 38, NULL, 'price', 7, 0, 0),
(1034, 3, 38, 3, 'id_attribute_group', 8, 0, 0),
(1035, 3, 38, 4, 'id_attribute_group', 9, 0, 0),
(1036, 3, 47, NULL, 'category', 1, 0, 0),
(1037, 3, 47, 1, 'id_attribute_group', 2, 0, 0),
(1038, 3, 47, 2, 'id_attribute_group', 3, 0, 0),
(1039, 3, 47, NULL, 'quantity', 4, 0, 0),
(1040, 3, 47, NULL, 'condition', 5, 0, 0),
(1041, 3, 47, NULL, 'weight', 6, 0, 0),
(1042, 3, 47, NULL, 'price', 7, 0, 0),
(1043, 3, 47, 3, 'id_attribute_group', 8, 0, 0),
(1044, 3, 47, 4, 'id_attribute_group', 9, 0, 0),
(1045, 3, 48, NULL, 'category', 1, 0, 0),
(1046, 3, 48, 1, 'id_attribute_group', 2, 0, 0),
(1047, 3, 48, 2, 'id_attribute_group', 3, 0, 0),
(1048, 3, 48, NULL, 'quantity', 4, 0, 0),
(1049, 3, 48, NULL, 'condition', 5, 0, 0),
(1050, 3, 48, NULL, 'weight', 6, 0, 0),
(1051, 3, 48, NULL, 'price', 7, 0, 0),
(1052, 3, 48, 3, 'id_attribute_group', 8, 0, 0),
(1053, 3, 48, 4, 'id_attribute_group', 9, 0, 0),
(1054, 3, 49, NULL, 'category', 1, 0, 0),
(1055, 3, 49, 1, 'id_attribute_group', 2, 0, 0),
(1056, 3, 49, 2, 'id_attribute_group', 3, 0, 0),
(1057, 3, 49, NULL, 'quantity', 4, 0, 0),
(1058, 3, 49, NULL, 'condition', 5, 0, 0),
(1059, 3, 49, NULL, 'weight', 6, 0, 0),
(1060, 3, 49, NULL, 'price', 7, 0, 0),
(1061, 3, 49, 3, 'id_attribute_group', 8, 0, 0),
(1062, 3, 49, 4, 'id_attribute_group', 9, 0, 0),
(1063, 3, 50, NULL, 'category', 1, 0, 0),
(1064, 3, 50, 1, 'id_attribute_group', 2, 0, 0),
(1065, 3, 50, 2, 'id_attribute_group', 3, 0, 0),
(1066, 3, 50, NULL, 'quantity', 4, 0, 0),
(1067, 3, 50, NULL, 'condition', 5, 0, 0),
(1068, 3, 50, NULL, 'weight', 6, 0, 0),
(1069, 3, 50, NULL, 'price', 7, 0, 0),
(1070, 3, 50, 3, 'id_attribute_group', 8, 0, 0),
(1071, 3, 50, 4, 'id_attribute_group', 9, 0, 0),
(1072, 3, 51, NULL, 'category', 1, 0, 0),
(1073, 3, 51, 1, 'id_attribute_group', 2, 0, 0),
(1074, 3, 51, 2, 'id_attribute_group', 3, 0, 0),
(1075, 3, 51, NULL, 'quantity', 4, 0, 0),
(1076, 3, 51, NULL, 'condition', 5, 0, 0),
(1077, 3, 51, NULL, 'weight', 6, 0, 0),
(1078, 3, 51, NULL, 'price', 7, 0, 0),
(1079, 3, 51, 3, 'id_attribute_group', 8, 0, 0),
(1080, 3, 51, 4, 'id_attribute_group', 9, 0, 0),
(1081, 3, 52, NULL, 'category', 1, 0, 0),
(1082, 3, 52, 1, 'id_attribute_group', 2, 0, 0),
(1083, 3, 52, 2, 'id_attribute_group', 3, 0, 0),
(1084, 3, 52, NULL, 'quantity', 4, 0, 0),
(1085, 3, 52, NULL, 'condition', 5, 0, 0),
(1086, 3, 52, NULL, 'weight', 6, 0, 0),
(1087, 3, 52, NULL, 'price', 7, 0, 0),
(1088, 3, 52, 3, 'id_attribute_group', 8, 0, 0),
(1089, 3, 52, 4, 'id_attribute_group', 9, 0, 0),
(1090, 3, 53, NULL, 'category', 1, 0, 0),
(1091, 3, 53, 1, 'id_attribute_group', 2, 0, 0),
(1092, 3, 53, 2, 'id_attribute_group', 3, 0, 0),
(1093, 3, 53, NULL, 'quantity', 4, 0, 0),
(1094, 3, 53, NULL, 'condition', 5, 0, 0),
(1095, 3, 53, NULL, 'weight', 6, 0, 0),
(1096, 3, 53, NULL, 'price', 7, 0, 0),
(1097, 3, 53, 3, 'id_attribute_group', 8, 0, 0),
(1098, 3, 53, 4, 'id_attribute_group', 9, 0, 0),
(1099, 3, 54, NULL, 'category', 1, 0, 0),
(1100, 3, 54, 1, 'id_attribute_group', 2, 0, 0),
(1101, 3, 54, 2, 'id_attribute_group', 3, 0, 0),
(1102, 3, 54, NULL, 'quantity', 4, 0, 0),
(1103, 3, 54, NULL, 'condition', 5, 0, 0),
(1104, 3, 54, NULL, 'weight', 6, 0, 0),
(1105, 3, 54, NULL, 'price', 7, 0, 0),
(1106, 3, 54, 3, 'id_attribute_group', 8, 0, 0),
(1107, 3, 54, 4, 'id_attribute_group', 9, 0, 0),
(1108, 3, 55, NULL, 'category', 1, 0, 0),
(1109, 3, 55, 1, 'id_attribute_group', 2, 0, 0),
(1110, 3, 55, 2, 'id_attribute_group', 3, 0, 0),
(1111, 3, 55, NULL, 'quantity', 4, 0, 0),
(1112, 3, 55, NULL, 'condition', 5, 0, 0),
(1113, 3, 55, NULL, 'weight', 6, 0, 0),
(1114, 3, 55, NULL, 'price', 7, 0, 0),
(1115, 3, 55, 3, 'id_attribute_group', 8, 0, 0),
(1116, 3, 55, 4, 'id_attribute_group', 9, 0, 0),
(1117, 3, 39, NULL, 'category', 1, 0, 0),
(1118, 3, 39, 1, 'id_attribute_group', 2, 0, 0),
(1119, 3, 39, 2, 'id_attribute_group', 3, 0, 0),
(1120, 3, 39, NULL, 'quantity', 4, 0, 0),
(1121, 3, 39, NULL, 'condition', 5, 0, 0),
(1122, 3, 39, NULL, 'weight', 6, 0, 0),
(1123, 3, 39, NULL, 'price', 7, 0, 0),
(1124, 3, 39, 3, 'id_attribute_group', 8, 0, 0),
(1125, 3, 39, 4, 'id_attribute_group', 9, 0, 0),
(1126, 3, 63, NULL, 'category', 1, 0, 0),
(1127, 3, 63, 1, 'id_attribute_group', 2, 0, 0),
(1128, 3, 63, 2, 'id_attribute_group', 3, 0, 0),
(1129, 3, 63, NULL, 'quantity', 4, 0, 0),
(1130, 3, 63, NULL, 'condition', 5, 0, 0),
(1131, 3, 63, NULL, 'weight', 6, 0, 0),
(1132, 3, 63, NULL, 'price', 7, 0, 0),
(1133, 3, 63, 3, 'id_attribute_group', 8, 0, 0),
(1134, 3, 63, 4, 'id_attribute_group', 9, 0, 0),
(1135, 3, 65, NULL, 'category', 1, 0, 0),
(1136, 3, 65, 1, 'id_attribute_group', 2, 0, 0),
(1137, 3, 65, 2, 'id_attribute_group', 3, 0, 0),
(1138, 3, 65, NULL, 'quantity', 4, 0, 0),
(1139, 3, 65, NULL, 'condition', 5, 0, 0),
(1140, 3, 65, NULL, 'weight', 6, 0, 0),
(1141, 3, 65, NULL, 'price', 7, 0, 0),
(1142, 3, 65, 3, 'id_attribute_group', 8, 0, 0),
(1143, 3, 65, 4, 'id_attribute_group', 9, 0, 0),
(1144, 3, 66, NULL, 'category', 1, 0, 0),
(1145, 3, 66, 1, 'id_attribute_group', 2, 0, 0),
(1146, 3, 66, 2, 'id_attribute_group', 3, 0, 0),
(1147, 3, 66, NULL, 'quantity', 4, 0, 0),
(1148, 3, 66, NULL, 'condition', 5, 0, 0),
(1149, 3, 66, NULL, 'weight', 6, 0, 0),
(1150, 3, 66, NULL, 'price', 7, 0, 0),
(1151, 3, 66, 3, 'id_attribute_group', 8, 0, 0),
(1152, 3, 66, 4, 'id_attribute_group', 9, 0, 0),
(1153, 3, 67, NULL, 'category', 1, 0, 0),
(1154, 3, 67, 1, 'id_attribute_group', 2, 0, 0),
(1155, 3, 67, 2, 'id_attribute_group', 3, 0, 0),
(1156, 3, 67, NULL, 'quantity', 4, 0, 0),
(1157, 3, 67, NULL, 'condition', 5, 0, 0),
(1158, 3, 67, NULL, 'weight', 6, 0, 0),
(1159, 3, 67, NULL, 'price', 7, 0, 0),
(1160, 3, 67, 3, 'id_attribute_group', 8, 0, 0),
(1161, 3, 67, 4, 'id_attribute_group', 9, 0, 0),
(1162, 3, 68, NULL, 'category', 1, 0, 0),
(1163, 3, 68, 1, 'id_attribute_group', 2, 0, 0),
(1164, 3, 68, 2, 'id_attribute_group', 3, 0, 0),
(1165, 3, 68, NULL, 'quantity', 4, 0, 0),
(1166, 3, 68, NULL, 'condition', 5, 0, 0),
(1167, 3, 68, NULL, 'weight', 6, 0, 0),
(1168, 3, 68, NULL, 'price', 7, 0, 0),
(1169, 3, 68, 3, 'id_attribute_group', 8, 0, 0),
(1170, 3, 68, 4, 'id_attribute_group', 9, 0, 0),
(1171, 3, 64, NULL, 'category', 1, 0, 0),
(1172, 3, 64, 1, 'id_attribute_group', 2, 0, 0),
(1173, 3, 64, 2, 'id_attribute_group', 3, 0, 0),
(1174, 3, 64, NULL, 'quantity', 4, 0, 0),
(1175, 3, 64, NULL, 'condition', 5, 0, 0),
(1176, 3, 64, NULL, 'weight', 6, 0, 0),
(1177, 3, 64, NULL, 'price', 7, 0, 0),
(1178, 3, 64, 3, 'id_attribute_group', 8, 0, 0),
(1179, 3, 64, 4, 'id_attribute_group', 9, 0, 0),
(1180, 3, 69, NULL, 'category', 1, 0, 0),
(1181, 3, 69, 1, 'id_attribute_group', 2, 0, 0),
(1182, 3, 69, 2, 'id_attribute_group', 3, 0, 0),
(1183, 3, 69, NULL, 'quantity', 4, 0, 0),
(1184, 3, 69, NULL, 'condition', 5, 0, 0),
(1185, 3, 69, NULL, 'weight', 6, 0, 0),
(1186, 3, 69, NULL, 'price', 7, 0, 0),
(1187, 3, 69, 3, 'id_attribute_group', 8, 0, 0),
(1188, 3, 69, 4, 'id_attribute_group', 9, 0, 0),
(1189, 3, 70, NULL, 'category', 1, 0, 0),
(1190, 3, 70, 1, 'id_attribute_group', 2, 0, 0),
(1191, 3, 70, 2, 'id_attribute_group', 3, 0, 0),
(1192, 3, 70, NULL, 'quantity', 4, 0, 0),
(1193, 3, 70, NULL, 'condition', 5, 0, 0),
(1194, 3, 70, NULL, 'weight', 6, 0, 0);
INSERT INTO `ps_layered_category` (`id_layered_category`, `id_shop`, `id_category`, `id_value`, `type`, `position`, `filter_type`, `filter_show_limit`) VALUES
(1195, 3, 70, NULL, 'price', 7, 0, 0),
(1196, 3, 70, 3, 'id_attribute_group', 8, 0, 0),
(1197, 3, 70, 4, 'id_attribute_group', 9, 0, 0),
(1198, 3, 71, NULL, 'category', 1, 0, 0),
(1199, 3, 71, 1, 'id_attribute_group', 2, 0, 0),
(1200, 3, 71, 2, 'id_attribute_group', 3, 0, 0),
(1201, 3, 71, NULL, 'quantity', 4, 0, 0),
(1202, 3, 71, NULL, 'condition', 5, 0, 0),
(1203, 3, 71, NULL, 'weight', 6, 0, 0),
(1204, 3, 71, NULL, 'price', 7, 0, 0),
(1205, 3, 71, 3, 'id_attribute_group', 8, 0, 0),
(1206, 3, 71, 4, 'id_attribute_group', 9, 0, 0),
(1207, 3, 72, NULL, 'category', 1, 0, 0),
(1208, 3, 72, 1, 'id_attribute_group', 2, 0, 0),
(1209, 3, 72, 2, 'id_attribute_group', 3, 0, 0),
(1210, 3, 72, NULL, 'quantity', 4, 0, 0),
(1211, 3, 72, NULL, 'condition', 5, 0, 0),
(1212, 3, 72, NULL, 'weight', 6, 0, 0),
(1213, 3, 72, NULL, 'price', 7, 0, 0),
(1214, 3, 72, 3, 'id_attribute_group', 8, 0, 0),
(1215, 3, 72, 4, 'id_attribute_group', 9, 0, 0),
(1216, 4, 2, NULL, 'category', 1, 0, 0),
(1217, 4, 2, 1, 'id_attribute_group', 2, 0, 0),
(1218, 4, 2, 2, 'id_attribute_group', 3, 0, 0),
(1219, 4, 2, NULL, 'quantity', 4, 0, 0),
(1220, 4, 2, NULL, 'condition', 5, 0, 0),
(1221, 4, 2, NULL, 'weight', 6, 0, 0),
(1222, 4, 2, NULL, 'price', 7, 0, 0),
(1223, 4, 2, 3, 'id_attribute_group', 8, 0, 0),
(1224, 4, 2, 4, 'id_attribute_group', 9, 0, 0),
(1225, 4, 22, NULL, 'category', 1, 0, 0),
(1226, 4, 22, 1, 'id_attribute_group', 2, 0, 0),
(1227, 4, 22, 2, 'id_attribute_group', 3, 0, 0),
(1228, 4, 22, NULL, 'quantity', 4, 0, 0),
(1229, 4, 22, NULL, 'condition', 5, 0, 0),
(1230, 4, 22, NULL, 'weight', 6, 0, 0),
(1231, 4, 22, NULL, 'price', 7, 0, 0),
(1232, 4, 22, 3, 'id_attribute_group', 8, 0, 0),
(1233, 4, 22, 4, 'id_attribute_group', 9, 0, 0),
(1234, 4, 24, NULL, 'category', 1, 0, 0),
(1235, 4, 24, 1, 'id_attribute_group', 2, 0, 0),
(1236, 4, 24, 2, 'id_attribute_group', 3, 0, 0),
(1237, 4, 24, NULL, 'quantity', 4, 0, 0),
(1238, 4, 24, NULL, 'condition', 5, 0, 0),
(1239, 4, 24, NULL, 'weight', 6, 0, 0),
(1240, 4, 24, NULL, 'price', 7, 0, 0),
(1241, 4, 24, 3, 'id_attribute_group', 8, 0, 0),
(1242, 4, 24, 4, 'id_attribute_group', 9, 0, 0),
(1243, 4, 25, NULL, 'category', 1, 0, 0),
(1244, 4, 25, 1, 'id_attribute_group', 2, 0, 0),
(1245, 4, 25, 2, 'id_attribute_group', 3, 0, 0),
(1246, 4, 25, NULL, 'quantity', 4, 0, 0),
(1247, 4, 25, NULL, 'condition', 5, 0, 0),
(1248, 4, 25, NULL, 'weight', 6, 0, 0),
(1249, 4, 25, NULL, 'price', 7, 0, 0),
(1250, 4, 25, 3, 'id_attribute_group', 8, 0, 0),
(1251, 4, 25, 4, 'id_attribute_group', 9, 0, 0),
(1252, 4, 26, NULL, 'category', 1, 0, 0),
(1253, 4, 26, 1, 'id_attribute_group', 2, 0, 0),
(1254, 4, 26, 2, 'id_attribute_group', 3, 0, 0),
(1255, 4, 26, NULL, 'quantity', 4, 0, 0),
(1256, 4, 26, NULL, 'condition', 5, 0, 0),
(1257, 4, 26, NULL, 'weight', 6, 0, 0),
(1258, 4, 26, NULL, 'price', 7, 0, 0),
(1259, 4, 26, 3, 'id_attribute_group', 8, 0, 0),
(1260, 4, 26, 4, 'id_attribute_group', 9, 0, 0),
(1261, 4, 27, NULL, 'category', 1, 0, 0),
(1262, 4, 27, 1, 'id_attribute_group', 2, 0, 0),
(1263, 4, 27, 2, 'id_attribute_group', 3, 0, 0),
(1264, 4, 27, NULL, 'quantity', 4, 0, 0),
(1265, 4, 27, NULL, 'condition', 5, 0, 0),
(1266, 4, 27, NULL, 'weight', 6, 0, 0),
(1267, 4, 27, NULL, 'price', 7, 0, 0),
(1268, 4, 27, 3, 'id_attribute_group', 8, 0, 0),
(1269, 4, 27, 4, 'id_attribute_group', 9, 0, 0),
(1270, 4, 28, NULL, 'category', 1, 0, 0),
(1271, 4, 28, 1, 'id_attribute_group', 2, 0, 0),
(1272, 4, 28, 2, 'id_attribute_group', 3, 0, 0),
(1273, 4, 28, NULL, 'quantity', 4, 0, 0),
(1274, 4, 28, NULL, 'condition', 5, 0, 0),
(1275, 4, 28, NULL, 'weight', 6, 0, 0),
(1276, 4, 28, NULL, 'price', 7, 0, 0),
(1277, 4, 28, 3, 'id_attribute_group', 8, 0, 0),
(1278, 4, 28, 4, 'id_attribute_group', 9, 0, 0),
(1279, 4, 29, NULL, 'category', 1, 0, 0),
(1280, 4, 29, 1, 'id_attribute_group', 2, 0, 0),
(1281, 4, 29, 2, 'id_attribute_group', 3, 0, 0),
(1282, 4, 29, NULL, 'quantity', 4, 0, 0),
(1283, 4, 29, NULL, 'condition', 5, 0, 0),
(1284, 4, 29, NULL, 'weight', 6, 0, 0),
(1285, 4, 29, NULL, 'price', 7, 0, 0),
(1286, 4, 29, 3, 'id_attribute_group', 8, 0, 0),
(1287, 4, 29, 4, 'id_attribute_group', 9, 0, 0),
(1288, 4, 23, NULL, 'category', 1, 0, 0),
(1289, 4, 23, 1, 'id_attribute_group', 2, 0, 0),
(1290, 4, 23, 2, 'id_attribute_group', 3, 0, 0),
(1291, 4, 23, NULL, 'quantity', 4, 0, 0),
(1292, 4, 23, NULL, 'condition', 5, 0, 0),
(1293, 4, 23, NULL, 'weight', 6, 0, 0),
(1294, 4, 23, NULL, 'price', 7, 0, 0),
(1295, 4, 23, 3, 'id_attribute_group', 8, 0, 0),
(1296, 4, 23, 4, 'id_attribute_group', 9, 0, 0),
(1297, 4, 30, NULL, 'category', 1, 0, 0),
(1298, 4, 30, 1, 'id_attribute_group', 2, 0, 0),
(1299, 4, 30, 2, 'id_attribute_group', 3, 0, 0),
(1300, 4, 30, NULL, 'quantity', 4, 0, 0),
(1301, 4, 30, NULL, 'condition', 5, 0, 0),
(1302, 4, 30, NULL, 'weight', 6, 0, 0),
(1303, 4, 30, NULL, 'price', 7, 0, 0),
(1304, 4, 30, 3, 'id_attribute_group', 8, 0, 0),
(1305, 4, 30, 4, 'id_attribute_group', 9, 0, 0),
(1306, 4, 31, NULL, 'category', 1, 0, 0),
(1307, 4, 31, 1, 'id_attribute_group', 2, 0, 0),
(1308, 4, 31, 2, 'id_attribute_group', 3, 0, 0),
(1309, 4, 31, NULL, 'quantity', 4, 0, 0),
(1310, 4, 31, NULL, 'condition', 5, 0, 0),
(1311, 4, 31, NULL, 'weight', 6, 0, 0),
(1312, 4, 31, NULL, 'price', 7, 0, 0),
(1313, 4, 31, 3, 'id_attribute_group', 8, 0, 0),
(1314, 4, 31, 4, 'id_attribute_group', 9, 0, 0),
(1315, 4, 32, NULL, 'category', 1, 0, 0),
(1316, 4, 32, 1, 'id_attribute_group', 2, 0, 0),
(1317, 4, 32, 2, 'id_attribute_group', 3, 0, 0),
(1318, 4, 32, NULL, 'quantity', 4, 0, 0),
(1319, 4, 32, NULL, 'condition', 5, 0, 0),
(1320, 4, 32, NULL, 'weight', 6, 0, 0),
(1321, 4, 32, NULL, 'price', 7, 0, 0),
(1322, 4, 32, 3, 'id_attribute_group', 8, 0, 0),
(1323, 4, 32, 4, 'id_attribute_group', 9, 0, 0),
(1324, 4, 33, NULL, 'category', 1, 0, 0),
(1325, 4, 33, 1, 'id_attribute_group', 2, 0, 0),
(1326, 4, 33, 2, 'id_attribute_group', 3, 0, 0),
(1327, 4, 33, NULL, 'quantity', 4, 0, 0),
(1328, 4, 33, NULL, 'condition', 5, 0, 0),
(1329, 4, 33, NULL, 'weight', 6, 0, 0),
(1330, 4, 33, NULL, 'price', 7, 0, 0),
(1331, 4, 33, 3, 'id_attribute_group', 8, 0, 0),
(1332, 4, 33, 4, 'id_attribute_group', 9, 0, 0),
(1333, 4, 34, NULL, 'category', 1, 0, 0),
(1334, 4, 34, 1, 'id_attribute_group', 2, 0, 0),
(1335, 4, 34, 2, 'id_attribute_group', 3, 0, 0),
(1336, 4, 34, NULL, 'quantity', 4, 0, 0),
(1337, 4, 34, NULL, 'condition', 5, 0, 0),
(1338, 4, 34, NULL, 'weight', 6, 0, 0),
(1339, 4, 34, NULL, 'price', 7, 0, 0),
(1340, 4, 34, 3, 'id_attribute_group', 8, 0, 0),
(1341, 4, 34, 4, 'id_attribute_group', 9, 0, 0),
(1342, 4, 35, NULL, 'category', 1, 0, 0),
(1343, 4, 35, 1, 'id_attribute_group', 2, 0, 0),
(1344, 4, 35, 2, 'id_attribute_group', 3, 0, 0),
(1345, 4, 35, NULL, 'quantity', 4, 0, 0),
(1346, 4, 35, NULL, 'condition', 5, 0, 0),
(1347, 4, 35, NULL, 'weight', 6, 0, 0),
(1348, 4, 35, NULL, 'price', 7, 0, 0),
(1349, 4, 35, 3, 'id_attribute_group', 8, 0, 0),
(1350, 4, 35, 4, 'id_attribute_group', 9, 0, 0),
(1351, 4, 36, NULL, 'category', 1, 0, 0),
(1352, 4, 36, 1, 'id_attribute_group', 2, 0, 0),
(1353, 4, 36, 2, 'id_attribute_group', 3, 0, 0),
(1354, 4, 36, NULL, 'quantity', 4, 0, 0),
(1355, 4, 36, NULL, 'condition', 5, 0, 0),
(1356, 4, 36, NULL, 'weight', 6, 0, 0),
(1357, 4, 36, NULL, 'price', 7, 0, 0),
(1358, 4, 36, 3, 'id_attribute_group', 8, 0, 0),
(1359, 4, 36, 4, 'id_attribute_group', 9, 0, 0),
(1360, 4, 37, NULL, 'category', 1, 0, 0),
(1361, 4, 37, 1, 'id_attribute_group', 2, 0, 0),
(1362, 4, 37, 2, 'id_attribute_group', 3, 0, 0),
(1363, 4, 37, NULL, 'quantity', 4, 0, 0),
(1364, 4, 37, NULL, 'condition', 5, 0, 0),
(1365, 4, 37, NULL, 'weight', 6, 0, 0),
(1366, 4, 37, NULL, 'price', 7, 0, 0),
(1367, 4, 37, 3, 'id_attribute_group', 8, 0, 0),
(1368, 4, 37, 4, 'id_attribute_group', 9, 0, 0),
(1369, 4, 40, NULL, 'category', 1, 0, 0),
(1370, 4, 40, 1, 'id_attribute_group', 2, 0, 0),
(1371, 4, 40, 2, 'id_attribute_group', 3, 0, 0),
(1372, 4, 40, NULL, 'quantity', 4, 0, 0),
(1373, 4, 40, NULL, 'condition', 5, 0, 0),
(1374, 4, 40, NULL, 'weight', 6, 0, 0),
(1375, 4, 40, NULL, 'price', 7, 0, 0),
(1376, 4, 40, 3, 'id_attribute_group', 8, 0, 0),
(1377, 4, 40, 4, 'id_attribute_group', 9, 0, 0),
(1378, 4, 41, NULL, 'category', 1, 0, 0),
(1379, 4, 41, 1, 'id_attribute_group', 2, 0, 0),
(1380, 4, 41, 2, 'id_attribute_group', 3, 0, 0),
(1381, 4, 41, NULL, 'quantity', 4, 0, 0),
(1382, 4, 41, NULL, 'condition', 5, 0, 0),
(1383, 4, 41, NULL, 'weight', 6, 0, 0),
(1384, 4, 41, NULL, 'price', 7, 0, 0),
(1385, 4, 41, 3, 'id_attribute_group', 8, 0, 0),
(1386, 4, 41, 4, 'id_attribute_group', 9, 0, 0),
(1387, 4, 42, NULL, 'category', 1, 0, 0),
(1388, 4, 42, 1, 'id_attribute_group', 2, 0, 0),
(1389, 4, 42, 2, 'id_attribute_group', 3, 0, 0),
(1390, 4, 42, NULL, 'quantity', 4, 0, 0),
(1391, 4, 42, NULL, 'condition', 5, 0, 0),
(1392, 4, 42, NULL, 'weight', 6, 0, 0),
(1393, 4, 42, NULL, 'price', 7, 0, 0),
(1394, 4, 42, 3, 'id_attribute_group', 8, 0, 0),
(1395, 4, 42, 4, 'id_attribute_group', 9, 0, 0),
(1396, 4, 43, NULL, 'category', 1, 0, 0),
(1397, 4, 43, 1, 'id_attribute_group', 2, 0, 0),
(1398, 4, 43, 2, 'id_attribute_group', 3, 0, 0),
(1399, 4, 43, NULL, 'quantity', 4, 0, 0),
(1400, 4, 43, NULL, 'condition', 5, 0, 0),
(1401, 4, 43, NULL, 'weight', 6, 0, 0),
(1402, 4, 43, NULL, 'price', 7, 0, 0),
(1403, 4, 43, 3, 'id_attribute_group', 8, 0, 0),
(1404, 4, 43, 4, 'id_attribute_group', 9, 0, 0),
(1405, 4, 44, NULL, 'category', 1, 0, 0),
(1406, 4, 44, 1, 'id_attribute_group', 2, 0, 0),
(1407, 4, 44, 2, 'id_attribute_group', 3, 0, 0),
(1408, 4, 44, NULL, 'quantity', 4, 0, 0),
(1409, 4, 44, NULL, 'condition', 5, 0, 0),
(1410, 4, 44, NULL, 'weight', 6, 0, 0),
(1411, 4, 44, NULL, 'price', 7, 0, 0),
(1412, 4, 44, 3, 'id_attribute_group', 8, 0, 0),
(1413, 4, 44, 4, 'id_attribute_group', 9, 0, 0),
(1414, 4, 45, NULL, 'category', 1, 0, 0),
(1415, 4, 45, 1, 'id_attribute_group', 2, 0, 0),
(1416, 4, 45, 2, 'id_attribute_group', 3, 0, 0),
(1417, 4, 45, NULL, 'quantity', 4, 0, 0),
(1418, 4, 45, NULL, 'condition', 5, 0, 0),
(1419, 4, 45, NULL, 'weight', 6, 0, 0),
(1420, 4, 45, NULL, 'price', 7, 0, 0),
(1421, 4, 45, 3, 'id_attribute_group', 8, 0, 0),
(1422, 4, 45, 4, 'id_attribute_group', 9, 0, 0),
(1423, 4, 46, NULL, 'category', 1, 0, 0),
(1424, 4, 46, 1, 'id_attribute_group', 2, 0, 0),
(1425, 4, 46, 2, 'id_attribute_group', 3, 0, 0),
(1426, 4, 46, NULL, 'quantity', 4, 0, 0),
(1427, 4, 46, NULL, 'condition', 5, 0, 0),
(1428, 4, 46, NULL, 'weight', 6, 0, 0),
(1429, 4, 46, NULL, 'price', 7, 0, 0),
(1430, 4, 46, 3, 'id_attribute_group', 8, 0, 0),
(1431, 4, 46, 4, 'id_attribute_group', 9, 0, 0),
(1432, 4, 38, NULL, 'category', 1, 0, 0),
(1433, 4, 38, 1, 'id_attribute_group', 2, 0, 0),
(1434, 4, 38, 2, 'id_attribute_group', 3, 0, 0),
(1435, 4, 38, NULL, 'quantity', 4, 0, 0),
(1436, 4, 38, NULL, 'condition', 5, 0, 0),
(1437, 4, 38, NULL, 'weight', 6, 0, 0),
(1438, 4, 38, NULL, 'price', 7, 0, 0),
(1439, 4, 38, 3, 'id_attribute_group', 8, 0, 0),
(1440, 4, 38, 4, 'id_attribute_group', 9, 0, 0),
(1441, 4, 47, NULL, 'category', 1, 0, 0),
(1442, 4, 47, 1, 'id_attribute_group', 2, 0, 0),
(1443, 4, 47, 2, 'id_attribute_group', 3, 0, 0),
(1444, 4, 47, NULL, 'quantity', 4, 0, 0),
(1445, 4, 47, NULL, 'condition', 5, 0, 0),
(1446, 4, 47, NULL, 'weight', 6, 0, 0),
(1447, 4, 47, NULL, 'price', 7, 0, 0),
(1448, 4, 47, 3, 'id_attribute_group', 8, 0, 0),
(1449, 4, 47, 4, 'id_attribute_group', 9, 0, 0),
(1450, 4, 48, NULL, 'category', 1, 0, 0),
(1451, 4, 48, 1, 'id_attribute_group', 2, 0, 0),
(1452, 4, 48, 2, 'id_attribute_group', 3, 0, 0),
(1453, 4, 48, NULL, 'quantity', 4, 0, 0),
(1454, 4, 48, NULL, 'condition', 5, 0, 0),
(1455, 4, 48, NULL, 'weight', 6, 0, 0),
(1456, 4, 48, NULL, 'price', 7, 0, 0),
(1457, 4, 48, 3, 'id_attribute_group', 8, 0, 0),
(1458, 4, 48, 4, 'id_attribute_group', 9, 0, 0),
(1459, 4, 49, NULL, 'category', 1, 0, 0),
(1460, 4, 49, 1, 'id_attribute_group', 2, 0, 0),
(1461, 4, 49, 2, 'id_attribute_group', 3, 0, 0),
(1462, 4, 49, NULL, 'quantity', 4, 0, 0),
(1463, 4, 49, NULL, 'condition', 5, 0, 0),
(1464, 4, 49, NULL, 'weight', 6, 0, 0),
(1465, 4, 49, NULL, 'price', 7, 0, 0),
(1466, 4, 49, 3, 'id_attribute_group', 8, 0, 0),
(1467, 4, 49, 4, 'id_attribute_group', 9, 0, 0),
(1468, 4, 50, NULL, 'category', 1, 0, 0),
(1469, 4, 50, 1, 'id_attribute_group', 2, 0, 0),
(1470, 4, 50, 2, 'id_attribute_group', 3, 0, 0),
(1471, 4, 50, NULL, 'quantity', 4, 0, 0),
(1472, 4, 50, NULL, 'condition', 5, 0, 0),
(1473, 4, 50, NULL, 'weight', 6, 0, 0),
(1474, 4, 50, NULL, 'price', 7, 0, 0),
(1475, 4, 50, 3, 'id_attribute_group', 8, 0, 0),
(1476, 4, 50, 4, 'id_attribute_group', 9, 0, 0),
(1477, 4, 51, NULL, 'category', 1, 0, 0),
(1478, 4, 51, 1, 'id_attribute_group', 2, 0, 0),
(1479, 4, 51, 2, 'id_attribute_group', 3, 0, 0),
(1480, 4, 51, NULL, 'quantity', 4, 0, 0),
(1481, 4, 51, NULL, 'condition', 5, 0, 0),
(1482, 4, 51, NULL, 'weight', 6, 0, 0),
(1483, 4, 51, NULL, 'price', 7, 0, 0),
(1484, 4, 51, 3, 'id_attribute_group', 8, 0, 0),
(1485, 4, 51, 4, 'id_attribute_group', 9, 0, 0),
(1486, 4, 52, NULL, 'category', 1, 0, 0),
(1487, 4, 52, 1, 'id_attribute_group', 2, 0, 0),
(1488, 4, 52, 2, 'id_attribute_group', 3, 0, 0),
(1489, 4, 52, NULL, 'quantity', 4, 0, 0),
(1490, 4, 52, NULL, 'condition', 5, 0, 0),
(1491, 4, 52, NULL, 'weight', 6, 0, 0),
(1492, 4, 52, NULL, 'price', 7, 0, 0),
(1493, 4, 52, 3, 'id_attribute_group', 8, 0, 0),
(1494, 4, 52, 4, 'id_attribute_group', 9, 0, 0),
(1495, 4, 53, NULL, 'category', 1, 0, 0),
(1496, 4, 53, 1, 'id_attribute_group', 2, 0, 0),
(1497, 4, 53, 2, 'id_attribute_group', 3, 0, 0),
(1498, 4, 53, NULL, 'quantity', 4, 0, 0),
(1499, 4, 53, NULL, 'condition', 5, 0, 0),
(1500, 4, 53, NULL, 'weight', 6, 0, 0),
(1501, 4, 53, NULL, 'price', 7, 0, 0),
(1502, 4, 53, 3, 'id_attribute_group', 8, 0, 0),
(1503, 4, 53, 4, 'id_attribute_group', 9, 0, 0),
(1504, 4, 54, NULL, 'category', 1, 0, 0),
(1505, 4, 54, 1, 'id_attribute_group', 2, 0, 0),
(1506, 4, 54, 2, 'id_attribute_group', 3, 0, 0),
(1507, 4, 54, NULL, 'quantity', 4, 0, 0),
(1508, 4, 54, NULL, 'condition', 5, 0, 0),
(1509, 4, 54, NULL, 'weight', 6, 0, 0),
(1510, 4, 54, NULL, 'price', 7, 0, 0),
(1511, 4, 54, 3, 'id_attribute_group', 8, 0, 0),
(1512, 4, 54, 4, 'id_attribute_group', 9, 0, 0),
(1513, 4, 55, NULL, 'category', 1, 0, 0),
(1514, 4, 55, 1, 'id_attribute_group', 2, 0, 0),
(1515, 4, 55, 2, 'id_attribute_group', 3, 0, 0),
(1516, 4, 55, NULL, 'quantity', 4, 0, 0),
(1517, 4, 55, NULL, 'condition', 5, 0, 0),
(1518, 4, 55, NULL, 'weight', 6, 0, 0),
(1519, 4, 55, NULL, 'price', 7, 0, 0),
(1520, 4, 55, 3, 'id_attribute_group', 8, 0, 0),
(1521, 4, 55, 4, 'id_attribute_group', 9, 0, 0),
(1522, 4, 39, NULL, 'category', 1, 0, 0),
(1523, 4, 39, 1, 'id_attribute_group', 2, 0, 0),
(1524, 4, 39, 2, 'id_attribute_group', 3, 0, 0),
(1525, 4, 39, NULL, 'quantity', 4, 0, 0),
(1526, 4, 39, NULL, 'condition', 5, 0, 0),
(1527, 4, 39, NULL, 'weight', 6, 0, 0),
(1528, 4, 39, NULL, 'price', 7, 0, 0),
(1529, 4, 39, 3, 'id_attribute_group', 8, 0, 0),
(1530, 4, 39, 4, 'id_attribute_group', 9, 0, 0),
(1531, 4, 63, NULL, 'category', 1, 0, 0),
(1532, 4, 63, 1, 'id_attribute_group', 2, 0, 0),
(1533, 4, 63, 2, 'id_attribute_group', 3, 0, 0),
(1534, 4, 63, NULL, 'quantity', 4, 0, 0),
(1535, 4, 63, NULL, 'condition', 5, 0, 0),
(1536, 4, 63, NULL, 'weight', 6, 0, 0),
(1537, 4, 63, NULL, 'price', 7, 0, 0),
(1538, 4, 63, 3, 'id_attribute_group', 8, 0, 0),
(1539, 4, 63, 4, 'id_attribute_group', 9, 0, 0),
(1540, 4, 65, NULL, 'category', 1, 0, 0),
(1541, 4, 65, 1, 'id_attribute_group', 2, 0, 0),
(1542, 4, 65, 2, 'id_attribute_group', 3, 0, 0),
(1543, 4, 65, NULL, 'quantity', 4, 0, 0),
(1544, 4, 65, NULL, 'condition', 5, 0, 0),
(1545, 4, 65, NULL, 'weight', 6, 0, 0),
(1546, 4, 65, NULL, 'price', 7, 0, 0),
(1547, 4, 65, 3, 'id_attribute_group', 8, 0, 0),
(1548, 4, 65, 4, 'id_attribute_group', 9, 0, 0),
(1549, 4, 66, NULL, 'category', 1, 0, 0),
(1550, 4, 66, 1, 'id_attribute_group', 2, 0, 0),
(1551, 4, 66, 2, 'id_attribute_group', 3, 0, 0),
(1552, 4, 66, NULL, 'quantity', 4, 0, 0),
(1553, 4, 66, NULL, 'condition', 5, 0, 0),
(1554, 4, 66, NULL, 'weight', 6, 0, 0),
(1555, 4, 66, NULL, 'price', 7, 0, 0),
(1556, 4, 66, 3, 'id_attribute_group', 8, 0, 0),
(1557, 4, 66, 4, 'id_attribute_group', 9, 0, 0),
(1558, 4, 67, NULL, 'category', 1, 0, 0),
(1559, 4, 67, 1, 'id_attribute_group', 2, 0, 0),
(1560, 4, 67, 2, 'id_attribute_group', 3, 0, 0),
(1561, 4, 67, NULL, 'quantity', 4, 0, 0),
(1562, 4, 67, NULL, 'condition', 5, 0, 0),
(1563, 4, 67, NULL, 'weight', 6, 0, 0),
(1564, 4, 67, NULL, 'price', 7, 0, 0),
(1565, 4, 67, 3, 'id_attribute_group', 8, 0, 0),
(1566, 4, 67, 4, 'id_attribute_group', 9, 0, 0),
(1567, 4, 68, NULL, 'category', 1, 0, 0),
(1568, 4, 68, 1, 'id_attribute_group', 2, 0, 0),
(1569, 4, 68, 2, 'id_attribute_group', 3, 0, 0),
(1570, 4, 68, NULL, 'quantity', 4, 0, 0),
(1571, 4, 68, NULL, 'condition', 5, 0, 0),
(1572, 4, 68, NULL, 'weight', 6, 0, 0),
(1573, 4, 68, NULL, 'price', 7, 0, 0),
(1574, 4, 68, 3, 'id_attribute_group', 8, 0, 0),
(1575, 4, 68, 4, 'id_attribute_group', 9, 0, 0),
(1576, 4, 64, NULL, 'category', 1, 0, 0),
(1577, 4, 64, 1, 'id_attribute_group', 2, 0, 0),
(1578, 4, 64, 2, 'id_attribute_group', 3, 0, 0),
(1579, 4, 64, NULL, 'quantity', 4, 0, 0),
(1580, 4, 64, NULL, 'condition', 5, 0, 0),
(1581, 4, 64, NULL, 'weight', 6, 0, 0),
(1582, 4, 64, NULL, 'price', 7, 0, 0),
(1583, 4, 64, 3, 'id_attribute_group', 8, 0, 0),
(1584, 4, 64, 4, 'id_attribute_group', 9, 0, 0),
(1585, 4, 69, NULL, 'category', 1, 0, 0),
(1586, 4, 69, 1, 'id_attribute_group', 2, 0, 0),
(1587, 4, 69, 2, 'id_attribute_group', 3, 0, 0),
(1588, 4, 69, NULL, 'quantity', 4, 0, 0),
(1589, 4, 69, NULL, 'condition', 5, 0, 0),
(1590, 4, 69, NULL, 'weight', 6, 0, 0),
(1591, 4, 69, NULL, 'price', 7, 0, 0),
(1592, 4, 69, 3, 'id_attribute_group', 8, 0, 0),
(1593, 4, 69, 4, 'id_attribute_group', 9, 0, 0),
(1594, 4, 70, NULL, 'category', 1, 0, 0),
(1595, 4, 70, 1, 'id_attribute_group', 2, 0, 0),
(1596, 4, 70, 2, 'id_attribute_group', 3, 0, 0),
(1597, 4, 70, NULL, 'quantity', 4, 0, 0),
(1598, 4, 70, NULL, 'condition', 5, 0, 0),
(1599, 4, 70, NULL, 'weight', 6, 0, 0),
(1600, 4, 70, NULL, 'price', 7, 0, 0),
(1601, 4, 70, 3, 'id_attribute_group', 8, 0, 0),
(1602, 4, 70, 4, 'id_attribute_group', 9, 0, 0),
(1603, 4, 71, NULL, 'category', 1, 0, 0),
(1604, 4, 71, 1, 'id_attribute_group', 2, 0, 0),
(1605, 4, 71, 2, 'id_attribute_group', 3, 0, 0),
(1606, 4, 71, NULL, 'quantity', 4, 0, 0),
(1607, 4, 71, NULL, 'condition', 5, 0, 0),
(1608, 4, 71, NULL, 'weight', 6, 0, 0),
(1609, 4, 71, NULL, 'price', 7, 0, 0),
(1610, 4, 71, 3, 'id_attribute_group', 8, 0, 0),
(1611, 4, 71, 4, 'id_attribute_group', 9, 0, 0),
(1612, 4, 72, NULL, 'category', 1, 0, 0),
(1613, 4, 72, 1, 'id_attribute_group', 2, 0, 0),
(1614, 4, 72, 2, 'id_attribute_group', 3, 0, 0),
(1615, 4, 72, NULL, 'quantity', 4, 0, 0),
(1616, 4, 72, NULL, 'condition', 5, 0, 0),
(1617, 4, 72, NULL, 'weight', 6, 0, 0),
(1618, 4, 72, NULL, 'price', 7, 0, 0),
(1619, 4, 72, 3, 'id_attribute_group', 8, 0, 0),
(1620, 4, 72, 4, 'id_attribute_group', 9, 0, 0);

-- --------------------------------------------------------

--
-- Structure de la table `ps_layered_filter`
--

CREATE TABLE `ps_layered_filter` (
  `id_layered_filter` int(10) UNSIGNED NOT NULL,
  `name` varchar(64) NOT NULL,
  `filters` longtext,
  `n_categories` int(10) UNSIGNED NOT NULL,
  `date_add` datetime NOT NULL
) ENGINE=InnoDB DEFAULT CHARSET=utf8;

--
-- Déchargement des données de la table `ps_layered_filter`
--

INSERT INTO `ps_layered_filter` (`id_layered_filter`, `name`, `filters`, `n_categories`, `date_add`) VALUES
(1, 'My template 2020-02-19', 'a:11:{s:9:\"shop_list\";a:4:{i:0;i:2;i:1;i:1;i:2;i:3;i:3;i:4;}s:10:\"categories\";a:45:{i:0;i:2;i:2;i:22;i:3;i:24;i:4;i:25;i:5;i:26;i:6;i:27;i:7;i:28;i:8;i:29;i:9;i:23;i:10;i:30;i:11;i:31;i:12;i:32;i:13;i:33;i:14;i:34;i:15;i:35;i:16;i:36;i:18;i:37;i:19;i:40;i:20;i:41;i:21;i:42;i:22;i:43;i:23;i:44;i:24;i:45;i:25;i:46;i:26;i:38;i:27;i:47;i:28;i:48;i:29;i:49;i:30;i:50;i:31;i:51;i:32;i:52;i:33;i:53;i:34;i:54;i:35;i:55;i:36;i:39;i:38;i:63;i:39;i:65;i:40;i:66;i:41;i:67;i:42;i:68;i:43;i:64;i:44;i:69;i:45;i:70;i:46;i:71;i:47;i:72;}s:31:\"layered_selection_subcategories\";a:2:{s:11:\"filter_type\";i:0;s:17:\"filter_show_limit\";i:0;}s:22:\"layered_selection_ag_1\";a:2:{s:11:\"filter_type\";i:0;s:17:\"filter_show_limit\";i:0;}s:22:\"layered_selection_ag_2\";a:2:{s:11:\"filter_type\";i:0;s:17:\"filter_show_limit\";i:0;}s:23:\"layered_selection_stock\";a:2:{s:11:\"filter_type\";i:0;s:17:\"filter_show_limit\";i:0;}s:27:\"layered_selection_condition\";a:2:{s:11:\"filter_type\";i:0;s:17:\"filter_show_limit\";i:0;}s:31:\"layered_selection_weight_slider\";a:2:{s:11:\"filter_type\";i:0;s:17:\"filter_show_limit\";i:0;}s:30:\"layered_selection_price_slider\";a:2:{s:11:\"filter_type\";i:0;s:17:\"filter_show_limit\";i:0;}s:22:\"layered_selection_ag_3\";a:2:{s:11:\"filter_type\";i:0;s:17:\"filter_show_limit\";i:0;}s:22:\"layered_selection_ag_4\";a:2:{s:11:\"filter_type\";i:0;s:17:\"filter_show_limit\";i:0;}}', 54, '2020-02-19 13:22:16');

-- --------------------------------------------------------

--
-- Structure de la table `ps_layered_filter_block`
--

CREATE TABLE `ps_layered_filter_block` (
  `hash` char(32) NOT NULL DEFAULT '',
  `data` text
) ENGINE=InnoDB DEFAULT CHARSET=utf8;

--
-- Déchargement des données de la table `ps_layered_filter_block`
--

INSERT INTO `ps_layered_filter_block` (`hash`, `data`) VALUES
('05a94d77e9f3979ff3efa4113303da32', 'a:1:{s:7:\"filters\";a:0:{}}'),
('1d16428186ce9f6eccdba2bf691562d5', 'a:1:{s:7:\"filters\";a:0:{}}'),
('4bdd7edb64983d4a7727f32fcf788cb2', 'a:1:{s:7:\"filters\";a:0:{}}'),
('5d77e71f02f352383655501c83b6b663', 'a:1:{s:7:\"filters\";a:0:{}}'),
('8c2cfb9d4ffad8da86211d74f1f645af', 'a:1:{s:7:\"filters\";a:0:{}}'),
('e1e34b597279afacbdb9ad6af38bbb28', 'a:1:{s:7:\"filters\";a:0:{}}'),
('f32269a55cebb791278b76fdbdec2dc8', 'a:1:{s:7:\"filters\";a:0:{}}'),
('f90ca63037cdb55b034c8022fe9f91f1', 'a:1:{s:7:\"filters\";a:0:{}}'),
('fe4b7caa0c3f297383f1f7fb768ebc69', 'a:1:{s:7:\"filters\";a:0:{}}');

-- --------------------------------------------------------

--
-- Structure de la table `ps_layered_filter_shop`
--

CREATE TABLE `ps_layered_filter_shop` (
  `id_layered_filter` int(10) UNSIGNED NOT NULL,
  `id_shop` int(11) UNSIGNED NOT NULL
) ENGINE=InnoDB DEFAULT CHARSET=utf8;

--
-- Déchargement des données de la table `ps_layered_filter_shop`
--

INSERT INTO `ps_layered_filter_shop` (`id_layered_filter`, `id_shop`) VALUES
(1, 1),
(1, 2),
(1, 3),
(1, 4);

-- --------------------------------------------------------

--
-- Structure de la table `ps_layered_indexable_attribute_group`
--

CREATE TABLE `ps_layered_indexable_attribute_group` (
  `id_attribute_group` int(11) NOT NULL,
  `indexable` tinyint(1) NOT NULL DEFAULT '0'
) ENGINE=InnoDB DEFAULT CHARSET=utf8;

--
-- Déchargement des données de la table `ps_layered_indexable_attribute_group`
--

INSERT INTO `ps_layered_indexable_attribute_group` (`id_attribute_group`, `indexable`) VALUES
(1, 1),
(2, 1),
(3, 1),
(4, 1);

-- --------------------------------------------------------

--
-- Structure de la table `ps_layered_indexable_attribute_group_lang_value`
--

CREATE TABLE `ps_layered_indexable_attribute_group_lang_value` (
  `id_attribute_group` int(11) NOT NULL,
  `id_lang` int(11) NOT NULL,
  `url_name` varchar(128) DEFAULT NULL,
  `meta_title` varchar(128) DEFAULT NULL
) ENGINE=InnoDB DEFAULT CHARSET=utf8;

-- --------------------------------------------------------

--
-- Structure de la table `ps_layered_indexable_attribute_lang_value`
--

CREATE TABLE `ps_layered_indexable_attribute_lang_value` (
  `id_attribute` int(11) NOT NULL,
  `id_lang` int(11) NOT NULL,
  `url_name` varchar(128) DEFAULT NULL,
  `meta_title` varchar(128) DEFAULT NULL
) ENGINE=InnoDB DEFAULT CHARSET=utf8;

--
-- Déchargement des données de la table `ps_layered_indexable_attribute_lang_value`
--

INSERT INTO `ps_layered_indexable_attribute_lang_value` (`id_attribute`, `id_lang`, `url_name`, `meta_title`) VALUES
(26, 2, '', '200x50cm');

-- --------------------------------------------------------

--
-- Structure de la table `ps_layered_indexable_feature`
--

CREATE TABLE `ps_layered_indexable_feature` (
  `id_feature` int(11) NOT NULL,
  `indexable` tinyint(1) NOT NULL DEFAULT '0'
) ENGINE=InnoDB DEFAULT CHARSET=utf8;

--
-- Déchargement des données de la table `ps_layered_indexable_feature`
--

INSERT INTO `ps_layered_indexable_feature` (`id_feature`, `indexable`) VALUES
(1, 1),
(2, 1),
(3, 1),
(4, 1),
(5, 1);

-- --------------------------------------------------------

--
-- Structure de la table `ps_layered_indexable_feature_lang_value`
--

CREATE TABLE `ps_layered_indexable_feature_lang_value` (
  `id_feature` int(11) NOT NULL,
  `id_lang` int(11) NOT NULL,
  `url_name` varchar(128) NOT NULL,
  `meta_title` varchar(128) DEFAULT NULL
) ENGINE=InnoDB DEFAULT CHARSET=utf8;

-- --------------------------------------------------------

--
-- Structure de la table `ps_layered_indexable_feature_value_lang_value`
--

CREATE TABLE `ps_layered_indexable_feature_value_lang_value` (
  `id_feature_value` int(11) NOT NULL,
  `id_lang` int(11) NOT NULL,
  `url_name` varchar(128) DEFAULT NULL,
  `meta_title` varchar(128) DEFAULT NULL
) ENGINE=InnoDB DEFAULT CHARSET=utf8;

-- --------------------------------------------------------

--
-- Structure de la table `ps_layered_price_index`
--

CREATE TABLE `ps_layered_price_index` (
  `id_product` int(11) NOT NULL,
  `id_currency` int(11) NOT NULL,
  `id_shop` int(11) NOT NULL,
  `price_min` decimal(11,5) NOT NULL,
  `price_max` decimal(11,5) NOT NULL,
  `id_country` int(11) NOT NULL
) ENGINE=InnoDB DEFAULT CHARSET=utf8;

--
-- Déchargement des données de la table `ps_layered_price_index`
--

INSERT INTO `ps_layered_price_index` (`id_product`, `id_currency`, `id_shop`, `price_min`, `price_max`, `id_country`) VALUES
(1, 1, 1, 68.70000, 68.70000, 21),
(1, 1, 2, 63.89100, 63.89100, 21),
(1, 1, 3, 68.70000, 68.70000, 21),
(1, 1, 4, 62.51700, 62.51700, 21),
(1, 2, 1, 68.70000, 68.70000, 21),
(1, 2, 2, 63.89100, 63.89100, 21),
(1, 2, 3, 68.70000, 68.70000, 21),
(1, 2, 4, 62.51700, 62.51700, 21),
(2, 1, 1, 68.17000, 68.17000, 21),
(2, 1, 2, 74.58600, 74.58600, 21),
(2, 1, 3, 75.38800, 75.38800, 21),
(2, 1, 4, 74.58600, 74.58600, 21),
(2, 2, 1, 68.17000, 68.17000, 21),
(2, 2, 2, 74.58600, 74.58600, 21),
(2, 2, 3, 75.38800, 75.38800, 21),
(2, 2, 4, 74.58600, 74.58600, 21),
(3, 1, 1, 53.40000, 53.40000, 21),
(3, 1, 2, 53.40000, 53.40000, 21),
(3, 1, 3, 53.40000, 53.40000, 21),
(3, 1, 4, 53.40000, 53.40000, 21),
(3, 2, 1, 53.40000, 53.40000, 21),
(3, 2, 2, 53.40000, 53.40000, 21),
(3, 2, 3, 53.40000, 53.40000, 21),
(3, 2, 4, 53.40000, 53.40000, 21),
(4, 1, 1, 65.30000, 65.30000, 21),
(4, 1, 2, 65.30000, 65.30000, 21),
(4, 1, 3, 65.30000, 65.30000, 21),
(4, 1, 4, 65.30000, 65.30000, 21),
(4, 2, 1, 65.30000, 65.30000, 21),
(4, 2, 2, 65.30000, 65.30000, 21),
(4, 2, 3, 65.30000, 65.30000, 21),
(4, 2, 4, 65.30000, 65.30000, 21),
(5, 1, 1, 63.79100, 63.79100, 21),
(5, 1, 2, 70.10000, 70.10000, 21),
(5, 1, 3, 70.10000, 70.10000, 21),
(5, 1, 4, 64.49200, 64.49200, 21),
(5, 2, 1, 63.79100, 63.79100, 21),
(5, 2, 2, 70.10000, 70.10000, 21),
(5, 2, 3, 70.10000, 70.10000, 21),
(5, 2, 4, 64.49200, 64.49200, 21),
(8, 1, 1, 67.30000, 67.30000, 21),
(8, 1, 2, 67.30000, 67.30000, 21),
(8, 1, 3, 67.30000, 67.30000, 21),
(8, 1, 4, 67.30000, 67.30000, 21),
(8, 2, 1, 67.30000, 67.30000, 21),
(8, 2, 2, 67.30000, 67.30000, 21),
(8, 2, 3, 67.30000, 67.30000, 21),
(8, 2, 4, 67.30000, 67.30000, 21),
(12, 1, 1, 65.80000, 65.80000, 21),
(12, 1, 2, 65.80000, 65.80000, 21),
(12, 1, 3, 65.80000, 65.80000, 21),
(12, 1, 4, 65.80000, 65.80000, 21),
(12, 2, 1, 65.80000, 65.80000, 21),
(12, 2, 2, 65.80000, 65.80000, 21),
(12, 2, 3, 65.80000, 65.80000, 21),
(12, 2, 4, 65.80000, 65.80000, 21),
(13, 1, 1, 80.90000, 80.90000, 21),
(13, 1, 2, 80.90000, 80.90000, 21),
(13, 1, 3, 75.23700, 75.23700, 21),
(13, 1, 4, 80.90000, 80.90000, 21),
(13, 2, 1, 80.90000, 80.90000, 21),
(13, 2, 2, 80.90000, 80.90000, 21),
(13, 2, 3, 75.23700, 75.23700, 21),
(13, 2, 4, 80.90000, 80.90000, 21),
(14, 1, 1, 71.06400, 71.06400, 21),
(14, 1, 2, 75.60000, 75.60000, 21),
(14, 1, 3, 75.60000, 75.60000, 21),
(14, 1, 4, 75.60000, 75.60000, 21),
(14, 2, 1, 71.06400, 71.06400, 21),
(14, 2, 2, 75.60000, 75.60000, 21),
(14, 2, 3, 75.60000, 75.60000, 21),
(14, 2, 4, 75.60000, 75.60000, 21),
(20, 1, 1, 68.70000, 68.70000, 21),
(20, 1, 2, 68.70000, 68.70000, 21),
(20, 1, 3, 68.70000, 68.70000, 21),
(20, 1, 4, 64.57800, 64.57800, 21),
(20, 2, 1, 68.70000, 68.70000, 21),
(20, 2, 2, 68.70000, 68.70000, 21),
(20, 2, 3, 68.70000, 68.70000, 21),
(20, 2, 4, 64.57800, 64.57800, 21),
(21, 1, 1, 80.20000, 80.20000, 21),
(21, 1, 2, 80.20000, 80.20000, 21),
(21, 1, 3, 80.20000, 80.20000, 21),
(21, 1, 4, 80.20000, 80.20000, 21),
(21, 2, 1, 80.20000, 80.20000, 21),
(21, 2, 2, 80.20000, 80.20000, 21),
(21, 2, 3, 80.20000, 80.20000, 21),
(21, 2, 4, 80.20000, 80.20000, 21),
(22, 1, 1, 53.40000, 53.40000, 21),
(22, 1, 2, 53.40000, 53.40000, 21),
(22, 1, 3, 53.40000, 53.40000, 21),
(22, 1, 4, 53.40000, 53.40000, 21),
(22, 2, 1, 53.40000, 53.40000, 21),
(22, 2, 2, 53.40000, 53.40000, 21),
(22, 2, 3, 53.40000, 53.40000, 21),
(22, 2, 4, 53.40000, 53.40000, 21),
(23, 1, 1, 65.30000, 65.30000, 21),
(23, 1, 2, 65.30000, 65.30000, 21),
(23, 1, 3, 65.30000, 65.30000, 21),
(23, 1, 4, 61.38200, 61.38200, 21),
(23, 2, 1, 65.30000, 65.30000, 21),
(23, 2, 2, 65.30000, 65.30000, 21),
(23, 2, 3, 65.30000, 65.30000, 21),
(23, 2, 4, 61.38200, 61.38200, 21),
(24, 1, 1, 63.79100, 63.79100, 21),
(24, 1, 2, 65.19300, 65.19300, 21),
(24, 1, 3, 63.79100, 63.79100, 21),
(24, 1, 4, 63.79100, 63.79100, 21),
(24, 2, 1, 63.79100, 63.79100, 21),
(24, 2, 2, 65.19300, 65.19300, 21),
(24, 2, 3, 63.79100, 63.79100, 21),
(24, 2, 4, 63.79100, 63.79100, 21),
(25, 1, 1, 67.30000, 67.30000, 21),
(25, 1, 2, 67.30000, 67.30000, 21),
(25, 1, 3, 67.30000, 67.30000, 21),
(25, 1, 4, 67.30000, 67.30000, 21),
(25, 2, 1, 67.30000, 67.30000, 21),
(25, 2, 2, 67.30000, 67.30000, 21),
(25, 2, 3, 67.30000, 67.30000, 21),
(25, 2, 4, 67.30000, 67.30000, 21),
(26, 1, 1, 72.81000, 72.81000, 21),
(26, 1, 2, 80.90000, 80.90000, 21),
(26, 1, 3, 76.85500, 76.85500, 21),
(26, 1, 4, 80.90000, 80.90000, 21),
(26, 2, 1, 72.81000, 72.81000, 21),
(26, 2, 2, 80.90000, 80.90000, 21),
(26, 2, 3, 76.85500, 76.85500, 21),
(26, 2, 4, 80.90000, 80.90000, 21),
(27, 1, 1, 71.06400, 71.06400, 21),
(27, 1, 2, 70.30800, 70.30800, 21),
(27, 1, 3, 75.60000, 75.60000, 21),
(27, 1, 4, 71.06400, 71.06400, 21),
(27, 2, 1, 71.06400, 71.06400, 21),
(27, 2, 2, 70.30800, 70.30800, 21),
(27, 2, 3, 75.60000, 75.60000, 21),
(27, 2, 4, 71.06400, 71.06400, 21),
(28, 1, 1, 900.00000, 900.00000, 21),
(28, 1, 2, 900.00000, 900.00000, 21),
(28, 1, 3, 900.00000, 900.00000, 21),
(28, 1, 4, 900.00000, 900.00000, 21),
(28, 2, 1, 900.00000, 900.00000, 21),
(28, 2, 2, 900.00000, 900.00000, 21),
(28, 2, 3, 900.00000, 900.00000, 21),
(28, 2, 4, 900.00000, 900.00000, 21),
(29, 2, 1, 277.32330, 277.32330, 21),
(29, 2, 2, 277.32330, 277.32330, 21),
(29, 2, 3, 277.32330, 277.32330, 21),
(29, 2, 4, 277.32330, 277.32330, 21),
(29, 3, 1, 900.00000, 900.00000, 21),
(29, 3, 2, 900.00000, 900.00000, 21),
(29, 3, 3, 900.00000, 900.00000, 21),
(29, 3, 4, 900.00000, 900.00000, 21),
(29, 4, 1, 42214.80330, 42214.80330, 21),
(29, 4, 2, 42214.80330, 42214.80330, 21),
(29, 4, 3, 42214.80330, 42214.80330, 21),
(29, 4, 4, 42214.80330, 42214.80330, 21),
(30, 1, 1, 0.00000, 0.00000, 21),
(30, 1, 2, 0.00000, 0.00000, 21),
(30, 1, 3, 0.00000, 0.00000, 21),
(30, 1, 4, 0.00000, 0.00000, 21),
(30, 2, 1, 0.00000, 0.00000, 21),
(30, 2, 2, 0.00000, 0.00000, 21),
(30, 2, 3, 0.00000, 0.00000, 21),
(30, 2, 4, 0.00000, 0.00000, 21),
(31, 1, 1, 1000.00000, 1000.00000, 21),
(31, 1, 2, 1000.00000, 1000.00000, 21),
(31, 1, 3, 1000.00000, 1000.00000, 21),
(31, 1, 4, 1000.00000, 1000.00000, 21),
(31, 2, 1, 1000.00000, 1000.00000, 21),
(31, 2, 2, 1000.00000, 1000.00000, 21),
(31, 2, 3, 1000.00000, 1000.00000, 21),
(31, 2, 4, 1000.00000, 1000.00000, 21),
(32, 1, 1, 0.00000, 0.00000, 21),
(32, 1, 2, 0.00000, 0.00000, 21),
(32, 1, 3, 0.00000, 0.00000, 21),
(32, 1, 4, 0.00000, 0.00000, 21),
(32, 2, 1, 0.00000, 0.00000, 21),
(32, 2, 2, 0.00000, 0.00000, 21),
(32, 2, 3, 0.00000, 0.00000, 21),
(32, 2, 4, 0.00000, 0.00000, 21),
(32, 3, 1, 0.00000, 0.00000, 21),
(32, 3, 2, 0.00000, 0.00000, 21),
(32, 3, 3, 0.00000, 0.00000, 21),
(32, 3, 4, 0.00000, 0.00000, 21),
(32, 4, 1, 0.00000, 0.00000, 21),
(32, 4, 2, 0.00000, 0.00000, 21),
(32, 4, 3, 0.00000, 0.00000, 21),
(32, 4, 4, 0.00000, 0.00000, 21),
(33, 2, 1, 0.00000, 0.00000, 21),
(33, 2, 2, 0.00000, 0.00000, 21),
(33, 2, 3, 0.00000, 0.00000, 21),
(33, 2, 4, 0.00000, 0.00000, 21),
(33, 3, 1, 0.00000, 0.00000, 21),
(33, 3, 2, 0.00000, 0.00000, 21),
(33, 3, 3, 0.00000, 0.00000, 21),
(33, 3, 4, 0.00000, 0.00000, 21),
(33, 4, 1, 0.00000, 0.00000, 21),
(33, 4, 2, 0.00000, 0.00000, 21),
(33, 4, 3, 0.00000, 0.00000, 21),
(33, 4, 4, 0.00000, 0.00000, 21),
(34, 2, 1, 882.95525, 882.95525, 210),
(34, 2, 2, 882.95525, 882.95525, 210),
(34, 2, 3, 882.95525, 882.95525, 210),
(34, 2, 4, 882.95525, 882.95525, 210),
(34, 3, 1, 2856.00000, 2856.00000, 210),
(34, 3, 2, 2856.00000, 2856.00000, 210),
(34, 3, 3, 2856.00000, 2856.00000, 210),
(34, 3, 4, 2856.00000, 2856.00000, 210),
(34, 4, 1, 133016.29505, 133016.29505, 210),
(34, 4, 2, 133016.29505, 133016.29505, 210),
(34, 4, 3, 133016.29505, 133016.29505, 210),
(34, 4, 4, 133016.29505, 133016.29505, 210),
(35, 2, 1, 776.50524, 776.50524, 21),
(35, 2, 2, 776.50524, 776.50524, 21),
(35, 2, 3, 776.50524, 776.50524, 21),
(35, 2, 4, 776.50524, 776.50524, 21),
(35, 3, 1, 2520.00000, 2520.00000, 21),
(35, 3, 2, 2520.00000, 2520.00000, 21),
(35, 3, 3, 2520.00000, 2520.00000, 21),
(35, 3, 4, 2520.00000, 2520.00000, 21),
(35, 4, 1, 118201.44924, 118201.44924, 21),
(35, 4, 2, 118201.44924, 118201.44924, 21),
(35, 4, 3, 118201.44924, 118201.44924, 21),
(35, 4, 4, 118201.44924, 118201.44924, 21);

-- --------------------------------------------------------

--
-- Structure de la table `ps_layered_product_attribute`
--

CREATE TABLE `ps_layered_product_attribute` (
  `id_attribute` int(10) UNSIGNED NOT NULL,
  `id_product` int(10) UNSIGNED NOT NULL,
  `id_attribute_group` int(10) UNSIGNED NOT NULL DEFAULT '0',
  `id_shop` int(10) UNSIGNED NOT NULL DEFAULT '1'
) ENGINE=InnoDB DEFAULT CHARSET=utf8;

--
-- Déchargement des données de la table `ps_layered_product_attribute`
--

INSERT INTO `ps_layered_product_attribute` (`id_attribute`, `id_product`, `id_attribute_group`, `id_shop`) VALUES
(1, 1, 1, 1),
(1, 2, 1, 1),
(1, 2, 1, 2),
(1, 2, 1, 3),
(1, 2, 1, 4),
(1, 20, 1, 1),
(1, 20, 1, 2),
(1, 20, 1, 3),
(1, 20, 1, 4),
(1, 21, 1, 1),
(1, 21, 1, 2),
(1, 21, 1, 3),
(1, 21, 1, 4),
(2, 1, 1, 1),
(2, 2, 1, 1),
(2, 2, 1, 2),
(2, 2, 1, 3),
(2, 2, 1, 4),
(2, 20, 1, 1),
(2, 20, 1, 2),
(2, 20, 1, 3),
(2, 20, 1, 4),
(2, 21, 1, 1),
(2, 21, 1, 2),
(2, 21, 1, 3),
(2, 21, 1, 4),
(3, 1, 1, 1),
(3, 2, 1, 1),
(3, 2, 1, 2),
(3, 2, 1, 3),
(3, 2, 1, 4),
(3, 20, 1, 1),
(3, 20, 1, 2),
(3, 20, 1, 3),
(3, 20, 1, 4),
(3, 21, 1, 1),
(3, 21, 1, 2),
(3, 21, 1, 3),
(3, 21, 1, 4),
(4, 1, 1, 1),
(4, 2, 1, 1),
(4, 2, 1, 2),
(4, 2, 1, 3),
(4, 2, 1, 4),
(4, 20, 1, 1),
(4, 20, 1, 2),
(4, 20, 1, 3),
(4, 20, 1, 4),
(4, 21, 1, 1),
(4, 21, 1, 2),
(4, 21, 1, 3),
(4, 21, 1, 4),
(8, 1, 2, 1),
(8, 20, 2, 1),
(8, 20, 2, 2),
(8, 20, 2, 3),
(8, 20, 2, 4),
(11, 1, 2, 1),
(11, 20, 2, 1),
(11, 20, 2, 2),
(11, 20, 2, 3),
(11, 20, 2, 4),
(19, 3, 3, 1),
(19, 3, 3, 2),
(19, 3, 3, 3),
(19, 3, 3, 4),
(19, 4, 3, 1),
(19, 4, 3, 2),
(19, 4, 3, 3),
(19, 4, 3, 4),
(19, 5, 3, 1),
(19, 5, 3, 2),
(19, 5, 3, 3),
(19, 5, 3, 4),
(19, 22, 3, 1),
(19, 22, 3, 2),
(19, 22, 3, 3),
(19, 22, 3, 4),
(19, 23, 3, 1),
(19, 23, 3, 2),
(19, 23, 3, 3),
(19, 23, 3, 4),
(19, 24, 3, 1),
(19, 24, 3, 2),
(19, 24, 3, 3),
(19, 24, 3, 4),
(20, 3, 3, 1),
(20, 3, 3, 2),
(20, 3, 3, 3),
(20, 3, 3, 4),
(20, 4, 3, 1),
(20, 4, 3, 2),
(20, 4, 3, 3),
(20, 4, 3, 4),
(20, 5, 3, 1),
(20, 5, 3, 2),
(20, 5, 3, 3),
(20, 5, 3, 4),
(20, 22, 3, 1),
(20, 22, 3, 2),
(20, 22, 3, 3),
(20, 22, 3, 4),
(20, 23, 3, 1),
(20, 23, 3, 2),
(20, 23, 3, 3),
(20, 23, 3, 4),
(20, 24, 3, 1),
(20, 24, 3, 2),
(20, 24, 3, 3),
(20, 24, 3, 4),
(21, 3, 3, 1),
(21, 3, 3, 2),
(21, 3, 3, 3),
(21, 3, 3, 4),
(21, 4, 3, 1),
(21, 4, 3, 2),
(21, 4, 3, 3),
(21, 4, 3, 4),
(21, 5, 3, 1),
(21, 5, 3, 2),
(21, 5, 3, 3),
(21, 5, 3, 4),
(21, 22, 3, 1),
(21, 22, 3, 2),
(21, 22, 3, 3),
(21, 22, 3, 4),
(21, 23, 3, 1),
(21, 23, 3, 2),
(21, 23, 3, 3),
(21, 23, 3, 4),
(21, 24, 3, 1),
(21, 24, 3, 2),
(21, 24, 3, 3),
(21, 24, 3, 4);

-- --------------------------------------------------------

--
-- Structure de la table `ps_linksmegatop`
--

CREATE TABLE `ps_linksmegatop` (
  `id_linksmegatop` int(10) UNSIGNED NOT NULL,
  `id_shop` int(11) UNSIGNED NOT NULL,
  `new_window` tinyint(1) NOT NULL
) ENGINE=InnoDB DEFAULT CHARSET=utf8;

-- --------------------------------------------------------

--
-- Structure de la table `ps_linksmegatop_lang`
--

CREATE TABLE `ps_linksmegatop_lang` (
  `id_linksmegatop` int(11) UNSIGNED NOT NULL,
  `id_lang` int(11) UNSIGNED NOT NULL,
  `id_shop` int(11) UNSIGNED NOT NULL,
  `label` varchar(128) NOT NULL,
  `link` varchar(128) NOT NULL
) ENGINE=InnoDB DEFAULT CHARSET=utf8;

-- --------------------------------------------------------

--
-- Structure de la table `ps_linksmenutop`
--

CREATE TABLE `ps_linksmenutop` (
  `id_linksmenutop` int(10) UNSIGNED NOT NULL,
  `id_shop` int(11) UNSIGNED NOT NULL,
  `new_window` tinyint(1) NOT NULL
) ENGINE=InnoDB DEFAULT CHARSET=utf8;

-- --------------------------------------------------------

--
-- Structure de la table `ps_linksmenutop_lang`
--

CREATE TABLE `ps_linksmenutop_lang` (
  `id_linksmenutop` int(11) UNSIGNED NOT NULL,
  `id_lang` int(11) UNSIGNED NOT NULL,
  `id_shop` int(11) UNSIGNED NOT NULL,
  `label` varchar(128) NOT NULL,
  `link` varchar(128) NOT NULL
) ENGINE=InnoDB DEFAULT CHARSET=utf8;

-- --------------------------------------------------------

--
-- Structure de la table `ps_linksvegatop`
--

CREATE TABLE `ps_linksvegatop` (
  `id_linksvegatop` int(10) UNSIGNED NOT NULL,
  `id_shop` int(11) UNSIGNED NOT NULL,
  `new_window` tinyint(1) NOT NULL
) ENGINE=InnoDB DEFAULT CHARSET=utf8;

-- --------------------------------------------------------

--
-- Structure de la table `ps_linksvegatop_lang`
--

CREATE TABLE `ps_linksvegatop_lang` (
  `id_linksvegatop` int(11) UNSIGNED NOT NULL,
  `id_lang` int(11) UNSIGNED NOT NULL,
  `id_shop` int(11) UNSIGNED NOT NULL,
  `label` varchar(128) NOT NULL,
  `link` varchar(128) NOT NULL
) ENGINE=InnoDB DEFAULT CHARSET=utf8;

-- --------------------------------------------------------

--
-- Structure de la table `ps_link_block`
--

CREATE TABLE `ps_link_block` (
  `id_link_block` int(10) UNSIGNED NOT NULL,
  `id_hook` int(1) UNSIGNED DEFAULT NULL,
  `position` int(10) UNSIGNED NOT NULL DEFAULT '0',
  `content` text
) ENGINE=InnoDB DEFAULT CHARSET=utf8;

--
-- Déchargement des données de la table `ps_link_block`
--

INSERT INTO `ps_link_block` (`id_link_block`, `id_hook`, `position`, `content`) VALUES
(1, 35, 1, '{\"cms\":[false],\"product\":[\"prices-drop\",\"new-products\",\"best-sales\"],\"static\":[\"contact\",\"my-account\"]}'),
(2, 35, 2, '{\"cms\":[\"1\",\"2\"],\"product\":[false],\"static\":[\"contact\",\"sitemap\",\"stores\"]}');

-- --------------------------------------------------------

--
-- Structure de la table `ps_link_block_lang`
--

CREATE TABLE `ps_link_block_lang` (
  `id_link_block` int(10) UNSIGNED NOT NULL,
  `id_lang` int(10) UNSIGNED NOT NULL,
  `name` varchar(40) NOT NULL DEFAULT '',
  `custom_content` text
) ENGINE=InnoDB DEFAULT CHARSET=utf8;

--
-- Déchargement des données de la table `ps_link_block_lang`
--

INSERT INTO `ps_link_block_lang` (`id_link_block`, `id_lang`, `name`, `custom_content`) VALUES
(1, 1, 'Products', '[]'),
(1, 2, 'Produits', '[]'),
(1, 3, 'المنتجات', '[]'),
(2, 1, 'Our company', '[]'),
(2, 2, 'Notre société', '[]'),
(2, 3, 'شركتنا', '[]');

-- --------------------------------------------------------

--
-- Structure de la table `ps_link_block_shop`
--

CREATE TABLE `ps_link_block_shop` (
  `id_link_block` int(10) UNSIGNED NOT NULL,
  `id_shop` int(10) UNSIGNED NOT NULL
) ENGINE=InnoDB DEFAULT CHARSET=utf8;

-- --------------------------------------------------------

--
-- Structure de la table `ps_log`
--

CREATE TABLE `ps_log` (
  `id_log` int(10) UNSIGNED NOT NULL,
  `severity` tinyint(1) NOT NULL,
  `error_code` int(11) DEFAULT NULL,
  `message` text NOT NULL,
  `object_type` varchar(32) DEFAULT NULL,
  `object_id` int(10) UNSIGNED DEFAULT NULL,
  `id_employee` int(10) UNSIGNED DEFAULT NULL,
  `date_add` datetime NOT NULL,
  `date_upd` datetime NOT NULL
) ENGINE=InnoDB DEFAULT CHARSET=utf8;

--
-- Déchargement des données de la table `ps_log`
--

INSERT INTO `ps_log` (`id_log`, `severity`, `error_code`, `message`, `object_type`, `object_id`, `id_employee`, `date_add`, `date_upd`) VALUES
(1, 1, 0, 'Back office connection from 127.0.0.1', NULL, 0, 1, '2018-10-24 03:15:50', '2018-10-24 03:15:50'),
(2, 3, 0, 'Data from PrestaShop Addons is invalid, and cannot fallback on cache. ', NULL, 0, 1, '2018-10-25 03:29:10', '2018-10-25 03:29:10'),
(3, 1, 0, 'Currency addition', 'Currency', 2, 1, '2018-10-25 04:16:23', '2018-10-25 04:16:23'),
(4, 1, 0, 'Staticblock modification', 'Staticblock', 1, 1, '2018-10-26 04:04:20', '2018-10-26 04:04:20'),
(5, 1, 0, 'Product catalog filters stored.', NULL, 0, 1, '2018-10-27 00:08:19', '2018-10-27 00:08:19'),
(6, 1, 0, 'Category deletion', 'Category', 3, 1, '2018-10-29 03:51:12', '2018-10-29 03:51:12'),
(7, 1, 0, 'Category deletion', 'Category', 6, 1, '2018-10-29 03:51:12', '2018-10-29 03:51:12'),
(8, 1, 0, 'Category deletion', 'Category', 9, 1, '2018-10-29 03:51:12', '2018-10-29 03:51:12'),
(9, 1, 0, 'Category addition', 'Category', 10, 1, '2018-10-29 03:55:22', '2018-10-29 03:55:22'),
(10, 1, 0, 'Category addition', 'Category', 11, 1, '2018-10-29 03:57:04', '2018-10-29 03:57:04'),
(11, 1, 0, 'Category addition', 'Category', 12, 1, '2018-10-29 03:57:33', '2018-10-29 03:57:33'),
(12, 1, 0, 'Category addition', 'Category', 13, 1, '2018-10-29 03:58:01', '2018-10-29 03:58:01'),
(13, 1, 0, 'Category addition', 'Category', 14, 1, '2018-10-29 04:09:19', '2018-10-29 04:09:19'),
(14, 1, 0, 'Category addition', 'Category', 15, 1, '2018-10-29 04:11:57', '2018-10-29 04:11:57'),
(15, 1, 0, 'Category addition', 'Category', 16, 1, '2018-10-29 04:12:32', '2018-10-29 04:12:32'),
(16, 1, 0, 'Category addition', 'Category', 17, 1, '2018-10-29 04:21:11', '2018-10-29 04:21:11'),
(17, 1, 0, 'Category addition', 'Category', 18, 1, '2018-10-29 04:23:16', '2018-10-29 04:23:16'),
(18, 1, 0, 'Category addition', 'Category', 19, 1, '2018-10-29 04:30:29', '2018-10-29 04:30:29'),
(19, 1, 0, 'Category addition', 'Category', 20, 1, '2018-10-29 04:33:08', '2018-10-29 04:33:08'),
(20, 1, 0, 'Category deletion', 'Category', 19, 1, '2018-10-29 04:57:18', '2018-10-29 04:57:18'),
(21, 1, 0, 'Category deletion', 'Category', 20, 1, '2018-10-29 04:57:18', '2018-10-29 04:57:18'),
(22, 1, 0, 'Category addition', 'Category', 21, 1, '2018-10-29 05:01:35', '2018-10-29 05:01:35'),
(23, 1, 0, 'Staticblock modification', 'Staticblock', 2, 1, '2018-10-30 03:18:54', '2018-10-30 03:18:54'),
(24, 1, 0, 'Staticblock modification', 'Staticblock', 2, 1, '2018-10-30 03:34:40', '2018-10-30 03:34:40'),
(25, 1, 0, 'Category addition', 'Category', 22, 1, '2018-10-30 03:48:16', '2018-10-30 03:48:16'),
(26, 1, 0, 'Category addition', 'Category', 23, 1, '2018-10-30 03:48:49', '2018-10-30 03:48:49'),
(27, 1, 0, 'Category addition', 'Category', 24, 1, '2018-10-30 03:50:02', '2018-10-30 03:50:02'),
(28, 1, 0, 'Category addition', 'Category', 25, 1, '2018-10-30 03:50:33', '2018-10-30 03:50:33'),
(29, 1, 0, 'Category addition', 'Category', 26, 1, '2018-10-30 03:51:18', '2018-10-30 03:51:18'),
(30, 1, 0, 'Category addition', 'Category', 27, 1, '2018-10-30 04:01:42', '2018-10-30 04:01:42'),
(31, 1, 0, 'Category addition', 'Category', 28, 1, '2018-10-30 04:02:17', '2018-10-30 04:02:17'),
(32, 1, 0, 'Category addition', 'Category', 29, 1, '2018-10-30 04:03:02', '2018-10-30 04:03:02'),
(33, 1, 0, 'Category addition', 'Category', 30, 1, '2018-10-30 04:04:41', '2018-10-30 04:04:41'),
(34, 1, 0, 'Category addition', 'Category', 31, 1, '2018-10-30 04:05:10', '2018-10-30 04:05:10'),
(35, 1, 0, 'Category addition', 'Category', 32, 1, '2018-10-30 04:05:44', '2018-10-30 04:05:44'),
(36, 1, 0, 'Category addition', 'Category', 33, 1, '2018-10-30 04:06:16', '2018-10-30 04:06:16'),
(37, 1, 0, 'Category addition', 'Category', 34, 1, '2018-10-30 04:06:47', '2018-10-30 04:06:47'),
(38, 1, 0, 'Category addition', 'Category', 35, 1, '2018-10-30 04:07:19', '2018-10-30 04:07:19'),
(39, 1, 0, 'Category addition', 'Category', 36, 1, '2018-10-30 04:07:47', '2018-10-30 04:07:47'),
(40, 1, 0, 'Category addition', 'Category', 37, 1, '2018-10-30 04:20:51', '2018-10-30 04:20:51'),
(41, 1, 0, 'Category addition', 'Category', 38, 1, '2018-10-30 04:21:26', '2018-10-30 04:21:26'),
(42, 1, 0, 'Category addition', 'Category', 39, 1, '2018-10-30 04:27:04', '2018-10-30 04:27:04'),
(43, 1, 0, 'Category addition', 'Category', 40, 1, '2018-10-30 04:28:00', '2018-10-30 04:28:00'),
(44, 1, 0, 'Category addition', 'Category', 41, 1, '2018-10-30 04:38:10', '2018-10-30 04:38:10'),
(45, 1, 0, 'Category addition', 'Category', 42, 1, '2018-10-30 04:39:44', '2018-10-30 04:39:44'),
(46, 1, 0, 'Category addition', 'Category', 43, 1, '2018-10-30 04:41:26', '2018-10-30 04:41:26'),
(47, 1, 0, 'Category addition', 'Category', 44, 1, '2018-10-30 04:42:18', '2018-10-30 04:42:18'),
(48, 1, 0, 'Category addition', 'Category', 45, 1, '2018-10-30 04:42:46', '2018-10-30 04:42:46'),
(49, 1, 0, 'Category addition', 'Category', 46, 1, '2018-10-30 04:42:59', '2018-10-30 04:42:59'),
(50, 1, 0, 'Category addition', 'Category', 47, 1, '2018-10-30 04:44:16', '2018-10-30 04:44:16'),
(51, 1, 0, 'Category addition', 'Category', 48, 1, '2018-10-30 04:44:57', '2018-10-30 04:44:57'),
(52, 1, 0, 'Category addition', 'Category', 49, 1, '2018-10-30 04:45:36', '2018-10-30 04:45:36'),
(53, 1, 0, 'Category addition', 'Category', 50, 1, '2018-10-30 04:46:05', '2018-10-30 04:46:05'),
(54, 1, 0, 'Category addition', 'Category', 51, 1, '2018-10-30 04:46:34', '2018-10-30 04:46:34'),
(55, 1, 0, 'Category addition', 'Category', 52, 1, '2018-10-30 04:47:17', '2018-10-30 04:47:17'),
(56, 1, 0, 'Category addition', 'Category', 53, 1, '2018-10-30 04:47:53', '2018-10-30 04:47:53'),
(57, 1, 0, 'Category addition', 'Category', 54, 1, '2018-10-30 04:48:02', '2018-10-30 04:48:02'),
(58, 1, 0, 'Category addition', 'Category', 55, 1, '2018-10-30 04:48:03', '2018-10-30 04:48:03'),
(59, 1, 0, 'Category addition', 'Category', 56, 1, '2018-10-30 04:49:52', '2018-10-30 04:49:52'),
(60, 1, 0, 'Category addition', 'Category', 57, 1, '2018-10-30 04:50:20', '2018-10-30 04:50:20'),
(61, 1, 0, 'Category addition', 'Category', 58, 1, '2018-10-30 04:50:51', '2018-10-30 04:50:51'),
(62, 1, 0, 'Category addition', 'Category', 59, 1, '2018-10-30 05:10:29', '2018-10-30 05:10:29'),
(63, 1, 0, 'Category addition', 'Category', 60, 1, '2018-10-30 05:11:06', '2018-10-30 05:11:06'),
(64, 1, 0, 'Category addition', 'Category', 61, 1, '2018-10-30 05:11:39', '2018-10-30 05:11:39'),
(65, 1, 0, 'Category addition', 'Category', 62, 1, '2018-10-30 05:14:03', '2018-10-30 05:14:03'),
(66, 1, 0, 'Category addition', 'Category', 63, 1, '2018-10-30 05:39:01', '2018-10-30 05:39:01'),
(67, 1, 0, 'Category addition', 'Category', 64, 1, '2018-10-30 05:39:56', '2018-10-30 05:39:56'),
(68, 1, 0, 'Category addition', 'Category', 65, 1, '2018-10-30 05:40:36', '2018-10-30 05:40:36'),
(69, 1, 0, 'Category addition', 'Category', 66, 1, '2018-10-30 05:41:07', '2018-10-30 05:41:07'),
(70, 1, 0, 'Category addition', 'Category', 67, 1, '2018-10-30 05:41:34', '2018-10-30 05:41:34'),
(71, 1, 0, 'Category addition', 'Category', 68, 1, '2018-10-30 05:42:04', '2018-10-30 05:42:04'),
(72, 1, 0, 'Category addition', 'Category', 69, 1, '2018-10-30 05:42:51', '2018-10-30 05:42:51'),
(73, 1, 0, 'Category addition', 'Category', 70, 1, '2018-10-30 05:43:32', '2018-10-30 05:43:32'),
(74, 1, 0, 'Category addition', 'Category', 71, 1, '2018-10-30 05:43:59', '2018-10-30 05:43:59'),
(75, 1, 0, 'Category addition', 'Category', 72, 1, '2018-10-30 05:44:30', '2018-10-30 05:44:30'),
(76, 1, 0, 'Products deleted: (19).', NULL, 0, 1, '2018-10-30 22:02:41', '2018-10-30 22:02:41'),
(77, 1, 0, 'Products deleted: (18).', NULL, 0, 1, '2018-10-30 22:02:43', '2018-10-30 22:02:43'),
(78, 1, 0, 'Products deleted: (17).', NULL, 0, 1, '2018-10-30 22:02:44', '2018-10-30 22:02:44'),
(79, 1, 0, 'Products deleted: (16).', NULL, 0, 1, '2018-10-30 22:02:45', '2018-10-30 22:02:45'),
(80, 1, 0, 'Products deleted: (15).', NULL, 0, 1, '2018-10-30 22:02:46', '2018-10-30 22:02:46'),
(81, 1, 0, 'Products deleted: (11).', NULL, 0, 1, '2018-10-30 22:02:47', '2018-10-30 22:02:47'),
(82, 1, 0, 'Products deleted: (10).', NULL, 0, 1, '2018-10-30 22:02:49', '2018-10-30 22:02:49'),
(83, 1, 0, 'Products deleted: (9).', NULL, 0, 1, '2018-10-30 22:02:50', '2018-10-30 22:02:50'),
(84, 1, 0, 'Products deleted: (7).', NULL, 0, 1, '2018-10-30 22:02:51', '2018-10-30 22:02:51'),
(85, 1, 0, 'Products deleted: (6).', NULL, 0, 1, '2018-10-30 22:02:51', '2018-10-30 22:02:51'),
(86, 1, 0, 'Product modification', 'Product', 1, 1, '2018-10-30 22:24:45', '2018-10-30 22:24:45'),
(87, 1, 0, 'Product modification', 'Product', 2, 1, '2018-10-30 22:31:13', '2018-10-30 22:31:13'),
(88, 1, 0, 'Product modification', 'Product', 3, 1, '2018-10-30 22:33:41', '2018-10-30 22:33:41'),
(89, 1, 0, 'Product modification', 'Product', 2, 1, '2018-10-30 22:38:53', '2018-10-30 22:38:53'),
(90, 1, 0, 'Product modification', 'Product', 4, 1, '2018-10-30 22:40:13', '2018-10-30 22:40:13'),
(91, 1, 0, 'ImageType modification', 'ImageType', 1, 1, '2018-10-30 22:44:35', '2018-10-30 22:44:35'),
(92, 1, 0, 'ImageType modification', 'ImageType', 2, 1, '2018-10-30 22:44:55', '2018-10-30 22:44:55'),
(93, 1, 0, 'ImageType modification', 'ImageType', 3, 1, '2018-10-30 22:45:12', '2018-10-30 22:45:12'),
(94, 1, 0, 'ImageType modification', 'ImageType', 4, 1, '2018-10-30 22:45:34', '2018-10-30 22:45:34'),
(95, 1, 0, 'ImageType modification', 'ImageType', 5, 1, '2018-10-30 22:45:41', '2018-10-30 22:45:41'),
(96, 1, 0, 'ImageType modification', 'ImageType', 7, 1, '2018-10-30 22:45:59', '2018-10-30 22:45:59'),
(97, 1, 0, 'ImageType modification', 'ImageType', 8, 1, '2018-10-30 22:46:16', '2018-10-30 22:46:16'),
(98, 1, 0, 'Product modification', 'Product', 1, 1, '2018-10-30 22:48:01', '2018-10-30 22:48:01'),
(99, 1, 0, 'Product modification', 'Product', 2, 1, '2018-10-30 22:50:49', '2018-10-30 22:50:49'),
(100, 1, 0, 'Product modification', 'Product', 3, 1, '2018-10-30 22:51:33', '2018-10-30 22:51:33'),
(101, 1, 0, 'Product modification', 'Product', 4, 1, '2018-10-30 22:53:22', '2018-10-30 22:53:22'),
(102, 1, 0, 'Product modification', 'Product', 5, 1, '2018-10-30 22:54:31', '2018-10-30 22:54:31'),
(103, 1, 0, 'Product modification', 'Product', 8, 1, '2018-10-30 22:57:30', '2018-10-30 22:57:30'),
(104, 1, 0, 'Product modification', 'Product', 12, 1, '2018-10-30 23:01:02', '2018-10-30 23:01:02'),
(105, 1, 0, 'Product modification', 'Product', 13, 1, '2018-10-30 23:03:25', '2018-10-30 23:03:25'),
(106, 1, 0, 'Product modification', 'Product', 14, 1, '2018-10-30 23:09:33', '2018-10-30 23:09:33'),
(107, 1, 0, 'Product duplicated: (from 1 to 20).', NULL, 0, 1, '2018-10-30 23:15:02', '2018-10-30 23:15:02'),
(108, 1, 0, 'Product modification', 'Product', 20, 1, '2018-10-30 23:16:23', '2018-10-30 23:16:23'),
(109, 1, 0, 'Product modification', 'Product', 20, 1, '2018-10-30 23:17:00', '2018-10-30 23:17:00'),
(110, 1, 0, 'Product modification', 'Product', 20, 1, '2018-10-30 23:17:50', '2018-10-30 23:17:50'),
(111, 1, 0, 'Product duplicated: (from 2 to 21).', NULL, 0, 1, '2018-10-30 23:18:38', '2018-10-30 23:18:38'),
(112, 1, 0, 'Product modification', 'Product', 21, 1, '2018-10-30 23:19:11', '2018-10-30 23:19:11'),
(113, 1, 0, 'Product modification', 'Product', 21, 1, '2018-10-30 23:20:17', '2018-10-30 23:20:17'),
(114, 1, 0, 'Product duplicated: (from 3 to 22).', NULL, 0, 1, '2018-10-30 23:21:50', '2018-10-30 23:21:50'),
(115, 1, 0, 'Product modification', 'Product', 22, 1, '2018-10-30 23:22:08', '2018-10-30 23:22:08'),
(116, 1, 0, 'Product modification', 'Product', 22, 1, '2018-10-30 23:22:25', '2018-10-30 23:22:25'),
(117, 1, 0, 'Product modification', 'Product', 21, 1, '2018-10-30 23:22:38', '2018-10-30 23:22:38'),
(118, 1, 0, 'Product duplicated: (from 4 to 23).', NULL, 0, 1, '2018-10-30 23:22:56', '2018-10-30 23:22:56'),
(119, 1, 0, 'Product modification', 'Product', 22, 1, '2018-10-30 23:23:39', '2018-10-30 23:23:39'),
(120, 1, 0, 'Product modification', 'Product', 23, 1, '2018-10-30 23:24:06', '2018-10-30 23:24:06'),
(121, 1, 0, 'Product modification', 'Product', 23, 1, '2018-10-30 23:24:55', '2018-10-30 23:24:55'),
(122, 1, 0, 'Product duplicated: (from 5 to 24).', NULL, 0, 1, '2018-10-30 23:25:15', '2018-10-30 23:25:15'),
(123, 1, 0, 'Product modification', 'Product', 24, 1, '2018-10-30 23:25:35', '2018-10-30 23:25:35'),
(124, 1, 0, 'Product modification', 'Product', 24, 1, '2018-10-30 23:26:30', '2018-10-30 23:26:30'),
(125, 1, 0, 'Product duplicated: (from 8 to 25).', NULL, 0, 1, '2018-10-30 23:31:12', '2018-10-30 23:31:12'),
(126, 1, 0, 'Product modification', 'Product', 25, 1, '2018-10-30 23:35:45', '2018-10-30 23:35:45'),
(127, 1, 0, 'Product modification', 'Product', 25, 1, '2018-10-30 23:36:42', '2018-10-30 23:36:42'),
(128, 1, 0, 'Staticblock modification', 'Staticblock', 3, 1, '2018-10-31 05:56:17', '2018-10-31 05:56:17'),
(129, 1, 0, 'Product duplicated: (from 13 to 26).', NULL, 0, 1, '2018-11-01 04:26:36', '2018-11-01 04:26:36'),
(130, 1, 0, 'Product modification', 'Product', 26, 1, '2018-11-01 04:27:18', '2018-11-01 04:27:18'),
(131, 1, 0, 'Product modification', 'Product', 26, 1, '2018-11-01 04:28:34', '2018-11-01 04:28:34'),
(132, 1, 0, 'Product duplicated: (from 14 to 27).', NULL, 0, 1, '2018-11-01 04:28:44', '2018-11-01 04:28:44'),
(133, 1, 0, 'Product modification', 'Product', 27, 1, '2018-11-01 04:28:55', '2018-11-01 04:28:55'),
(134, 1, 0, 'Product modification', 'Product', 27, 1, '2018-11-01 04:29:37', '2018-11-01 04:29:37'),
(135, 1, 0, 'Staticblock addition', 'Staticblock', 6, 1, '2018-11-01 05:35:45', '2018-11-01 05:35:45'),
(136, 1, 0, 'Staticblock modification', 'Staticblock', 4, 1, '2018-11-01 22:54:24', '2018-11-01 22:54:24'),
(137, 1, 0, 'Product modification', 'Product', 8, 1, '2018-11-01 23:04:03', '2018-11-01 23:04:03'),
(138, 1, 0, 'Product modification', 'Product', 1, 1, '2018-11-01 23:47:03', '2018-11-01 23:47:03'),
(139, 1, 0, 'Product modification', 'Product', 23, 1, '2018-11-01 23:48:25', '2018-11-01 23:48:25'),
(140, 1, 0, 'Staticblock modification', 'Staticblock', 5, 1, '2018-11-02 03:09:48', '2018-11-02 03:09:48'),
(141, 1, 0, 'Manufacturer addition', 'Manufacturer', 3, 1, '2018-11-02 04:45:29', '2018-11-02 04:45:29'),
(142, 1, 0, 'Manufacturer modification', 'Manufacturer', 1, 1, '2018-11-02 04:45:37', '2018-11-02 04:45:37'),
(143, 1, 0, 'Manufacturer addition', 'Manufacturer', 4, 1, '2018-11-02 04:46:53', '2018-11-02 04:46:53'),
(144, 1, 0, 'Manufacturer modification', 'Manufacturer', 2, 1, '2018-11-02 04:47:01', '2018-11-02 04:47:01'),
(145, 1, 0, 'Manufacturer addition', 'Manufacturer', 5, 1, '2018-11-02 04:47:48', '2018-11-02 04:47:48'),
(146, 1, 0, 'Manufacturer addition', 'Manufacturer', 6, 1, '2018-11-02 04:49:38', '2018-11-02 04:49:38'),
(147, 1, 0, 'Manufacturer addition', 'Manufacturer', 7, 1, '2018-11-02 04:50:32', '2018-11-02 04:50:32'),
(148, 1, 0, 'Manufacturer addition', 'Manufacturer', 8, 1, '2018-11-02 04:51:34', '2018-11-02 04:51:34'),
(149, 1, 0, 'ManufacturerAddress addition', 'ManufacturerAddress', 5, 1, '2018-11-02 04:54:58', '2018-11-02 04:54:58'),
(150, 1, 0, 'ManufacturerAddress addition', 'ManufacturerAddress', 6, 1, '2018-11-02 04:55:38', '2018-11-02 04:55:38'),
(151, 1, 0, 'ManufacturerAddress addition', 'ManufacturerAddress', 7, 1, '2018-11-02 04:56:08', '2018-11-02 04:56:08'),
(152, 1, 0, 'ManufacturerAddress modification', 'ManufacturerAddress', 7, 1, '2018-11-02 05:02:58', '2018-11-02 05:02:58'),
(153, 1, 0, 'ManufacturerAddress modification', 'ManufacturerAddress', 5, 1, '2018-11-02 05:03:33', '2018-11-02 05:03:33'),
(154, 1, 0, 'Manufacturer modification', 'Manufacturer', 2, 1, '2018-11-02 05:10:54', '2018-11-02 05:10:54'),
(155, 1, 0, 'Manufacturer modification', 'Manufacturer', 3, 1, '2018-11-02 05:11:27', '2018-11-02 05:11:27'),
(156, 1, 0, 'Manufacturer modification', 'Manufacturer', 4, 1, '2018-11-02 05:11:57', '2018-11-02 05:11:57'),
(157, 1, 0, 'Manufacturer modification', 'Manufacturer', 1, 1, '2018-11-02 05:12:45', '2018-11-02 05:12:45'),
(158, 1, 0, 'Manufacturer modification', 'Manufacturer', 5, 1, '2018-11-02 05:16:24', '2018-11-02 05:16:24'),
(159, 1, 0, 'Manufacturer modification', 'Manufacturer', 6, 1, '2018-11-02 05:16:54', '2018-11-02 05:16:54'),
(160, 1, 0, 'Manufacturer modification', 'Manufacturer', 7, 1, '2018-11-02 05:19:33', '2018-11-02 05:19:33'),
(161, 1, 0, 'Manufacturer modification', 'Manufacturer', 8, 1, '2018-11-02 05:20:09', '2018-11-02 05:20:09'),
(162, 1, 0, 'Manufacturer modification', 'Manufacturer', 6, 1, '2018-11-02 05:43:32', '2018-11-02 05:43:32'),
(163, 1, 0, 'Staticfooter addition', 'Staticfooter', 4, 1, '2018-11-02 23:30:13', '2018-11-02 23:30:13'),
(164, 1, 0, 'Staticfooter modification', 'Staticfooter', 1, 1, '2018-11-04 20:58:39', '2018-11-04 20:58:39'),
(165, 1, 0, 'Staticfooter modification', 'Staticfooter', 1, 1, '2018-11-04 21:16:44', '2018-11-04 21:16:44'),
(166, 1, 0, 'Staticfooter modification', 'Staticfooter', 3, 1, '2018-11-04 22:05:30', '2018-11-04 22:05:30'),
(167, 1, 0, 'Staticfooter modification', 'Staticfooter', 2, 1, '2018-11-04 22:08:40', '2018-11-04 22:08:40'),
(168, 1, 0, 'ImageType modification', 'ImageType', 6, 1, '2018-11-05 02:00:45', '2018-11-05 02:00:45'),
(169, 1, 0, 'Category modification', 'Category', 10, 1, '2018-11-05 02:03:07', '2018-11-05 02:03:07'),
(170, 1, 0, 'Category modification', 'Category', 11, 1, '2018-11-05 02:05:26', '2018-11-05 02:05:26'),
(171, 1, 0, 'Category modification', 'Category', 12, 1, '2018-11-05 02:05:54', '2018-11-05 02:05:54'),
(172, 3, 0, 'Exception thrown by module ps_facetedsearch on upgrade. Error sent by Addons. You may need to be logged.', NULL, 0, 1, '2018-11-05 02:16:32', '2018-11-05 02:16:32'),
(173, 1, 0, 'Staticblock addition', 'Staticblock', 7, 1, '2018-11-05 21:24:33', '2018-11-05 21:24:33'),
(174, 1, 0, 'Staticblock addition', 'Staticblock', 8, 1, '2018-11-06 22:19:06', '2018-11-06 22:19:06'),
(175, 1, 0, 'Staticblock modification', 'Staticblock', 8, 1, '2018-11-06 22:22:13', '2018-11-06 22:22:13'),
(176, 1, 0, 'Staticblock modification', 'Staticblock', 8, 1, '2018-11-06 22:38:15', '2018-11-06 22:38:15'),
(177, 1, 0, 'ShopUrl addition', 'ShopUrl', 2, 1, '2018-11-08 01:30:59', '2018-11-08 01:30:59'),
(178, 1, 0, 'Staticblock modification', 'Staticblock', 1, 1, '2018-11-08 02:24:57', '2018-11-08 02:24:57'),
(179, 1, 0, 'Staticblock modification', 'Staticblock', 8, 1, '2018-11-08 03:17:40', '2018-11-08 03:17:40'),
(180, 1, 0, 'Staticblock addition', 'Staticblock', 9, 1, '2018-11-08 22:19:41', '2018-11-08 22:19:41'),
(181, 1, 0, 'Staticblock modification', 'Staticblock', 9, 1, '2018-11-08 22:31:53', '2018-11-08 22:31:53'),
(182, 1, 0, 'Staticblock modification', 'Staticblock', 9, 1, '2018-11-08 22:32:22', '2018-11-08 22:32:22'),
(183, 1, 0, 'Staticblock addition', 'Staticblock', 10, 1, '2018-11-09 02:18:05', '2018-11-09 02:18:05'),
(184, 1, 0, 'Staticblock addition', 'Staticblock', 11, 1, '2018-11-09 03:11:39', '2018-11-09 03:11:39'),
(185, 1, 0, 'Staticblock modification', 'Staticblock', 11, 1, '2018-11-09 03:29:16', '2018-11-09 03:29:16'),
(186, 1, 0, 'Staticblock addition', 'Staticblock', 12, 1, '2018-11-09 04:21:07', '2018-11-09 04:21:07'),
(187, 1, 0, 'Staticfooter modification', 'Staticfooter', 1, 1, '2018-11-09 04:48:38', '2018-11-09 04:48:38'),
(188, 1, 0, 'Staticfooter modification', 'Staticfooter', 2, 1, '2018-11-09 04:48:45', '2018-11-09 04:48:45'),
(189, 1, 0, 'Staticfooter modification', 'Staticfooter', 3, 1, '2018-11-09 04:48:49', '2018-11-09 04:48:49'),
(190, 1, 0, 'Staticfooter modification', 'Staticfooter', 4, 1, '2018-11-09 04:48:56', '2018-11-09 04:48:56'),
(191, 1, 0, 'Staticblock addition', 'Staticblock', 13, 1, '2018-11-09 23:48:39', '2018-11-09 23:48:39'),
(192, 1, 0, 'Product modification', 'Product', 1, 1, '2018-11-11 20:18:04', '2018-11-11 20:18:04'),
(193, 1, 0, 'Product modification', 'Product', 2, 1, '2018-11-11 20:21:01', '2018-11-11 20:21:01'),
(194, 1, 0, 'Product modification', 'Product', 27, 1, '2018-11-11 20:22:08', '2018-11-11 20:22:08'),
(195, 1, 0, 'Product modification', 'Product', 24, 1, '2018-11-11 20:24:02', '2018-11-11 20:24:02'),
(196, 1, 0, 'xippostsclass modification', 'xippostsclass', 1, 1, '2018-11-11 22:51:19', '2018-11-11 22:51:19'),
(197, 1, 0, 'xippostsclass modification', 'xippostsclass', 4, 1, '2018-11-11 22:52:21', '2018-11-11 22:52:21'),
(198, 1, 0, 'xippostsclass modification', 'xippostsclass', 3, 1, '2018-11-11 22:53:29', '2018-11-11 22:53:29'),
(199, 1, 0, 'xippostsclass modification', 'xippostsclass', 2, 1, '2018-11-11 22:53:50', '2018-11-11 22:53:50'),
(200, 1, 0, 'PosTestimonial addition', 'PosTestimonial', 4, 1, '2018-11-12 02:59:38', '2018-11-12 02:59:38'),
(201, 1, 0, 'PosTestimonial addition', 'PosTestimonial', 5, 1, '2018-11-12 03:00:42', '2018-11-12 03:00:42'),
(202, 1, 0, 'Product modification', 'Product', 27, 1, '2018-11-12 20:20:45', '2018-11-12 20:20:45'),
(203, 1, 0, 'Product modification', 'Product', 2, 1, '2018-11-12 20:22:12', '2018-11-12 20:22:12'),
(204, 1, 0, 'Product modification', 'Product', 1, 1, '2018-11-12 20:23:52', '2018-11-12 20:23:52'),
(205, 1, 0, 'Product modification', 'Product', 24, 1, '2018-11-12 20:24:42', '2018-11-12 20:24:42'),
(206, 1, 0, 'ShopUrl addition', 'ShopUrl', 3, 1, '2018-11-13 03:29:00', '2018-11-13 03:29:00'),
(207, 1, 0, 'Staticfooter modification', 'Staticfooter', 2, 1, '2018-11-13 03:59:45', '2018-11-13 03:59:45'),
(208, 1, 0, 'Staticfooter modification', 'Staticfooter', 3, 1, '2018-11-13 03:59:49', '2018-11-13 03:59:49'),
(209, 1, 0, 'Staticfooter modification', 'Staticfooter', 4, 1, '2018-11-13 03:59:56', '2018-11-13 03:59:56'),
(210, 1, 0, 'Staticfooter modification', 'Staticfooter', 1, 1, '2018-11-13 04:00:00', '2018-11-13 04:00:00'),
(211, 1, 0, 'Staticblock modification', 'Staticblock', 6, 1, '2018-11-13 04:08:07', '2018-11-13 04:08:07'),
(212, 1, 0, 'Category modification', 'Category', 10, 1, '2018-11-13 20:48:35', '2018-11-13 20:48:35'),
(213, 1, 0, 'Category modification', 'Category', 10, 1, '2018-11-13 20:55:49', '2018-11-13 20:55:49'),
(214, 1, 0, 'Category modification', 'Category', 10, 1, '2018-11-13 20:56:22', '2018-11-13 20:56:22'),
(215, 1, 0, 'Staticblock modification', 'Staticblock', 1, 1, '2018-11-13 21:06:04', '2018-11-13 21:06:04'),
(216, 1, 0, 'Category modification', 'Category', 11, 1, '2018-11-13 22:04:42', '2018-11-13 22:04:42'),
(217, 1, 0, 'Category modification', 'Category', 12, 1, '2018-11-13 22:09:17', '2018-11-13 22:09:17'),
(218, 1, 0, 'Category modification', 'Category', 13, 1, '2018-11-13 22:09:58', '2018-11-13 22:09:58'),
(219, 1, 0, 'Category modification', 'Category', 14, 1, '2018-11-13 22:12:41', '2018-11-13 22:12:41'),
(220, 1, 0, 'Category modification', 'Category', 15, 1, '2018-11-13 22:13:24', '2018-11-13 22:13:24'),
(221, 1, 0, 'Category modification', 'Category', 16, 1, '2018-11-13 22:13:52', '2018-11-13 22:13:52'),
(222, 1, 0, 'Category modification', 'Category', 15, 1, '2018-11-13 22:14:15', '2018-11-13 22:14:15'),
(223, 1, 0, 'Staticblock addition', 'Staticblock', 14, 1, '2018-11-14 01:30:19', '2018-11-14 01:30:19'),
(224, 1, 0, 'Staticblock addition', 'Staticblock', 15, 1, '2018-11-14 01:54:01', '2018-11-14 01:54:01'),
(225, 1, 0, 'Staticblock addition', 'Staticblock', 16, 1, '2018-11-14 02:53:38', '2018-11-14 02:53:38'),
(226, 1, 0, 'Staticblock addition', 'Staticblock', 17, 1, '2018-11-14 04:33:30', '2018-11-14 04:33:30'),
(227, 1, 0, 'Category modification', 'Category', 63, 1, '2018-11-14 21:50:48', '2018-11-14 21:50:48'),
(228, 1, 0, 'Product modification', 'Product', 26, 1, '2018-11-14 21:54:51', '2018-11-14 21:54:51'),
(229, 1, 0, 'Staticblock modification', 'Staticblock', 14, 1, '2018-11-14 23:28:26', '2018-11-14 23:28:26'),
(230, 1, 0, 'Staticblock modification', 'Staticblock', 17, 1, '2018-11-14 23:33:59', '2018-11-14 23:33:59'),
(231, 1, 0, 'ShopUrl addition', 'ShopUrl', 4, 1, '2018-11-15 02:26:35', '2018-11-15 02:26:35'),
(232, 1, 0, 'Staticfooter modification', 'Staticfooter', 1, 1, '2018-11-15 03:37:15', '2018-11-15 03:37:15'),
(233, 1, 0, 'Staticfooter modification', 'Staticfooter', 2, 1, '2018-11-15 03:37:19', '2018-11-15 03:37:19'),
(234, 1, 0, 'Staticfooter modification', 'Staticfooter', 3, 1, '2018-11-15 03:37:23', '2018-11-15 03:37:23'),
(235, 1, 0, 'Staticfooter modification', 'Staticfooter', 4, 1, '2018-11-15 03:37:28', '2018-11-15 03:37:28'),
(236, 1, 0, 'Category modification', 'Category', 10, 1, '2018-11-16 01:52:31', '2018-11-16 01:52:31'),
(237, 1, 0, 'Category modification', 'Category', 11, 1, '2018-11-16 01:52:31', '2018-11-16 01:52:31'),
(238, 1, 0, 'Category modification', 'Category', 12, 1, '2018-11-16 01:52:31', '2018-11-16 01:52:31'),
(239, 1, 0, 'Category modification', 'Category', 14, 1, '2018-11-16 01:52:31', '2018-11-16 01:52:31'),
(240, 1, 0, 'Category modification', 'Category', 15, 1, '2018-11-16 01:52:32', '2018-11-16 01:52:32'),
(241, 1, 0, 'Category modification', 'Category', 16, 1, '2018-11-16 01:52:39', '2018-11-16 01:52:39'),
(242, 1, 0, 'Category modification', 'Category', 22, 1, '2018-11-16 01:54:00', '2018-11-16 01:54:00'),
(243, 1, 0, 'Category modification', 'Category', 23, 1, '2018-11-16 01:54:00', '2018-11-16 01:54:00'),
(244, 1, 0, 'Category modification', 'Category', 30, 1, '2018-11-16 01:55:56', '2018-11-16 01:55:56'),
(245, 1, 0, 'Category modification', 'Category', 31, 1, '2018-11-16 01:55:56', '2018-11-16 01:55:56'),
(246, 1, 0, 'Category modification', 'Category', 32, 1, '2018-11-16 01:55:56', '2018-11-16 01:55:56'),
(247, 1, 0, 'Category modification', 'Category', 33, 1, '2018-11-16 01:55:56', '2018-11-16 01:55:56'),
(248, 1, 0, 'Category modification', 'Category', 34, 1, '2018-11-16 01:55:56', '2018-11-16 01:55:56'),
(249, 1, 0, 'Category modification', 'Category', 35, 1, '2018-11-16 01:56:06', '2018-11-16 01:56:06'),
(250, 1, 0, 'Category modification', 'Category', 36, 1, '2018-11-16 01:56:32', '2018-11-16 01:56:32'),
(251, 1, 0, 'Category modification', 'Category', 24, 1, '2018-11-16 01:57:44', '2018-11-16 01:57:44'),
(252, 1, 0, 'Category modification', 'Category', 25, 1, '2018-11-16 01:57:44', '2018-11-16 01:57:44'),
(253, 1, 0, 'Category modification', 'Category', 26, 1, '2018-11-16 01:57:45', '2018-11-16 01:57:45'),
(254, 1, 0, 'Category modification', 'Category', 27, 1, '2018-11-16 01:57:45', '2018-11-16 01:57:45'),
(255, 1, 0, 'Category modification', 'Category', 28, 1, '2018-11-16 01:57:45', '2018-11-16 01:57:45'),
(256, 1, 0, 'Category modification', 'Category', 29, 1, '2018-11-16 01:57:47', '2018-11-16 01:57:47'),
(257, 1, 0, 'Category modification', 'Category', 37, 1, '2018-11-16 01:59:21', '2018-11-16 01:59:21'),
(258, 1, 0, 'Category modification', 'Category', 38, 1, '2018-11-16 01:59:28', '2018-11-16 01:59:28'),
(259, 1, 0, 'Category modification', 'Category', 39, 1, '2018-11-16 01:59:29', '2018-11-16 01:59:29'),
(260, 1, 0, 'Category modification', 'Category', 40, 1, '2018-11-16 02:01:04', '2018-11-16 02:01:04'),
(261, 1, 0, 'Category modification', 'Category', 41, 1, '2018-11-16 02:01:05', '2018-11-16 02:01:05'),
(262, 1, 0, 'Category modification', 'Category', 42, 1, '2018-11-16 02:01:05', '2018-11-16 02:01:05'),
(263, 1, 0, 'Category modification', 'Category', 43, 1, '2018-11-16 02:01:05', '2018-11-16 02:01:05'),
(264, 1, 0, 'Category modification', 'Category', 44, 1, '2018-11-16 02:01:05', '2018-11-16 02:01:05'),
(265, 1, 0, 'Category modification', 'Category', 45, 1, '2018-11-16 02:01:08', '2018-11-16 02:01:08'),
(266, 1, 0, 'Category modification', 'Category', 46, 1, '2018-11-16 02:01:23', '2018-11-16 02:01:23'),
(267, 1, 0, 'Category modification', 'Category', 47, 1, '2018-11-16 02:03:44', '2018-11-16 02:03:44'),
(268, 1, 0, 'Category modification', 'Category', 48, 1, '2018-11-16 02:03:44', '2018-11-16 02:03:44'),
(269, 1, 0, 'Category modification', 'Category', 49, 1, '2018-11-16 02:03:45', '2018-11-16 02:03:45'),
(270, 1, 0, 'Category modification', 'Category', 50, 1, '2018-11-16 02:03:45', '2018-11-16 02:03:45'),
(271, 1, 0, 'Category modification', 'Category', 51, 1, '2018-11-16 02:03:45', '2018-11-16 02:03:45'),
(272, 1, 0, 'Category modification', 'Category', 53, 1, '2018-11-16 02:03:46', '2018-11-16 02:03:46'),
(273, 1, 0, 'Category modification', 'Category', 52, 1, '2018-11-16 02:03:47', '2018-11-16 02:03:47'),
(274, 1, 0, 'Category modification', 'Category', 54, 1, '2018-11-16 02:03:54', '2018-11-16 02:03:54'),
(275, 1, 0, 'Category modification', 'Category', 55, 1, '2018-11-16 02:04:43', '2018-11-16 02:04:43'),
(276, 1, 0, 'Category modification', 'Category', 56, 1, '2018-11-16 02:06:36', '2018-11-16 02:06:36'),
(277, 1, 0, 'Category modification', 'Category', 57, 1, '2018-11-16 02:06:36', '2018-11-16 02:06:36'),
(278, 1, 0, 'Category modification', 'Category', 58, 1, '2018-11-16 02:06:36', '2018-11-16 02:06:36'),
(279, 1, 0, 'Category modification', 'Category', 59, 1, '2018-11-16 02:06:36', '2018-11-16 02:06:36'),
(280, 1, 0, 'Category modification', 'Category', 60, 1, '2018-11-16 02:06:44', '2018-11-16 02:06:44'),
(281, 1, 0, 'Category modification', 'Category', 61, 1, '2018-11-16 02:06:44', '2018-11-16 02:06:44'),
(282, 1, 0, 'Category modification', 'Category', 62, 1, '2018-11-16 02:07:04', '2018-11-16 02:07:04'),
(283, 1, 0, 'Category modification', 'Category', 63, 1, '2018-11-16 02:12:43', '2018-11-16 02:12:43'),
(284, 1, 0, 'Category modification', 'Category', 64, 1, '2018-11-16 02:12:50', '2018-11-16 02:12:50'),
(285, 1, 0, 'Category modification', 'Category', 65, 1, '2018-11-16 02:14:25', '2018-11-16 02:14:25'),
(286, 1, 0, 'Category modification', 'Category', 66, 1, '2018-11-16 02:14:25', '2018-11-16 02:14:25'),
(287, 1, 0, 'Category modification', 'Category', 67, 1, '2018-11-16 02:14:25', '2018-11-16 02:14:25'),
(288, 1, 0, 'Category modification', 'Category', 68, 1, '2018-11-16 02:14:32', '2018-11-16 02:14:32'),
(289, 1, 0, 'Category modification', 'Category', 72, 1, '2018-11-16 02:15:56', '2018-11-16 02:15:56'),
(290, 1, 0, 'Category modification', 'Category', 71, 1, '2018-11-16 02:16:04', '2018-11-16 02:16:04'),
(291, 1, 0, 'Category modification', 'Category', 70, 1, '2018-11-16 02:16:05', '2018-11-16 02:16:05'),
(292, 1, 0, 'Category modification', 'Category', 69, 1, '2018-11-16 02:16:14', '2018-11-16 02:16:14'),
(293, 1, 0, 'Shop modification', 'Shop', 4, 1, '2018-11-16 02:24:48', '2018-11-16 02:24:48'),
(294, 1, 0, 'Staticblock modification', 'Staticblock', 1, 1, '2018-11-16 02:40:21', '2018-11-16 02:40:21'),
(295, 1, 0, 'Staticblock addition', 'Staticblock', 18, 1, '2018-11-16 03:30:51', '2018-11-16 03:30:51'),
(296, 1, 0, 'Product modification', 'Product', 1, 1, '2018-11-16 20:35:23', '2018-11-16 20:35:23'),
(297, 1, 0, 'Product modification', 'Product', 24, 1, '2018-11-16 20:48:57', '2018-11-16 20:48:57'),
(298, 1, 0, 'Product modification', 'Product', 27, 1, '2018-11-16 20:51:02', '2018-11-16 20:51:02'),
(299, 1, 0, 'Product modification', 'Product', 2, 1, '2018-11-16 20:53:10', '2018-11-16 20:53:10'),
(300, 1, 0, 'Product modification', 'Product', 5, 1, '2018-11-16 20:56:31', '2018-11-16 20:56:31'),
(301, 1, 0, 'Product modification', 'Product', 20, 1, '2018-11-16 20:57:23', '2018-11-16 20:57:23'),
(302, 1, 0, 'Staticblock addition', 'Staticblock', 19, 1, '2018-11-16 21:21:08', '2018-11-16 21:21:08'),
(303, 1, 0, 'Staticblock addition', 'Staticblock', 20, 1, '2018-11-16 21:47:11', '2018-11-16 21:47:11'),
(304, 1, 0, 'Logo addition', 'Logo', 1, 1, '2018-11-16 22:02:38', '2018-11-16 22:02:38'),
(305, 1, 0, 'Logo addition', 'Logo', 2, 1, '2018-11-16 22:03:29', '2018-11-16 22:03:29'),
(306, 1, 0, 'Logo addition', 'Logo', 3, 1, '2018-11-16 22:06:19', '2018-11-16 22:06:19'),
(307, 1, 0, 'Logo addition', 'Logo', 4, 1, '2018-11-16 22:06:42', '2018-11-16 22:06:42'),
(308, 1, 0, 'Logo addition', 'Logo', 5, 1, '2018-11-16 22:07:16', '2018-11-16 22:07:16'),
(309, 1, 0, 'Logo addition', 'Logo', 6, 1, '2018-11-16 22:07:42', '2018-11-16 22:07:42'),
(310, 1, 0, 'Logo addition', 'Logo', 7, 1, '2018-11-16 22:08:06', '2018-11-16 22:08:06'),
(311, 1, 0, 'Logo addition', 'Logo', 8, 1, '2018-11-16 22:08:35', '2018-11-16 22:08:35'),
(312, 1, 0, 'Logo modification', 'Logo', 2, 1, '2018-11-16 22:29:38', '2018-11-16 22:29:38'),
(313, 1, 0, 'Logo modification', 'Logo', 3, 1, '2018-11-16 22:29:50', '2018-11-16 22:29:50'),
(314, 1, 0, 'Logo modification', 'Logo', 4, 1, '2018-11-16 22:30:07', '2018-11-16 22:30:07'),
(315, 1, 0, 'Logo modification', 'Logo', 5, 1, '2018-11-16 22:30:23', '2018-11-16 22:30:23'),
(316, 1, 0, 'Logo modification', 'Logo', 6, 1, '2018-11-16 22:30:37', '2018-11-16 22:30:37'),
(317, 1, 0, 'Logo modification', 'Logo', 7, 1, '2018-11-16 22:30:49', '2018-11-16 22:30:49'),
(318, 1, 0, 'Logo modification', 'Logo', 8, 1, '2018-11-16 22:31:22', '2018-11-16 22:31:22'),
(319, 1, 0, 'Logo modification', 'Logo', 1, 1, '2018-11-16 22:31:32', '2018-11-16 22:31:32'),
(320, 1, 0, 'Logo addition', 'Logo', 1, 1, '2018-11-16 22:46:24', '2018-11-16 22:46:24'),
(321, 1, 0, 'Logo addition', 'Logo', 2, 1, '2018-11-16 22:49:39', '2018-11-16 22:49:39'),
(322, 1, 0, 'Logo addition', 'Logo', 3, 1, '2018-11-16 22:50:24', '2018-11-16 22:50:24'),
(323, 1, 0, 'Logo addition', 'Logo', 4, 1, '2018-11-16 22:51:04', '2018-11-16 22:51:04'),
(324, 1, 0, 'Logo addition', 'Logo', 5, 1, '2018-11-16 22:51:32', '2018-11-16 22:51:32'),
(325, 1, 0, 'Logo addition', 'Logo', 6, 1, '2018-11-16 22:52:43', '2018-11-16 22:52:43'),
(326, 1, 0, 'Logo addition', 'Logo', 7, 1, '2018-11-16 22:53:13', '2018-11-16 22:53:13'),
(327, 1, 0, 'Logo addition', 'Logo', 8, 1, '2018-11-16 22:53:38', '2018-11-16 22:53:38'),
(328, 1, 0, 'xippostsclass modification', 'xippostsclass', 4, 1, '2018-11-18 20:40:18', '2018-11-18 20:40:18'),
(329, 1, 0, 'xippostsclass modification', 'xippostsclass', 3, 1, '2018-11-18 20:40:25', '2018-11-18 20:40:25'),
(330, 1, 0, 'xippostsclass modification', 'xippostsclass', 2, 1, '2018-11-18 20:40:30', '2018-11-18 20:40:30'),
(331, 1, 0, 'xippostsclass modification', 'xippostsclass', 1, 1, '2018-11-18 20:40:36', '2018-11-18 20:40:36'),
(332, 1, 0, 'xippostsclass addition', 'xippostsclass', 5, 1, '2018-11-18 21:12:07', '2018-11-18 21:12:07'),
(333, 1, 0, 'xippostsclass addition', 'xippostsclass', 6, 1, '2018-11-18 21:15:46', '2018-11-18 21:15:46'),
(334, 1, 0, 'xippostsclass addition', 'xippostsclass', 7, 1, '2018-11-18 21:19:43', '2018-11-18 21:19:43'),
(335, 1, 0, 'xippostsclass modification', 'xippostsclass', 7, 1, '2018-11-18 21:42:37', '2018-11-18 21:42:37'),
(336, 1, 0, 'xippostsclass modification', 'xippostsclass', 6, 1, '2018-11-18 21:42:49', '2018-11-18 21:42:49'),
(337, 1, 0, 'xippostsclass modification', 'xippostsclass', 5, 1, '2018-11-18 21:43:01', '2018-11-18 21:43:01'),
(338, 1, 0, 'xippostsclass modification', 'xippostsclass', 1, 1, '2018-11-18 21:52:43', '2018-11-18 21:52:43'),
(339, 1, 0, 'xippostsclass modification', 'xippostsclass', 2, 1, '2018-11-18 21:53:15', '2018-11-18 21:53:15'),
(340, 1, 0, 'xippostsclass modification', 'xippostsclass', 3, 1, '2018-11-18 21:54:20', '2018-11-18 21:54:20'),
(341, 1, 0, 'xippostsclass modification', 'xippostsclass', 4, 1, '2018-11-18 21:56:07', '2018-11-18 21:56:07'),
(342, 1, 0, 'xippostsclass modification', 'xippostsclass', 5, 1, '2018-11-18 21:56:47', '2018-11-18 21:56:47'),
(343, 1, 0, 'xippostsclass modification', 'xippostsclass', 6, 1, '2018-11-18 21:59:19', '2018-11-18 21:59:19'),
(344, 1, 0, 'xippostsclass modification', 'xippostsclass', 7, 1, '2018-11-18 22:00:41', '2018-11-18 22:00:41'),
(345, 1, 0, 'xippostsclass modification', 'xippostsclass', 3, 1, '2018-11-18 22:41:22', '2018-11-18 22:41:22'),
(346, 1, 0, 'Back office connection from 127.0.0.1', NULL, 0, 1, '2019-03-18 04:32:10', '2019-03-18 04:32:10'),
(347, 1, 0, 'Back office connection from 127.0.0.1', NULL, 0, 1, '2019-08-20 02:26:56', '2019-08-20 02:26:56'),
(348, 1, 0, 'Back office connection from 127.0.0.1', NULL, 0, 1, '2019-08-20 22:49:44', '2019-08-20 22:49:44'),
(349, 1, 0, 'PrestaShopBackup deletion', NULL, 0, 1, '2019-08-20 22:54:44', '2019-08-20 22:54:44'),
(350, 1, 0, 'Back office connection from 127.0.0.1', NULL, 0, 1, '2020-01-06 03:02:01', '2020-01-06 03:02:01'),
(351, 1, 0, 'Staticfooter modification', 'Staticfooter', 2, 1, '2020-01-06 03:03:50', '2020-01-06 03:03:50'),
(352, 1, 0, 'Back office connection from 127.0.0.1', NULL, 0, 1, '2020-01-21 01:17:42', '2020-01-21 01:17:42'),
(353, 1, 0, 'Back office connection from 127.0.0.1', NULL, 0, 1, '2020-01-21 03:05:20', '2020-01-21 03:05:20'),
(354, 1, 0, 'Back office connection from 127.0.0.1', NULL, 0, 1, '2020-01-21 20:24:25', '2020-01-21 20:24:25'),
(355, 1, 0, 'Staticblock modification', 'Staticblock', 1, 1, '2020-01-30 02:31:49', '2020-01-30 02:31:49'),
(356, 1, 0, 'PrestaShopBackup deletion', NULL, 0, 1, '2020-01-30 10:31:49', '2020-01-30 10:31:49'),
(357, 1, 0, 'Staticblock modification', 'Staticblock', 15, 1, '2020-01-30 22:15:52', '2020-01-30 22:15:52'),
(358, 1, 0, 'Staticblock modification', 'Staticblock', 17, 1, '2020-01-30 22:17:38', '2020-01-30 22:17:38'),
(359, 1, 0, 'Staticblock modification', 'Staticblock', 15, 1, '2020-01-30 22:18:10', '2020-01-30 22:18:10'),
(360, 1, 0, 'Staticblock modification', 'Staticblock', 14, 1, '2020-01-30 22:18:36', '2020-01-30 22:18:36'),
(361, 1, 0, 'Product modification', 'Product', 27, 1, '2020-01-30 22:33:24', '2020-01-30 22:33:24'),
(362, 1, 0, 'Product modification', 'Product', 24, 1, '2020-01-30 22:34:20', '2020-01-30 22:34:20'),
(363, 1, 0, 'Product modification', 'Product', 23, 1, '2020-01-30 23:11:14', '2020-01-30 23:11:14'),
(364, 1, 0, 'Product modification', 'Product', 23, 1, '2020-01-30 23:11:29', '2020-01-30 23:11:29'),
(365, 1, 0, 'Product modification', 'Product', 2, 1, '2020-01-31 02:14:18', '2020-01-31 02:14:18'),
(366, 1, 0, 'Product modification', 'Product', 2, 1, '2020-01-31 02:17:01', '2020-01-31 02:17:01'),
(367, 1, 0, 'Product modification', 'Product', 1, 1, '2020-01-31 02:19:06', '2020-01-31 02:19:06'),
(368, 1, 0, 'Product modification', 'Product', 1, 1, '2020-01-31 02:23:56', '2020-01-31 02:23:56'),
(369, 1, 0, 'Product modification', 'Product', 1, 1, '2020-01-31 02:30:12', '2020-01-31 02:30:12'),
(370, 1, 0, 'Product modification', 'Product', 25, 1, '2020-01-31 02:33:03', '2020-01-31 02:33:03'),
(371, 1, 0, 'Product modification', 'Product', 1, 1, '2020-01-31 02:39:08', '2020-01-31 02:39:08'),
(372, 1, 0, 'Product modification', 'Product', 23, 1, '2020-01-31 02:40:58', '2020-01-31 02:40:58'),
(373, 1, 0, 'Shop modification', 'Shop', 4, 1, '2020-01-31 02:45:26', '2020-01-31 02:45:26'),
(374, 1, 0, 'Product modification', 'Product', 2, 1, '2020-01-31 02:52:40', '2020-01-31 02:52:40'),
(375, 1, 0, 'Product modification', 'Product', 3, 1, '2020-01-31 02:52:55', '2020-01-31 02:52:55'),
(376, 1, 0, 'Product modification', 'Product', 5, 1, '2020-01-31 02:54:05', '2020-01-31 02:54:05'),
(377, 1, 0, 'Product modification', 'Product', 4, 1, '2020-01-31 02:54:30', '2020-01-31 02:54:30'),
(378, 1, 0, 'Product modification', 'Product', 2, 1, '2020-01-31 02:55:24', '2020-01-31 02:55:24'),
(379, 1, 0, 'Product modification', 'Product', 3, 1, '2020-01-31 02:56:49', '2020-01-31 02:56:49'),
(380, 1, 0, 'Product modification', 'Product', 25, 1, '2020-01-31 02:57:51', '2020-01-31 02:57:51'),
(381, 1, 0, 'Product modification', 'Product', 12, 1, '2020-01-31 02:59:12', '2020-01-31 02:59:12'),
(382, 1, 0, 'Staticfooter modification', 'Staticfooter', 2, 1, '2020-01-31 03:03:07', '2020-01-31 03:03:07'),
(383, 1, 0, 'Staticfooter modification', 'Staticfooter', 1, 1, '2020-01-31 03:12:04', '2020-01-31 03:12:04'),
(384, 1, 0, 'PrestaShopBackup deletion', NULL, 0, 1, '2020-01-31 23:46:43', '2020-01-31 23:46:43'),
(385, 1, 0, 'PrestaShopBackup deletion', NULL, 0, 1, '2020-01-31 23:50:17', '2020-01-31 23:50:17'),
(386, 1, 0, 'Back office connection from 127.0.0.1', NULL, 0, 1, '2020-02-02 20:25:50', '2020-02-02 20:25:50'),
(387, 1, 0, 'Product catalog filters stored.', NULL, 0, 1, '2020-02-02 21:44:56', '2020-02-02 21:44:56'),
(388, 1, 0, 'Product modification', 'Product', 4, 1, '2020-02-02 21:45:47', '2020-02-02 21:45:47'),
(389, 1, 0, 'Product modification', 'Product', 5, 1, '2020-02-02 21:53:44', '2020-02-02 21:53:44'),
(390, 1, 0, 'Product modification', 'Product', 1, 1, '2020-02-02 21:55:47', '2020-02-02 21:55:47'),
(391, 1, 0, 'Product modification', 'Product', 2, 1, '2020-02-02 21:57:04', '2020-02-02 21:57:04'),
(392, 1, 0, 'Product modification', 'Product', 3, 1, '2020-02-02 22:04:28', '2020-02-02 22:04:28'),
(393, 1, 0, 'Product modification', 'Product', 8, 1, '2020-02-02 22:06:47', '2020-02-02 22:06:47'),
(394, 1, 0, 'Logo addition', 'Logo', 9, 1, '2020-02-03 22:14:01', '2020-02-03 22:14:01'),
(395, 1, 0, 'Logo addition', 'Logo', 10, 1, '2020-02-03 22:14:25', '2020-02-03 22:14:25'),
(396, 1, 0, 'Logo addition', 'Logo', 11, 1, '2020-02-03 22:14:55', '2020-02-03 22:14:55'),
(397, 1, 0, 'Logo addition', 'Logo', 12, 1, '2020-02-03 22:15:17', '2020-02-03 22:15:17'),
(398, 1, 0, 'Logo addition', 'Logo', 13, 1, '2020-02-03 22:15:37', '2020-02-03 22:15:37'),
(399, 1, 0, 'Logo addition', 'Logo', 14, 1, '2020-02-03 22:16:17', '2020-02-03 22:16:17'),
(400, 1, 0, 'Logo addition', 'Logo', 15, 1, '2020-02-03 22:17:02', '2020-02-03 22:17:02'),
(401, 1, 0, 'Logo addition', 'Logo', 16, 1, '2020-02-03 22:18:53', '2020-02-03 22:18:53'),
(402, 1, 0, 'Logo addition', 'Logo', 17, 1, '2020-02-03 22:19:33', '2020-02-03 22:19:33'),
(403, 1, 0, 'Logo modification', 'Logo', 9, 1, '2020-02-03 22:33:47', '2020-02-03 22:33:47'),
(404, 3, 0, 'Data from PrestaShop Addons is invalid, and cannot fallback on cache. ', NULL, 0, 1, '2020-02-04 03:20:23', '2020-02-04 03:20:23'),
(405, 1, 0, 'Frontcontroller::init - Cart cannot be loaded or an order has already been placed using this cart', 'Cart', 13, 0, '2020-02-04 03:26:56', '2020-02-04 03:26:56'),
(406, 4, 1, 'Cart cannot be loaded or an order has already been placed using this cart', NULL, 0, 0, '2020-02-04 03:26:57', '2020-02-04 03:26:57'),
(407, 1, 0, 'Product modification', 'Product', 5, 1, '2020-02-04 04:49:25', '2020-02-04 04:49:25'),
(408, 1, 0, 'Product modification', 'Product', 23, 1, '2020-02-05 01:40:40', '2020-02-05 01:40:40'),
(409, 1, 0, 'Logo addition', 'Logo', 18, 1, '2020-02-05 02:09:01', '2020-02-05 02:09:01'),
(410, 1, 0, 'PrestaShopBackup deletion', NULL, 0, 1, '2020-02-05 02:51:21', '2020-02-05 02:51:21'),
(411, 1, 0, 'Product modification', 'Product', 24, 1, '2020-02-07 21:40:08', '2020-02-07 21:40:08'),
(412, 1, 0, 'Product modification', 'Product', 26, 1, '2020-02-07 21:49:16', '2020-02-07 21:49:16'),
(413, 1, 0, 'Product modification', 'Product', 2, 1, '2020-02-07 21:54:48', '2020-02-07 21:54:48'),
(414, 1, 0, 'Product modification', 'Product', 13, 1, '2020-02-07 21:55:31', '2020-02-07 21:55:31'),
(415, 1, 0, 'Staticfooter modification', 'Staticfooter', 3, 1, '2020-02-07 22:32:03', '2020-02-07 22:32:03'),
(416, 1, 0, 'Staticblock modification', 'Staticblock', 1, 1, '2020-02-07 22:32:49', '2020-02-07 22:32:49'),
(417, 1, 0, 'Product modification', 'Product', 27, 1, '2020-02-07 23:01:15', '2020-02-07 23:01:15'),
(418, 1, 0, 'Product modification', 'Product', 26, 1, '2020-02-07 23:01:26', '2020-02-07 23:01:26'),
(419, 1, 0, 'Product modification', 'Product', 21, 1, '2020-02-07 23:03:30', '2020-02-07 23:03:30'),
(420, 1, 0, 'Product modification', 'Product', 8, 1, '2020-02-07 23:04:25', '2020-02-07 23:04:25'),
(421, 1, 0, 'Product modification', 'Product', 8, 1, '2020-02-07 23:06:06', '2020-02-07 23:06:06'),
(422, 1, 0, 'Product modification', 'Product', 21, 1, '2020-02-07 23:09:06', '2020-02-07 23:09:06'),
(423, 1, 0, 'Product modification', 'Product', 14, 1, '2020-02-09 20:58:17', '2020-02-09 20:58:17'),
(424, 1, 0, 'PrestaShopBackup deletion', NULL, 0, 1, '2020-02-11 02:05:19', '2020-02-11 02:05:19'),
(425, 1, 0, 'PrestaShopBackup deletion', NULL, 0, 1, '2020-02-19 04:51:58', '2020-02-19 04:51:58'),
(426, 1, 0, 'Product modification', 'Product', 1, 1, '2020-02-27 02:36:09', '2020-02-27 02:36:09'),
(427, 1, 0, 'Product modification', 'Product', 1, 1, '2020-02-27 02:44:34', '2020-02-27 02:44:34'),
(428, 1, 0, 'Product modification', 'Product', 1, 1, '2020-02-27 02:52:35', '2020-02-27 02:52:35'),
(429, 1, 0, 'Frontcontroller::init - Cart cannot be loaded or an order has already been placed using this cart', 'Cart', 12, 0, '2020-02-27 20:56:35', '2020-02-27 20:56:35'),
(430, 1, 0, 'Frontcontroller::init - Cart cannot be loaded or an order has already been placed using this cart', 'Cart', 15, 0, '2020-02-27 20:58:21', '2020-02-27 20:58:21'),
(431, 1, 0, 'Frontcontroller::init - Cart cannot be loaded or an order has already been placed using this cart', 'Cart', 16, 0, '2020-02-27 20:59:33', '2020-02-27 20:59:33'),
(432, 1, 0, 'Logo modification', 'Logo', 6, 1, '2020-02-27 23:29:24', '2020-02-27 23:29:24'),
(433, 1, 0, 'PrestaShopBackup deletion', NULL, 0, 1, '2020-02-27 23:31:54', '2020-02-27 23:31:54'),
(434, 1, 0, 'Staticblock modification', 'Staticblock', 7, 1, '2020-03-11 21:45:07', '2020-03-11 21:45:07'),
(435, 1, 0, 'Staticfooter modification', 'Staticfooter', 4, 1, '2020-03-11 22:19:58', '2020-03-11 22:19:58'),
(436, 1, 0, 'Staticblock modification', 'Staticblock', 2, 1, '2020-03-11 22:23:38', '2020-03-11 22:23:38'),
(437, 1, 0, 'Staticblock modification', 'Staticblock', 6, 1, '2020-03-11 22:28:07', '2020-03-11 22:28:07'),
(438, 1, 0, 'Staticblock modification', 'Staticblock', 2, 1, '2020-03-11 22:29:14', '2020-03-11 22:29:14'),
(439, 1, 0, 'Staticblock modification', 'Staticblock', 14, 1, '2020-03-11 22:30:07', '2020-03-11 22:30:07'),
(440, 1, 0, 'PrestaShopBackup deletion', NULL, 0, 1, '2020-03-11 22:35:12', '2020-03-11 22:35:12'),
(441, 1, 0, 'PrestaShopBackup deletion', NULL, 0, 1, '2020-03-13 02:43:50', '2020-03-13 02:43:50'),
(442, 1, 0, 'Staticblock deletion', 'Staticblock', 7, 1, '2020-03-13 02:45:11', '2020-03-13 02:45:11'),
(443, 1, 0, 'Back office connection from 127.0.0.1', NULL, 0, 1, '2020-03-16 23:28:19', '2020-03-16 23:28:19'),
(444, 1, 0, 'PrestaShopBackup deletion', NULL, 0, 1, '2020-03-16 23:28:30', '2020-03-16 23:28:30'),
(445, 1, 0, 'PrestaShopBackup deletion', NULL, 0, 1, '2020-03-16 23:28:38', '2020-03-16 23:28:38'),
(446, 1, 0, 'Back office connection from 41.228.195.79', '', 0, 1, '2020-09-12 12:30:22', '2020-09-12 12:30:22'),
(447, 1, 0, 'Employee modification', 'Employee', 1, 1, '2020-09-12 12:31:44', '2020-09-12 12:31:44'),
(448, 1, 0, 'Back office connection from 41.228.195.79', '', 0, 1, '2020-09-12 12:32:04', '2020-09-12 12:32:04'),
(449, 1, 0, 'Back office connection from 196.203.53.164', '', 0, 1, '2020-09-13 14:04:47', '2020-09-13 14:04:47'),
(450, 1, 0, 'Product catalog filters stored.', '', 0, 1, '2020-09-13 14:06:49', '2020-09-13 14:06:49'),
(451, 1, 0, 'Ajout de QuickAccess', 'QuickAccess', 8, 1, '2020-09-13 14:12:22', '2020-09-13 14:12:22'),
(452, 1, 0, 'modification Category', 'Category', 13, 1, '2020-09-13 14:23:27', '2020-09-13 14:23:27'),
(453, 1, 0, 'modification Category', 'Category', 10, 1, '2020-09-13 14:26:34', '2020-09-13 14:26:34'),
(454, 1, 0, 'modification Category', 'Category', 10, 1, '2020-09-13 14:28:25', '2020-09-13 14:28:25'),
(455, 1, 0, 'modification Category', 'Category', 10, 1, '2020-09-13 14:28:57', '2020-09-13 14:28:57'),
(456, 1, 0, 'Connexion au back-office depuis 196.203.53.164', '', 0, 1, '2020-09-13 14:29:39', '2020-09-13 14:29:39'),
(457, 1, 0, 'Création : Category', 'Category', 73, 1, '2020-09-13 14:30:49', '2020-09-13 14:30:49'),
(458, 1, 0, 'modification Category', 'Category', 10, 1, '2020-09-13 14:44:05', '2020-09-13 14:44:05'),
(459, 1, 0, 'modification Category', 'Category', 10, 1, '2020-09-13 14:49:04', '2020-09-13 14:49:04'),
(460, 1, 0, 'modification Category', 'Category', 22, 1, '2020-09-13 14:52:25', '2020-09-13 14:52:25'),
(461, 1, 0, 'modification Category', 'Category', 22, 1, '2020-09-13 14:52:58', '2020-09-13 14:52:58'),
(462, 1, 0, 'modification Category', 'Category', 22, 1, '2020-09-13 14:53:57', '2020-09-13 14:53:57'),
(463, 1, 0, 'modification Category', 'Category', 22, 1, '2020-09-13 14:55:16', '2020-09-13 14:55:16'),
(464, 1, 0, 'Back office connection from 196.203.53.164', '', 0, 1, '2020-09-13 14:55:31', '2020-09-13 14:55:31'),
(465, 1, 0, 'Connexion au back-office depuis 196.203.53.164', '', 0, 1, '2020-09-13 14:55:58', '2020-09-13 14:55:58'),
(466, 1, 0, 'Back office connection from 196.203.53.164', '', 0, 1, '2020-09-13 14:56:18', '2020-09-13 14:56:18'),
(467, 1, 0, 'Création : Category', 'Category', 74, 1, '2020-09-13 14:58:06', '2020-09-13 14:58:06'),
(468, 1, 0, 'Création : Category', 'Category', 75, 1, '2020-09-13 15:03:09', '2020-09-13 15:03:09'),
(469, 1, 0, 'Création : Category', 'Category', 76, 1, '2020-09-13 15:04:47', '2020-09-13 15:04:47'),
(470, 1, 0, 'Création : Category', 'Category', 77, 1, '2020-09-13 15:16:36', '2020-09-13 15:16:36'),
(471, 1, 0, 'Création : Category', 'Category', 78, 1, '2020-09-13 15:19:37', '2020-09-13 15:19:37'),
(472, 1, 0, 'Création : Category', 'Category', 79, 1, '2020-09-13 15:29:01', '2020-09-13 15:29:01'),
(473, 1, 0, 'Création : Category', 'Category', 80, 1, '2020-09-13 15:30:50', '2020-09-13 15:30:50'),
(474, 1, 0, 'Back office connection from 196.203.53.164', '', 0, 1, '2020-09-13 16:20:06', '2020-09-13 16:20:06'),
(475, 1, 0, 'Connexion au back-office depuis 196.203.53.164', '', 0, 1, '2020-09-13 16:23:12', '2020-09-13 16:23:12'),
(476, 1, 0, 'modification Category', 'Category', 73, 1, '2020-09-13 16:37:45', '2020-09-13 16:37:45'),
(477, 1, 0, 'modification Category', 'Category', 73, 1, '2020-09-13 16:39:03', '2020-09-13 16:39:03'),
(478, 1, 0, 'modification Category', 'Category', 73, 1, '2020-09-13 16:39:52', '2020-09-13 16:39:52'),
(479, 1, 0, 'modification Category', 'Category', 73, 1, '2020-09-13 16:40:23', '2020-09-13 16:40:23'),
(480, 1, 0, 'modification Category', 'Category', 73, 1, '2020-09-13 16:41:25', '2020-09-13 16:41:25'),
(481, 1, 0, 'modification Category', 'Category', 73, 1, '2020-09-13 16:41:39', '2020-09-13 16:41:39'),
(482, 1, 0, 'modification Category', 'Category', 73, 1, '2020-09-13 16:48:32', '2020-09-13 16:48:32'),
(483, 1, 0, 'modification Category', 'Category', 73, 1, '2020-09-13 16:49:49', '2020-09-13 16:49:49'),
(484, 1, 0, 'modification Category', 'Category', 73, 1, '2020-09-13 16:50:51', '2020-09-13 16:50:51'),
(485, 1, 0, 'modification Category', 'Category', 73, 1, '2020-09-13 16:51:16', '2020-09-13 16:51:16'),
(486, 1, 0, 'modification Category', 'Category', 73, 1, '2020-09-13 16:52:33', '2020-09-13 16:52:33'),
(487, 1, 0, 'Back office connection from 196.203.53.164', '', 0, 1, '2020-09-13 17:53:10', '2020-09-13 17:53:10'),
(488, 1, 0, 'Product modification', 'Product', 28, 1, '2020-09-13 17:57:53', '2020-09-13 17:57:53'),
(489, 1, 0, 'Product modification', 'Product', 28, 1, '2020-09-13 17:58:36', '2020-09-13 17:58:36'),
(490, 1, 0, 'Product modification', 'Product', 28, 1, '2020-09-13 17:59:03', '2020-09-13 17:59:03');
INSERT INTO `ps_log` (`id_log`, `severity`, `error_code`, `message`, `object_type`, `object_id`, `id_employee`, `date_add`, `date_upd`) VALUES
(491, 1, 0, 'Product activated: 28', '', 0, 1, '2020-09-13 17:59:52', '2020-09-13 17:59:52'),
(492, 1, 0, 'Product modification', 'Product', 29, 1, '2020-09-13 18:02:52', '2020-09-13 18:02:52'),
(493, 1, 0, 'Product modification', 'Product', 29, 1, '2020-09-13 18:03:19', '2020-09-13 18:03:19'),
(494, 1, 0, 'Product modification', 'Product', 29, 1, '2020-09-13 18:04:32', '2020-09-13 18:04:32'),
(495, 1, 0, 'Product activated: 29', '', 0, 1, '2020-09-13 18:05:17', '2020-09-13 18:05:17'),
(496, 1, 0, 'Product modification', 'Product', 31, 1, '2020-09-13 18:08:16', '2020-09-13 18:08:16'),
(497, 1, 0, 'Product activated: 31', '', 0, 1, '2020-09-13 18:09:15', '2020-09-13 18:09:15'),
(498, 1, 0, 'Product modification', 'Product', 29, 1, '2020-09-13 18:09:35', '2020-09-13 18:09:35'),
(499, 1, 0, 'Connexion au back-office depuis 196.203.53.164', '', 0, 1, '2020-09-14 09:41:02', '2020-09-14 09:41:02'),
(500, 1, 0, 'Création : Category', 'Category', 81, 1, '2020-09-14 09:43:08', '2020-09-14 09:43:08'),
(501, 1, 0, 'Création : Category', 'Category', 82, 1, '2020-09-14 09:45:28', '2020-09-14 09:45:28'),
(502, 1, 0, 'Suppression : Category', 'Category', 81, 1, '2020-09-14 09:45:49', '2020-09-14 09:45:49'),
(503, 1, 0, 'Création : Category', 'Category', 83, 1, '2020-09-14 09:46:34', '2020-09-14 09:46:34'),
(504, 1, 0, 'Création : Category', 'Category', 84, 1, '2020-09-14 09:47:48', '2020-09-14 09:47:48'),
(505, 1, 0, 'Création : Category', 'Category', 85, 1, '2020-09-14 09:49:25', '2020-09-14 09:49:25'),
(506, 1, 0, 'Création : Category', 'Category', 86, 1, '2020-09-14 09:51:10', '2020-09-14 09:51:10'),
(507, 1, 0, 'Connexion au back-office depuis 196.203.53.164', '', 0, 1, '2020-09-14 11:18:34', '2020-09-14 11:18:34'),
(508, 1, 0, 'Connexion au back-office depuis 196.203.53.164', '', 0, 1, '2020-09-14 12:21:37', '2020-09-14 12:21:37'),
(509, 1, 0, 'Connexion au back-office depuis 196.203.53.164', '', 0, 1, '2020-09-14 12:22:15', '2020-09-14 12:22:15'),
(510, 1, 0, 'Connexion au back-office depuis 196.203.53.164', '', 0, 1, '2020-09-14 12:22:39', '2020-09-14 12:22:39'),
(511, 1, 0, 'Connexion au back-office depuis 196.203.53.164', '', 0, 1, '2020-09-14 12:23:40', '2020-09-14 12:23:40'),
(512, 1, 0, 'Connexion au back-office depuis 196.203.53.164', '', 0, 1, '2020-09-14 14:22:34', '2020-09-14 14:22:34'),
(513, 1, 0, 'Connexion au back-office depuis 196.203.53.164', '', 0, 1, '2020-09-14 14:22:43', '2020-09-14 14:22:43'),
(514, 1, 0, 'Connexion au back-office depuis 196.203.53.164', '', 0, 1, '2020-09-14 14:23:20', '2020-09-14 14:23:20'),
(515, 1, 0, 'Connexion au back-office depuis 196.203.53.164', '', 0, 1, '2020-09-14 14:23:29', '2020-09-14 14:23:29'),
(516, 1, 0, 'Connexion au back-office depuis 196.203.53.164', '', 0, 1, '2020-09-14 14:23:35', '2020-09-14 14:23:35'),
(517, 1, 0, 'Product modification', 'Product', 33, 1, '2020-09-14 14:46:22', '2020-09-14 14:46:22'),
(518, 1, 0, 'Connexion au back-office depuis 196.203.53.164', '', 0, 1, '2020-09-14 15:27:59', '2020-09-14 15:27:59'),
(519, 1, 0, 'Connexion au back-office depuis 196.203.53.164', '', 0, 1, '2020-09-14 22:48:38', '2020-09-14 22:48:38'),
(520, 1, 0, 'Connexion au back-office depuis 196.203.53.164', '', 0, 1, '2020-09-14 22:48:54', '2020-09-14 22:48:54'),
(521, 1, 0, 'Connexion au back-office depuis 196.203.53.164', '', 0, 1, '2020-09-14 22:49:46', '2020-09-14 22:49:46'),
(522, 1, 0, 'Connexion au back-office depuis 196.203.53.164', '', 0, 1, '2020-09-14 22:53:29', '2020-09-14 22:53:29'),
(523, 1, 0, 'Connexion au back-office depuis 196.203.53.164', '', 0, 1, '2020-09-14 22:55:39', '2020-09-14 22:55:39'),
(524, 1, 0, 'Connexion au back-office depuis 196.203.53.164', '', 0, 1, '2020-09-14 22:55:50', '2020-09-14 22:55:50'),
(525, 1, 0, 'Connexion au back-office depuis 196.203.53.164', '', 0, 1, '2020-09-14 22:57:30', '2020-09-14 22:57:30'),
(526, 1, 0, 'Connexion au back-office depuis 196.203.53.164', '', 0, 1, '2020-09-14 22:59:39', '2020-09-14 22:59:39'),
(527, 1, 0, 'Connexion au back-office depuis 196.203.53.164', '', 0, 1, '2020-09-14 23:01:22', '2020-09-14 23:01:22'),
(528, 1, 0, 'Connexion au back-office depuis 196.203.53.164', '', 0, 1, '2020-09-14 23:02:09', '2020-09-14 23:02:09'),
(529, 1, 0, 'Connexion au back-office depuis 196.203.53.164', '', 0, 1, '2020-09-14 23:07:41', '2020-09-14 23:07:41'),
(530, 1, 0, 'Connexion au back-office depuis 196.203.53.164', '', 0, 1, '2020-09-14 23:08:04', '2020-09-14 23:08:04'),
(531, 1, 0, 'Connexion au back-office depuis 196.203.53.164', '', 0, 1, '2020-09-14 23:09:22', '2020-09-14 23:09:22'),
(532, 1, 0, 'Connexion au back-office depuis 196.203.53.164', '', 0, 1, '2020-09-14 23:12:19', '2020-09-14 23:12:19'),
(533, 1, 0, 'Connexion au back-office depuis 102.169.236.32', '', 0, 1, '2020-09-14 23:12:54', '2020-09-14 23:12:54'),
(534, 1, 0, 'Connexion au back-office depuis 102.169.236.32', '', 0, 1, '2020-09-14 23:13:27', '2020-09-14 23:13:27'),
(535, 1, 0, 'Connexion au back-office depuis 102.169.236.32', '', 0, 1, '2020-09-14 23:13:34', '2020-09-14 23:13:34'),
(536, 1, 0, 'Connexion au back-office depuis 102.169.236.32', '', 0, 1, '2020-09-14 23:13:52', '2020-09-14 23:13:52'),
(537, 1, 0, 'Connexion au back-office depuis 102.169.236.32', '', 0, 1, '2020-09-14 23:13:57', '2020-09-14 23:13:57'),
(538, 1, 0, 'Connexion au back-office depuis 102.169.236.32', '', 0, 1, '2020-09-14 23:14:05', '2020-09-14 23:14:05'),
(539, 1, 0, 'Connexion au back-office depuis 102.169.236.32', '', 0, 1, '2020-09-14 23:14:34', '2020-09-14 23:14:34'),
(540, 1, 0, 'Connexion au back-office depuis 102.169.236.32', '', 0, 1, '2020-09-14 23:14:46', '2020-09-14 23:14:46'),
(541, 1, 0, 'Connexion au back-office depuis 102.169.236.32', '', 0, 1, '2020-09-14 23:16:29', '2020-09-14 23:16:29'),
(542, 1, 0, 'Connexion au back-office depuis 102.169.236.32', '', 0, 1, '2020-09-14 23:16:41', '2020-09-14 23:16:41'),
(543, 1, 0, 'Connexion au back-office depuis 102.169.236.32', '', 0, 1, '2020-09-14 23:16:50', '2020-09-14 23:16:50'),
(544, 1, 0, 'Connexion au back-office depuis 102.169.236.32', '', 0, 1, '2020-09-14 23:17:06', '2020-09-14 23:17:06'),
(545, 1, 0, 'Connexion au back-office depuis 102.169.236.32', '', 0, 1, '2020-09-14 23:17:16', '2020-09-14 23:17:16'),
(546, 1, 0, 'Connexion au back-office depuis 196.203.53.164', '', 0, 1, '2020-09-14 23:24:45', '2020-09-14 23:24:45'),
(547, 1, 0, 'Connexion au back-office depuis 102.169.236.32', '', 0, 1, '2020-09-14 23:25:41', '2020-09-14 23:25:41'),
(548, 1, 0, 'modification Employee', 'Employee', 1, 1, '2020-09-14 23:27:01', '2020-09-14 23:27:01'),
(549, 1, 0, 'Connexion au back-office depuis 196.203.53.164', '', 0, 1, '2020-09-14 23:27:14', '2020-09-14 23:27:14'),
(550, 1, 0, 'modification Employee', 'Employee', 1, 1, '2020-09-14 23:27:55', '2020-09-14 23:27:55'),
(551, 1, 0, 'Connexion au back-office depuis 196.203.53.164', '', 0, 1, '2020-09-14 23:28:03', '2020-09-14 23:28:03'),
(552, 1, 0, 'Création : Employee', 'Employee', 2, 1, '2020-09-14 23:30:59', '2020-09-14 23:30:59'),
(553, 1, 0, 'Connexion au back-office depuis 196.203.53.164', '', 0, 2, '2020-09-14 23:31:45', '2020-09-14 23:31:45'),
(554, 1, 0, 'Product activated: 33', '', 0, 2, '2020-09-14 23:32:56', '2020-09-14 23:32:56'),
(555, 1, 0, 'Product modification', 'Product', 29, 2, '2020-09-14 23:35:50', '2020-09-14 23:35:50'),
(556, 1, 0, 'Product modification', 'Product', 29, 2, '2020-09-14 23:36:17', '2020-09-14 23:36:17'),
(557, 1, 0, 'Product modification', 'Product', 29, 2, '2020-09-14 23:39:55', '2020-09-14 23:39:55'),
(558, 1, 0, 'Product modification', 'Product', 29, 2, '2020-09-14 23:40:06', '2020-09-14 23:40:06'),
(559, 1, 0, 'Product modification', 'Product', 29, 2, '2020-09-14 23:45:06', '2020-09-14 23:45:06'),
(560, 1, 0, 'Connexion au back-office depuis 41.228.214.37', '', 0, 1, '2020-09-16 22:22:07', '2020-09-16 22:22:07'),
(561, 1, 0, 'Connexion au back-office depuis 196.203.53.164', '', 0, 1, '2020-09-16 22:38:08', '2020-09-16 22:38:08'),
(562, 1, 0, 'Connexion au back-office depuis 154.111.85.52', '', 0, 2, '2020-09-16 22:41:50', '2020-09-16 22:41:50'),
(563, 1, 0, 'Connexion au back-office depuis 154.111.85.52', '', 0, 2, '2020-09-16 22:44:15', '2020-09-16 22:44:15'),
(564, 1, 0, 'Connexion au back-office depuis 196.203.53.164', '', 0, 1, '2020-09-16 23:25:19', '2020-09-16 23:25:19'),
(565, 1, 0, 'Suppression : Category', 'Category', 10, 1, '2020-09-16 23:33:50', '2020-09-16 23:33:50'),
(566, 1, 0, 'Suppression : Category', 'Category', 13, 1, '2020-09-16 23:37:26', '2020-09-16 23:37:26'),
(567, 1, 0, 'Suppression : Category', 'Category', 11, 1, '2020-09-16 23:37:52', '2020-09-16 23:37:52'),
(568, 1, 0, 'Suppression : Category', 'Category', 12, 1, '2020-09-16 23:38:36', '2020-09-16 23:38:36'),
(569, 1, 0, 'Suppression : Category', 'Category', 14, 1, '2020-09-16 23:38:46', '2020-09-16 23:38:46'),
(570, 1, 0, 'Suppression : Category', 'Category', 15, 1, '2020-09-16 23:40:14', '2020-09-16 23:40:14'),
(571, 1, 0, 'Suppression : Category', 'Category', 16, 1, '2020-09-16 23:40:50', '2020-09-16 23:40:50'),
(572, 1, 0, 'Suppression : Category', 'Category', 18, 1, '2020-09-16 23:41:54', '2020-09-16 23:41:54'),
(573, 1, 0, 'Suppression : Category', 'Category', 17, 1, '2020-09-16 23:43:09', '2020-09-16 23:43:09'),
(574, 1, 0, 'Suppression : Category', 'Category', 21, 1, '2020-09-16 23:43:45', '2020-09-16 23:43:45'),
(575, 1, 0, 'Products deleted: (27).', '', 0, 1, '2020-09-16 23:48:55', '2020-09-16 23:48:55'),
(576, 1, 0, 'Products deleted: (26).', '', 0, 1, '2020-09-16 23:48:55', '2020-09-16 23:48:55'),
(577, 1, 0, 'Products deleted: (25).', '', 0, 1, '2020-09-16 23:48:58', '2020-09-16 23:48:58'),
(578, 1, 0, 'Products deleted: (24).', '', 0, 1, '2020-09-16 23:49:00', '2020-09-16 23:49:00'),
(579, 1, 0, 'Products deleted: (23).', '', 0, 1, '2020-09-16 23:49:04', '2020-09-16 23:49:04'),
(580, 1, 0, 'Products deleted: (22).', '', 0, 1, '2020-09-16 23:49:06', '2020-09-16 23:49:06'),
(581, 1, 0, 'Products deleted: (21).', '', 0, 1, '2020-09-16 23:49:09', '2020-09-16 23:49:09'),
(582, 1, 0, 'Products deleted: (20).', '', 0, 1, '2020-09-16 23:49:13', '2020-09-16 23:49:13'),
(583, 1, 0, 'Products deleted: (14).', '', 0, 1, '2020-09-16 23:49:15', '2020-09-16 23:49:15'),
(584, 1, 0, 'Products deleted: (13).', '', 0, 1, '2020-09-16 23:49:22', '2020-09-16 23:49:22'),
(585, 1, 0, 'Products deleted: (12).', '', 0, 1, '2020-09-16 23:49:23', '2020-09-16 23:49:23'),
(586, 1, 0, 'Products deleted: (8).', '', 0, 1, '2020-09-16 23:49:25', '2020-09-16 23:49:25'),
(587, 1, 0, 'Products deleted: (5).', '', 0, 1, '2020-09-16 23:49:31', '2020-09-16 23:49:31'),
(588, 1, 0, 'Products deleted: (4).', '', 0, 1, '2020-09-16 23:49:35', '2020-09-16 23:49:35'),
(589, 1, 0, 'Products deleted: (3).', '', 0, 1, '2020-09-16 23:49:39', '2020-09-16 23:49:39'),
(590, 1, 0, 'Products deleted: (2).', '', 0, 1, '2020-09-16 23:49:41', '2020-09-16 23:49:41'),
(591, 1, 0, 'Products deleted: (1).', '', 0, 1, '2020-09-16 23:49:57', '2020-09-16 23:49:57'),
(592, 1, 0, 'Création : Attribute', 'Attribute', 26, 1, '2020-09-16 23:59:30', '2020-09-16 23:59:30'),
(593, 1, 0, 'Connexion au back-office depuis 196.203.53.164', '', 0, 1, '2020-09-18 20:10:44', '2020-09-18 20:10:44'),
(594, 1, 0, 'Connexion au back-office depuis 196.203.53.164', '', 0, 1, '2020-09-26 23:46:44', '2020-09-26 23:46:44'),
(595, 1, 0, 'Product modification', 'Product', 34, 1, '2020-09-26 23:51:03', '2020-09-26 23:51:03'),
(596, 1, 0, 'Product modification', 'Product', 34, 1, '2020-09-26 23:54:37', '2020-09-26 23:54:37'),
(597, 1, 0, 'Product activated: 34', '', 0, 1, '2020-09-26 23:54:47', '2020-09-26 23:54:47'),
(598, 1, 0, 'Product modification', 'Product', 35, 1, '2020-09-26 23:59:06', '2020-09-26 23:59:06'),
(599, 1, 0, 'Product modification', 'Product', 35, 1, '2020-09-26 23:59:36', '2020-09-26 23:59:36'),
(600, 1, 0, 'Product modification', 'Product', 35, 1, '2020-09-26 23:59:49', '2020-09-26 23:59:49'),
(601, 1, 0, 'Product activated: 35', '', 0, 1, '2020-09-26 23:59:55', '2020-09-26 23:59:55'),
(602, 1, 0, 'Connexion au back-office depuis 196.203.53.164', '', 0, 1, '2020-09-27 00:06:47', '2020-09-27 00:06:47'),
(603, 1, 0, 'Product modification', 'Product', 34, 1, '2020-09-27 00:16:44', '2020-09-27 00:16:44'),
(604, 1, 0, 'Product modification', 'Product', 34, 1, '2020-09-27 00:19:10', '2020-09-27 00:19:10'),
(605, 1, 0, 'Connexion au back-office depuis 196.203.53.164', '', 0, 1, '2020-09-29 18:27:59', '2020-09-29 18:27:59'),
(606, 1, 0, 'Suppression : Category', 'Category', 10, 1, '2020-09-29 18:31:22', '2020-09-29 18:31:22'),
(607, 1, 0, 'Suppression : Category', 'Category', 11, 1, '2020-09-29 18:31:42', '2020-09-29 18:31:42'),
(608, 1, 0, 'Suppression : Category', 'Category', 12, 1, '2020-09-29 18:31:51', '2020-09-29 18:31:51'),
(609, 1, 0, 'Suppression : Category', 'Category', 13, 1, '2020-09-29 18:32:08', '2020-09-29 18:32:08'),
(610, 1, 0, 'Suppression : Category', 'Category', 14, 1, '2020-09-29 18:32:19', '2020-09-29 18:32:19'),
(611, 1, 0, 'Suppression : Category', 'Category', 15, 1, '2020-09-29 18:32:28', '2020-09-29 18:32:28'),
(612, 1, 0, 'Suppression : Category', 'Category', 16, 1, '2020-09-29 18:32:35', '2020-09-29 18:32:35'),
(613, 1, 0, 'Suppression : Category', 'Category', 17, 1, '2020-09-29 18:32:40', '2020-09-29 18:32:40'),
(614, 1, 0, 'Suppression : Category', 'Category', 18, 1, '2020-09-29 18:32:45', '2020-09-29 18:32:45'),
(615, 1, 0, 'Suppression : Category', 'Category', 21, 1, '2020-09-29 18:32:47', '2020-09-29 18:32:47'),
(616, 1, 0, 'Création : Category', 'Category', 87, 1, '2020-09-29 18:43:34', '2020-09-29 18:43:34'),
(617, 1, 0, 'Création : Category', 'Category', 88, 1, '2020-09-29 18:44:30', '2020-09-29 18:44:30'),
(618, 1, 0, 'Création : Category', 'Category', 89, 1, '2020-09-29 18:45:24', '2020-09-29 18:45:24'),
(619, 1, 0, 'Création : Category', 'Category', 90, 1, '2020-09-29 18:47:49', '2020-09-29 18:47:49'),
(620, 1, 0, 'Création : Category', 'Category', 91, 1, '2020-09-29 18:48:37', '2020-09-29 18:48:37'),
(621, 1, 0, 'Suppression : Category', 'Category', 79, 1, '2020-09-29 18:50:47', '2020-09-29 18:50:47'),
(622, 1, 0, 'Création : Category', 'Category', 92, 1, '2020-09-29 18:51:43', '2020-09-29 18:51:43'),
(623, 1, 0, 'Création : Category', 'Category', 93, 1, '2020-09-29 18:52:32', '2020-09-29 18:52:32'),
(624, 1, 0, 'modification Category', 'Category', 93, 1, '2020-09-29 18:53:19', '2020-09-29 18:53:19'),
(625, 1, 0, 'modification Category', 'Category', 93, 1, '2020-09-29 18:53:42', '2020-09-29 18:53:42'),
(626, 1, 0, 'modification Category', 'Category', 93, 1, '2020-09-29 18:54:18', '2020-09-29 18:54:18'),
(627, 1, 0, 'modification Category', 'Category', 93, 1, '2020-09-29 18:56:40', '2020-09-29 18:56:40'),
(628, 1, 0, 'modification Category', 'Category', 93, 1, '2020-09-29 18:56:50', '2020-09-29 18:56:50'),
(629, 1, 0, 'Création : Category', 'Category', 94, 1, '2020-09-29 18:57:52', '2020-09-29 18:57:52'),
(630, 1, 0, 'Création : Category', 'Category', 95, 1, '2020-09-29 18:58:32', '2020-09-29 18:58:32'),
(631, 1, 0, 'Création : Category', 'Category', 96, 1, '2020-09-29 18:59:11', '2020-09-29 18:59:11'),
(632, 1, 0, 'Création : Category', 'Category', 97, 1, '2020-09-29 19:00:10', '2020-09-29 19:00:10'),
(633, 1, 0, 'Création : Category', 'Category', 98, 1, '2020-09-29 19:00:59', '2020-09-29 19:00:59'),
(634, 1, 0, 'Création : Category', 'Category', 99, 1, '2020-09-29 19:01:41', '2020-09-29 19:01:41'),
(635, 1, 0, 'Connexion au back-office depuis 196.203.53.164', '', 0, 1, '2020-09-29 20:22:52', '2020-09-29 20:22:52'),
(636, 1, 0, 'Création : Category', 'Category', 100, 1, '2020-09-29 20:26:29', '2020-09-29 20:26:29'),
(637, 1, 0, 'Création : Category', 'Category', 101, 1, '2020-09-29 20:27:46', '2020-09-29 20:27:46'),
(638, 1, 0, 'Création : Category', 'Category', 102, 1, '2020-09-29 20:31:26', '2020-09-29 20:31:26'),
(639, 1, 0, 'Création : Category', 'Category', 103, 1, '2020-09-29 20:33:05', '2020-09-29 20:33:05'),
(640, 1, 0, 'Création : Category', 'Category', 104, 1, '2020-09-29 20:35:11', '2020-09-29 20:35:11'),
(641, 1, 0, 'modification Category', 'Category', 73, 1, '2020-09-29 20:44:53', '2020-09-29 20:44:53'),
(642, 1, 0, 'modification Category', 'Category', 73, 1, '2020-09-29 20:45:55', '2020-09-29 20:45:55');

-- --------------------------------------------------------

--
-- Structure de la table `ps_mail`
--

CREATE TABLE `ps_mail` (
  `id_mail` int(11) UNSIGNED NOT NULL,
  `recipient` varchar(126) NOT NULL,
  `template` varchar(62) NOT NULL,
  `subject` varchar(254) NOT NULL,
  `id_lang` int(11) UNSIGNED NOT NULL,
  `date_add` timestamp NOT NULL DEFAULT CURRENT_TIMESTAMP
) ENGINE=InnoDB DEFAULT CHARSET=utf8;

--
-- Déchargement des données de la table `ps_mail`
--

INSERT INTO `ps_mail` (`id_mail`, `recipient`, `template`, `subject`, `id_lang`, `date_add`) VALUES
(1, 'myz@hotmail.fr', 'password_query', '[Sinrato - Responsive Prestashop Theme] Votre nouveau mot de passe', 2, '2020-09-12 12:41:46'),
(2, 'myz@hotmail.fr', 'password_query', '[Sinrato - Responsive Prestashop Theme] Votre nouveau mot de passe', 2, '2020-09-12 12:41:49');

-- --------------------------------------------------------

--
-- Structure de la table `ps_manufacturer`
--

CREATE TABLE `ps_manufacturer` (
  `id_manufacturer` int(10) UNSIGNED NOT NULL,
  `name` varchar(64) NOT NULL,
  `date_add` datetime NOT NULL,
  `date_upd` datetime NOT NULL,
  `active` tinyint(1) NOT NULL DEFAULT '0'
) ENGINE=InnoDB DEFAULT CHARSET=utf8;

--
-- Déchargement des données de la table `ps_manufacturer`
--

INSERT INTO `ps_manufacturer` (`id_manufacturer`, `name`, `date_add`, `date_upd`, `active`) VALUES
(1, 'Studio Design', '2018-10-24 09:07:45', '2018-11-02 05:12:45', 1),
(2, 'Graphic Corner', '2018-10-24 09:07:45', '2018-11-02 05:10:54', 1),
(3, 'Studio Design', '2018-11-02 04:45:29', '2018-11-02 05:11:27', 1),
(4, 'Graphic Corner', '2018-11-02 04:46:53', '2018-11-02 05:11:57', 1),
(5, 'Studio Design', '2018-11-02 04:47:48', '2018-11-02 05:16:24', 1),
(6, 'Graphic Corner', '2018-11-02 04:49:38', '2018-11-02 05:43:32', 1),
(7, 'Studio Design', '2018-11-02 04:50:32', '2018-11-02 05:19:33', 1),
(8, 'Studio Design', '2018-11-02 04:51:34', '2018-11-02 05:20:08', 1);

-- --------------------------------------------------------

--
-- Structure de la table `ps_manufacturer_lang`
--

CREATE TABLE `ps_manufacturer_lang` (
  `id_manufacturer` int(10) UNSIGNED NOT NULL,
  `id_lang` int(10) UNSIGNED NOT NULL,
  `description` text,
  `short_description` text,
  `meta_title` varchar(128) DEFAULT NULL,
  `meta_keywords` varchar(255) DEFAULT NULL,
  `meta_description` varchar(255) DEFAULT NULL
) ENGINE=InnoDB DEFAULT CHARSET=utf8;

--
-- Déchargement des données de la table `ps_manufacturer_lang`
--

INSERT INTO `ps_manufacturer_lang` (`id_manufacturer`, `id_lang`, `description`, `short_description`, `meta_title`, `meta_keywords`, `meta_description`) VALUES
(1, 1, '<p><span style=\"font-size:10pt;font-family:Arial;font-style:normal;\">Studio Design offers a range of items from ready-to-wear collections to contemporary objects. The brand has been presenting new ideas and trends since its creation in 2018.</span></p>', NULL, NULL, NULL, NULL),
(1, 2, '<p><span style=\"font-size:10pt;font-family:Arial;font-style:normal;\">Studio Design offers a range of items from ready-to-wear collections to contemporary objects. The brand has been presenting new ideas and trends since its creation in 2012.</span></p>', NULL, NULL, NULL, NULL),
(1, 3, '<p><span style=\"font-size:10pt;font-family:Arial;font-style:normal;\">Studio Design offers a range of items from ready-to-wear collections to contemporary objects. The brand has been presenting new ideas and trends since its creation in 2018.</span></p>', NULL, NULL, NULL, NULL),
(2, 1, '<p><span style=\"font-size:10pt;font-family:Arial;font-style:normal;\">Since 2018, Graphic Corner offers a large choice of quality posters, available on paper and many other formats. </span></p>', NULL, NULL, NULL, NULL),
(2, 2, '<p><span style=\"font-size:10pt;font-family:Arial;font-style:normal;\">Since 2010, Graphic Corner offers a large choice of quality posters, available on paper and many other formats. </span></p>', NULL, NULL, NULL, NULL),
(2, 3, '<p><span style=\"font-size:10pt;font-family:Arial;font-style:normal;\">Since 2018, Graphic Corner offers a large choice of quality posters, available on paper and many other formats. </span></p>', NULL, NULL, NULL, NULL),
(3, 1, '<p><span style=\"font-size:10pt;font-family:Arial;font-style:normal;\">Studio Design offers a range of items from ready-to-wear collections to contemporary objects. The brand has been presenting new ideas and trends since its creation in 2018.</span></p>', NULL, NULL, NULL, NULL),
(3, 2, '<p><span style=\"font-size:10pt;font-family:Arial;font-style:normal;\">Studio Design offers a range of items from ready-to-wear collections to contemporary objects. The brand has been presenting new ideas and trends since its creation in 2018.</span></p>', NULL, NULL, NULL, NULL),
(3, 3, '<p><span style=\"font-size:10pt;font-family:Arial;font-style:normal;\">Studio Design offers a range of items from ready-to-wear collections to contemporary objects. The brand has been presenting new ideas and trends since its creation in 2018.</span></p>', NULL, NULL, NULL, NULL),
(4, 1, '<p><span style=\"font-size:10pt;font-family:Arial;font-style:normal;\">Since 2018, Graphic Corner offers a large choice of quality posters, available on paper and many other formats. </span></p>', NULL, NULL, NULL, NULL),
(4, 2, '<p><span style=\"font-size:10pt;font-family:Arial;font-style:normal;\">Since 2018, Graphic Corner offers a large choice of quality posters, available on paper and many other formats. </span></p>', NULL, NULL, NULL, NULL),
(4, 3, '<p><span style=\"font-size:10pt;font-family:Arial;font-style:normal;\">Since 2018, Graphic Corner offers a large choice of quality posters, available on paper and many other formats. </span></p>', NULL, NULL, NULL, NULL),
(5, 1, '<p><span style=\"font-size:10pt;font-family:Arial;font-style:normal;\">Studio Design offers a range of items from ready-to-wear collections to contemporary objects. The brand has been presenting new ideas and trends since its creation in 2018.</span></p>', NULL, NULL, NULL, NULL),
(5, 2, '<p><span style=\"font-size:10pt;font-family:Arial;font-style:normal;\">Studio Design offers a range of items from ready-to-wear collections to contemporary objects. The brand has been presenting new ideas and trends since its creation in 2018.</span></p>', NULL, NULL, NULL, NULL),
(5, 3, '<p><span style=\"font-size:10pt;font-family:Arial;font-style:normal;\">Studio Design offers a range of items from ready-to-wear collections to contemporary objects. The brand has been presenting new ideas and trends since its creation in 2018.</span></p>', NULL, NULL, NULL, NULL),
(6, 1, '<p><span style=\"font-size:10pt;font-family:Arial;font-style:normal;\">Since 2018, Graphic Corner offers a large choice of quality posters, available on paper and many other formats. </span></p>', NULL, NULL, NULL, NULL),
(6, 2, '<p><span style=\"font-size:10pt;font-family:Arial;font-style:normal;\">Since 2018, Graphic Corner offers a large choice of quality posters, available on paper and many other formats. </span></p>', NULL, NULL, NULL, NULL),
(6, 3, '<p><span style=\"font-size:10pt;font-family:Arial;font-style:normal;\">Since 2018, Graphic Corner offers a large choice of quality posters, available on paper and many other formats. </span></p>', NULL, NULL, NULL, NULL),
(7, 1, '<p><span style=\"font-size:10pt;font-family:Arial;font-style:normal;\">Studio Design offers a range of items from ready-to-wear collections to contemporary objects. The brand has been presenting new ideas and trends since its creation in 2018.</span></p>', NULL, NULL, NULL, NULL),
(7, 2, NULL, NULL, NULL, NULL, NULL),
(7, 3, '<p><span style=\"font-size:10pt;font-family:Arial;font-style:normal;\">Studio Design offers a range of items from ready-to-wear collections to contemporary objects. The brand has been presenting new ideas and trends since its creation in 2018.</span></p>', NULL, NULL, NULL, NULL),
(8, 1, '<p><span style=\"font-size:10pt;font-family:Arial;font-style:normal;\">Since 2018, Graphic Corner offers a large choice of quality posters, available on paper and many other formats. </span></p>', NULL, NULL, NULL, NULL),
(8, 2, '<p><span style=\"font-size:10pt;font-family:Arial;font-style:normal;\">Since 2018, Graphic Corner offers a large choice of quality posters, available on paper and many other formats. </span></p>', NULL, NULL, NULL, NULL),
(8, 3, '<p><span style=\"font-size:10pt;font-family:Arial;font-style:normal;\">Since 2018, Graphic Corner offers a large choice of quality posters, available on paper and many other formats. </span></p>', NULL, NULL, NULL, NULL);

-- --------------------------------------------------------

--
-- Structure de la table `ps_manufacturer_shop`
--

CREATE TABLE `ps_manufacturer_shop` (
  `id_manufacturer` int(11) UNSIGNED NOT NULL,
  `id_shop` int(11) UNSIGNED NOT NULL
) ENGINE=InnoDB DEFAULT CHARSET=utf8;

--
-- Déchargement des données de la table `ps_manufacturer_shop`
--

INSERT INTO `ps_manufacturer_shop` (`id_manufacturer`, `id_shop`) VALUES
(1, 1),
(2, 1),
(3, 1),
(4, 1),
(5, 1),
(6, 1),
(7, 1),
(8, 1),
(1, 2),
(2, 2),
(3, 2),
(4, 2),
(5, 2),
(6, 2),
(7, 2),
(8, 2),
(1, 3),
(2, 3),
(3, 3),
(4, 3),
(5, 3),
(6, 3),
(7, 3),
(8, 3),
(1, 4),
(2, 4),
(3, 4),
(4, 4),
(5, 4),
(6, 4),
(7, 4),
(8, 4);

-- --------------------------------------------------------

--
-- Structure de la table `ps_memcached_servers`
--

CREATE TABLE `ps_memcached_servers` (
  `id_memcached_server` int(11) UNSIGNED NOT NULL,
  `ip` varchar(254) NOT NULL,
  `port` int(11) UNSIGNED NOT NULL,
  `weight` int(11) UNSIGNED NOT NULL
) ENGINE=InnoDB DEFAULT CHARSET=utf8;

-- --------------------------------------------------------

--
-- Structure de la table `ps_message`
--

CREATE TABLE `ps_message` (
  `id_message` int(10) UNSIGNED NOT NULL,
  `id_cart` int(10) UNSIGNED DEFAULT NULL,
  `id_customer` int(10) UNSIGNED NOT NULL,
  `id_employee` int(10) UNSIGNED DEFAULT NULL,
  `id_order` int(10) UNSIGNED NOT NULL,
  `message` text NOT NULL,
  `private` tinyint(1) UNSIGNED NOT NULL DEFAULT '1',
  `date_add` datetime NOT NULL
) ENGINE=InnoDB DEFAULT CHARSET=utf8;

-- --------------------------------------------------------

--
-- Structure de la table `ps_message_readed`
--

CREATE TABLE `ps_message_readed` (
  `id_message` int(10) UNSIGNED NOT NULL,
  `id_employee` int(10) UNSIGNED NOT NULL,
  `date_add` datetime NOT NULL
) ENGINE=InnoDB DEFAULT CHARSET=utf8;

-- --------------------------------------------------------

--
-- Structure de la table `ps_meta`
--

CREATE TABLE `ps_meta` (
  `id_meta` int(10) UNSIGNED NOT NULL,
  `page` varchar(64) NOT NULL,
  `configurable` tinyint(1) UNSIGNED NOT NULL DEFAULT '1'
) ENGINE=InnoDB DEFAULT CHARSET=utf8;



-- --------------------------------------------------------

--
-- Structure de la table `ps_meta_lang`
--

CREATE TABLE `ps_meta_lang` (
  `id_meta` int(10) UNSIGNED NOT NULL,
  `id_shop` int(11) UNSIGNED NOT NULL DEFAULT '1',
  `id_lang` int(10) UNSIGNED NOT NULL,
  `title` varchar(128) DEFAULT NULL,
  `description` varchar(255) DEFAULT NULL,
  `keywords` varchar(255) DEFAULT NULL,
  `url_rewrite` varchar(254) NOT NULL
) ENGINE=InnoDB DEFAULT CHARSET=utf8;



-- --------------------------------------------------------

--
-- Structure de la table `ps_module`
--

CREATE TABLE `ps_module` (
  `id_module` int(10) UNSIGNED NOT NULL,
  `name` varchar(64) NOT NULL,
  `active` tinyint(1) UNSIGNED NOT NULL DEFAULT '0',
  `version` varchar(8) NOT NULL
) ENGINE=InnoDB DEFAULT CHARSET=utf8;

--
-- Déchargement des données de la table `ps_module`
--

INSERT INTO `ps_module` (`id_module`, `name`, `active`, `version`) VALUES
(1, 'contactform', 1, '4.1.1'),
(2, 'dashactivity', 1, '2.0.2'),
(3, 'dashtrends', 1, '2.0.2'),
(4, 'dashgoals', 1, '2.0.2'),
(5, 'dashproducts', 1, '2.0.3'),
(6, 'graphnvd3', 1, '2.0.0'),
(7, 'gridhtml', 1, '2.0.0'),
(8, 'ps_banner', 1, '2.1.0'),
(9, 'ps_categorytree', 1, '2.0.0'),
(10, 'ps_checkpayment', 1, '2.0.3'),
(11, 'ps_contactinfo', 1, '3.1.0'),
(12, 'ps_currencyselector', 1, '2.0.0'),
(13, 'ps_customeraccountlinks', 1, '3.1.0'),
(14, 'ps_customersignin', 1, '2.0.2'),
(15, 'ps_customtext', 1, '4.1.0'),
(16, 'ps_emailsubscription', 1, '2.3.0'),
(18, 'ps_featuredproducts', 1, '2.0.0'),
(19, 'ps_imageslider', 1, '3.0.0'),
(20, 'ps_languageselector', 1, '2.0.2'),
(21, 'ps_linklist', 1, '2.1.5'),
(22, 'ps_mainmenu', 1, '2.1.1'),
(23, 'ps_searchbar', 1, '2.0.1'),
(24, 'ps_sharebuttons', 1, '2.0.1'),
(25, 'ps_shoppingcart', 1, '2.0.1'),
(26, 'ps_socialfollow', 1, '2.0.0'),
(27, 'ps_themecusto', 1, '1.0.7'),
(28, 'ps_wirepayment', 1, '2.0.4'),
(29, 'pagesnotfound', 1, '2.0.0'),
(30, 'sekeywords', 1, '2.0.0'),
(31, 'statsbestcategories', 1, '2.0.0'),
(32, 'statsbestcustomers', 1, '2.0.2'),
(33, 'statsbestproducts', 1, '2.0.0'),
(34, 'statsbestsuppliers', 1, '2.0.0'),
(35, 'statsbestvouchers', 1, '2.0.0'),
(36, 'statscarrier', 1, '2.0.0'),
(37, 'statscatalog', 1, '2.0.1'),
(38, 'statscheckup', 1, '2.0.0'),
(39, 'statsdata', 1, '2.0.0'),
(40, 'statsequipment', 1, '2.0.0'),
(41, 'statsforecast', 1, '2.0.3'),
(42, 'statslive', 1, '2.0.2'),
(43, 'statsnewsletter', 1, '2.0.2'),
(44, 'statsorigin', 1, '2.0.2'),
(45, 'statspersonalinfos', 1, '2.0.2'),
(46, 'statsproduct', 1, '2.0.3'),
(47, 'statsregistrations', 1, '2.0.0'),
(48, 'statssales', 1, '2.0.0'),
(49, 'statssearch', 1, '2.0.1'),
(50, 'statsstock', 1, '2.0.0'),
(51, 'statsvisits', 1, '2.0.2'),
(52, 'welcome', 1, '5.0.1'),
(53, 'gamification', 1, '2.1.0'),
(54, 'cronjobs', 1, '1.4.0'),
(55, 'psaddonsconnect', 1, '1.0.1'),
(56, 'blockreassurance', 1, '3.0.1'),
(57, 'ps_categoryproducts', 1, '1.0.2'),
(58, 'ps_advertising', 1, '1.0.2'),
(59, 'productcomments', 1, '3.3.9'),
(60, 'posmegamenu', 1, '1.0'),
(61, 'posvegamenu', 1, '1.0'),
(62, 'blockwishlist', 1, '1.3.2'),
(63, 'posinstagramblock', 1, '1.0'),
(64, 'posslideshows', 1, '1.0.0'),
(65, 'posstaticblocks', 1, '1.0'),
(66, 'posstaticfooter', 1, '1.0'),
(67, 'posfeaturedproducts', 1, '2.0'),
(68, 'posnewproducts', 1, '2.0'),
(69, 'posspecialproducts', 1, '2.0'),
(70, 'poscountdown', 1, '1.6'),
(71, 'posbestsellers', 1, '1.0'),
(72, 'xipblog', 1, '2.0.0'),
(73, 'xipblogdisplayposts', 1, '2.0.0'),
(74, 'possearchproducts', 1, '1.7'),
(75, 'postabcateslider', 1, '1.5'),
(76, 'poslistcategories', 1, '1.7.0'),
(78, 'poslistcateproduct', 1, '1.6.0'),
(79, 'posproductsmanufacturer', 1, '1.0'),
(81, 'postestimonials', 1, '1.6'),
(82, 'poslogo', 1, '1.0'),
(83, 'ps_cashondelivery', 1, '1.0.6'),
(85, 'ps_facetedsearch', 1, '3.4.1'),
(86, 'postabproductslider', 1, '1.7');

-- --------------------------------------------------------

--
-- Structure de la table `ps_module_carrier`
--

CREATE TABLE `ps_module_carrier` (
  `id_module` int(10) UNSIGNED NOT NULL,
  `id_shop` int(11) UNSIGNED NOT NULL DEFAULT '1',
  `id_reference` int(11) NOT NULL
) ENGINE=InnoDB DEFAULT CHARSET=utf8;

--
-- Déchargement des données de la table `ps_module_carrier`
--

INSERT INTO `ps_module_carrier` (`id_module`, `id_shop`, `id_reference`) VALUES
(10, 1, 1),
(10, 1, 2),
(28, 1, 1),
(28, 1, 2),
(83, 1, 1),
(83, 1, 2),
(83, 2, 1),
(83, 2, 2),
(83, 3, 1),
(83, 3, 2),
(83, 4, 1),
(83, 4, 2);

-- --------------------------------------------------------

--
-- Structure de la table `ps_module_country`
--

CREATE TABLE `ps_module_country` (
  `id_module` int(10) UNSIGNED NOT NULL,
  `id_shop` int(11) UNSIGNED NOT NULL DEFAULT '1',
  `id_country` int(10) UNSIGNED NOT NULL
) ENGINE=InnoDB DEFAULT CHARSET=utf8;

--
-- Déchargement des données de la table `ps_module_country`
--

INSERT INTO `ps_module_country` (`id_module`, `id_shop`, `id_country`) VALUES
(10, 1, 21),
(10, 2, 21),
(10, 3, 21),
(10, 4, 21),
(28, 1, 21),
(28, 2, 21),
(28, 3, 21),
(28, 4, 21),
(83, 1, 21),
(83, 2, 21),
(83, 3, 21),
(83, 4, 21);

-- --------------------------------------------------------

--
-- Structure de la table `ps_module_currency`
--

CREATE TABLE `ps_module_currency` (
  `id_module` int(10) UNSIGNED NOT NULL,
  `id_shop` int(11) UNSIGNED NOT NULL DEFAULT '1',
  `id_currency` int(11) NOT NULL
) ENGINE=InnoDB DEFAULT CHARSET=utf8;

--
-- Déchargement des données de la table `ps_module_currency`
--

INSERT INTO `ps_module_currency` (`id_module`, `id_shop`, `id_currency`) VALUES
(10, 1, 1),
(10, 1, 3),
(10, 1, 4),
(10, 2, 1),
(10, 3, 1),
(10, 4, 1),
(28, 1, 1),
(28, 1, 3),
(28, 1, 4),
(28, 2, 1),
(28, 3, 1),
(28, 4, 1),
(83, 1, 1),
(83, 1, 2),
(83, 2, 1),
(83, 2, 2),
(83, 3, 1),
(83, 3, 2),
(83, 4, 1),
(83, 4, 2);

-- --------------------------------------------------------

--
-- Structure de la table `ps_module_group`
--

CREATE TABLE `ps_module_group` (
  `id_module` int(10) UNSIGNED NOT NULL,
  `id_shop` int(11) UNSIGNED NOT NULL DEFAULT '1',
  `id_group` int(11) UNSIGNED NOT NULL
) ENGINE=InnoDB DEFAULT CHARSET=utf8;

--
-- Déchargement des données de la table `ps_module_group`
--

INSERT INTO `ps_module_group` (`id_module`, `id_shop`, `id_group`) VALUES
(1, 1, 1),
(1, 1, 2),
(1, 1, 3),
(1, 2, 1),
(1, 2, 2),
(1, 2, 3),
(1, 3, 1),
(1, 3, 2),
(1, 3, 3),
(1, 4, 1),
(1, 4, 2),
(1, 4, 3),
(2, 1, 1),
(2, 1, 2),
(2, 1, 3),
(2, 2, 1),
(2, 2, 2),
(2, 2, 3),
(2, 3, 1),
(2, 3, 2),
(2, 3, 3),
(2, 4, 1),
(2, 4, 2),
(2, 4, 3),
(3, 1, 1),
(3, 1, 2),
(3, 1, 3),
(3, 2, 1),
(3, 2, 2),
(3, 2, 3),
(3, 3, 1),
(3, 3, 2),
(3, 3, 3),
(3, 4, 1),
(3, 4, 2),
(3, 4, 3),
(4, 1, 1),
(4, 1, 2),
(4, 1, 3),
(4, 2, 1),
(4, 2, 2),
(4, 2, 3),
(4, 3, 1),
(4, 3, 2),
(4, 3, 3),
(4, 4, 1),
(4, 4, 2),
(4, 4, 3),
(5, 1, 1),
(5, 1, 2),
(5, 1, 3),
(5, 2, 1),
(5, 2, 2),
(5, 2, 3),
(5, 3, 1),
(5, 3, 2),
(5, 3, 3),
(5, 4, 1),
(5, 4, 2),
(5, 4, 3),
(6, 1, 1),
(6, 1, 2),
(6, 1, 3),
(6, 2, 1),
(6, 2, 2),
(6, 2, 3),
(6, 3, 1),
(6, 3, 2),
(6, 3, 3),
(6, 4, 1),
(6, 4, 2),
(6, 4, 3),
(7, 1, 1),
(7, 1, 2),
(7, 1, 3),
(7, 2, 1),
(7, 2, 2),
(7, 2, 3),
(7, 3, 1),
(7, 3, 2),
(7, 3, 3),
(7, 4, 1),
(7, 4, 2),
(7, 4, 3),
(8, 1, 1),
(8, 1, 2),
(8, 1, 3),
(8, 2, 1),
(8, 2, 2),
(8, 2, 3),
(8, 3, 1),
(8, 3, 2),
(8, 3, 3),
(8, 4, 1),
(8, 4, 2),
(8, 4, 3),
(9, 1, 1),
(9, 1, 2),
(9, 1, 3),
(9, 2, 1),
(9, 2, 2),
(9, 2, 3),
(9, 3, 1),
(9, 3, 2),
(9, 3, 3),
(9, 4, 1),
(9, 4, 2),
(9, 4, 3),
(10, 1, 1),
(10, 1, 2),
(10, 1, 3),
(10, 2, 1),
(10, 2, 2),
(10, 2, 3),
(10, 3, 1),
(10, 3, 2),
(10, 3, 3),
(10, 4, 1),
(10, 4, 2),
(10, 4, 3),
(11, 1, 1),
(11, 1, 2),
(11, 1, 3),
(11, 2, 1),
(11, 2, 2),
(11, 2, 3),
(11, 3, 1),
(11, 3, 2),
(11, 3, 3),
(11, 4, 1),
(11, 4, 2),
(11, 4, 3),
(12, 1, 1),
(12, 1, 2),
(12, 1, 3),
(12, 2, 1),
(12, 2, 2),
(12, 2, 3),
(12, 3, 1),
(12, 3, 2),
(12, 3, 3),
(12, 4, 1),
(12, 4, 2),
(12, 4, 3),
(13, 1, 1),
(13, 1, 2),
(13, 1, 3),
(13, 2, 1),
(13, 2, 2),
(13, 2, 3),
(13, 3, 1),
(13, 3, 2),
(13, 3, 3),
(13, 4, 1),
(13, 4, 2),
(13, 4, 3),
(14, 1, 1),
(14, 1, 2),
(14, 1, 3),
(14, 2, 1),
(14, 2, 2),
(14, 2, 3),
(14, 3, 1),
(14, 3, 2),
(14, 3, 3),
(14, 4, 1),
(14, 4, 2),
(14, 4, 3),
(15, 1, 1),
(15, 1, 2),
(15, 1, 3),
(15, 2, 1),
(15, 2, 2),
(15, 2, 3),
(15, 3, 1),
(15, 3, 2),
(15, 3, 3),
(15, 4, 1),
(15, 4, 2),
(15, 4, 3),
(16, 1, 1),
(16, 1, 2),
(16, 1, 3),
(16, 2, 1),
(16, 2, 2),
(16, 2, 3),
(16, 3, 1),
(16, 3, 2),
(16, 3, 3),
(16, 4, 1),
(16, 4, 2),
(16, 4, 3),
(18, 1, 1),
(18, 1, 2),
(18, 1, 3),
(18, 2, 1),
(18, 2, 2),
(18, 2, 3),
(18, 3, 1),
(18, 3, 2),
(18, 3, 3),
(18, 4, 1),
(18, 4, 2),
(18, 4, 3),
(19, 1, 1),
(19, 1, 2),
(19, 1, 3),
(19, 2, 1),
(19, 2, 2),
(19, 2, 3),
(19, 3, 1),
(19, 3, 2),
(19, 3, 3),
(19, 4, 1),
(19, 4, 2),
(19, 4, 3),
(20, 1, 1),
(20, 1, 2),
(20, 1, 3),
(20, 2, 1),
(20, 2, 2),
(20, 2, 3),
(20, 3, 1),
(20, 3, 2),
(20, 3, 3),
(20, 4, 1),
(20, 4, 2),
(20, 4, 3),
(21, 1, 1),
(21, 1, 2),
(21, 1, 3),
(21, 2, 1),
(21, 2, 2),
(21, 2, 3),
(21, 3, 1),
(21, 3, 2),
(21, 3, 3),
(21, 4, 1),
(21, 4, 2),
(21, 4, 3),
(22, 1, 1),
(22, 1, 2),
(22, 1, 3),
(22, 2, 1),
(22, 2, 2),
(22, 2, 3),
(22, 3, 1),
(22, 3, 2),
(22, 3, 3),
(22, 4, 1),
(22, 4, 2),
(22, 4, 3),
(23, 1, 1),
(23, 1, 2),
(23, 1, 3),
(23, 2, 1),
(23, 2, 2),
(23, 2, 3),
(23, 3, 1),
(23, 3, 2),
(23, 3, 3),
(23, 4, 1),
(23, 4, 2),
(23, 4, 3),
(24, 1, 1),
(24, 1, 2),
(24, 1, 3),
(24, 2, 1),
(24, 2, 2),
(24, 2, 3),
(24, 3, 1),
(24, 3, 2),
(24, 3, 3),
(24, 4, 1),
(24, 4, 2),
(24, 4, 3),
(25, 1, 1),
(25, 1, 2),
(25, 1, 3),
(25, 2, 1),
(25, 2, 2),
(25, 2, 3),
(25, 3, 1),
(25, 3, 2),
(25, 3, 3),
(25, 4, 1),
(25, 4, 2),
(25, 4, 3),
(26, 1, 1),
(26, 1, 2),
(26, 1, 3),
(26, 2, 1),
(26, 2, 2),
(26, 2, 3),
(26, 3, 1),
(26, 3, 2),
(26, 3, 3),
(26, 4, 1),
(26, 4, 2),
(26, 4, 3),
(27, 1, 1),
(27, 1, 2),
(27, 1, 3),
(27, 2, 1),
(27, 2, 2),
(27, 2, 3),
(27, 3, 1),
(27, 3, 2),
(27, 3, 3),
(27, 4, 1),
(27, 4, 2),
(27, 4, 3),
(28, 1, 1),
(28, 1, 2),
(28, 1, 3),
(28, 2, 1),
(28, 2, 2),
(28, 2, 3),
(28, 3, 1),
(28, 3, 2),
(28, 3, 3),
(28, 4, 1),
(28, 4, 2),
(28, 4, 3),
(29, 1, 1),
(29, 1, 2),
(29, 1, 3),
(29, 2, 1),
(29, 2, 2),
(29, 2, 3),
(29, 3, 1),
(29, 3, 2),
(29, 3, 3),
(29, 4, 1),
(29, 4, 2),
(29, 4, 3),
(30, 1, 1),
(30, 1, 2),
(30, 1, 3),
(30, 2, 1),
(30, 2, 2),
(30, 2, 3),
(30, 3, 1),
(30, 3, 2),
(30, 3, 3),
(30, 4, 1),
(30, 4, 2),
(30, 4, 3),
(31, 1, 1),
(31, 1, 2),
(31, 1, 3),
(31, 2, 1),
(31, 2, 2),
(31, 2, 3),
(31, 3, 1),
(31, 3, 2),
(31, 3, 3),
(31, 4, 1),
(31, 4, 2),
(31, 4, 3),
(32, 1, 1),
(32, 1, 2),
(32, 1, 3),
(32, 2, 1),
(32, 2, 2),
(32, 2, 3),
(32, 3, 1),
(32, 3, 2),
(32, 3, 3),
(32, 4, 1),
(32, 4, 2),
(32, 4, 3),
(33, 1, 1),
(33, 1, 2),
(33, 1, 3),
(33, 2, 1),
(33, 2, 2),
(33, 2, 3),
(33, 3, 1),
(33, 3, 2),
(33, 3, 3),
(33, 4, 1),
(33, 4, 2),
(33, 4, 3),
(34, 1, 1),
(34, 1, 2),
(34, 1, 3),
(34, 2, 1),
(34, 2, 2),
(34, 2, 3),
(34, 3, 1),
(34, 3, 2),
(34, 3, 3),
(34, 4, 1),
(34, 4, 2),
(34, 4, 3),
(35, 1, 1),
(35, 1, 2),
(35, 1, 3),
(35, 2, 1),
(35, 2, 2),
(35, 2, 3),
(35, 3, 1),
(35, 3, 2),
(35, 3, 3),
(35, 4, 1),
(35, 4, 2),
(35, 4, 3),
(36, 1, 1),
(36, 1, 2),
(36, 1, 3),
(36, 2, 1),
(36, 2, 2),
(36, 2, 3),
(36, 3, 1),
(36, 3, 2),
(36, 3, 3),
(36, 4, 1),
(36, 4, 2),
(36, 4, 3),
(37, 1, 1),
(37, 1, 2),
(37, 1, 3),
(37, 2, 1),
(37, 2, 2),
(37, 2, 3),
(37, 3, 1),
(37, 3, 2),
(37, 3, 3),
(37, 4, 1),
(37, 4, 2),
(37, 4, 3),
(38, 1, 1),
(38, 1, 2),
(38, 1, 3),
(38, 2, 1),
(38, 2, 2),
(38, 2, 3),
(38, 3, 1),
(38, 3, 2),
(38, 3, 3),
(38, 4, 1),
(38, 4, 2),
(38, 4, 3),
(39, 1, 1),
(39, 1, 2),
(39, 1, 3),
(39, 2, 1),
(39, 2, 2),
(39, 2, 3),
(39, 3, 1),
(39, 3, 2),
(39, 3, 3),
(39, 4, 1),
(39, 4, 2),
(39, 4, 3),
(40, 1, 1),
(40, 1, 2),
(40, 1, 3),
(40, 2, 1),
(40, 2, 2),
(40, 2, 3),
(40, 3, 1),
(40, 3, 2),
(40, 3, 3),
(40, 4, 1),
(40, 4, 2),
(40, 4, 3),
(41, 1, 1),
(41, 1, 2),
(41, 1, 3),
(41, 2, 1),
(41, 2, 2),
(41, 2, 3),
(41, 3, 1),
(41, 3, 2),
(41, 3, 3),
(41, 4, 1),
(41, 4, 2),
(41, 4, 3),
(42, 1, 1),
(42, 1, 2),
(42, 1, 3),
(42, 2, 1),
(42, 2, 2),
(42, 2, 3),
(42, 3, 1),
(42, 3, 2),
(42, 3, 3),
(42, 4, 1),
(42, 4, 2),
(42, 4, 3),
(43, 1, 1),
(43, 1, 2),
(43, 1, 3),
(43, 2, 1),
(43, 2, 2),
(43, 2, 3),
(43, 3, 1),
(43, 3, 2),
(43, 3, 3),
(43, 4, 1),
(43, 4, 2),
(43, 4, 3),
(44, 1, 1),
(44, 1, 2),
(44, 1, 3),
(44, 2, 1),
(44, 2, 2),
(44, 2, 3),
(44, 3, 1),
(44, 3, 2),
(44, 3, 3),
(44, 4, 1),
(44, 4, 2),
(44, 4, 3),
(45, 1, 1),
(45, 1, 2),
(45, 1, 3),
(45, 2, 1),
(45, 2, 2),
(45, 2, 3),
(45, 3, 1),
(45, 3, 2),
(45, 3, 3),
(45, 4, 1),
(45, 4, 2),
(45, 4, 3),
(46, 1, 1),
(46, 1, 2),
(46, 1, 3),
(46, 2, 1),
(46, 2, 2),
(46, 2, 3),
(46, 3, 1),
(46, 3, 2),
(46, 3, 3),
(46, 4, 1),
(46, 4, 2),
(46, 4, 3),
(47, 1, 1),
(47, 1, 2),
(47, 1, 3),
(47, 2, 1),
(47, 2, 2),
(47, 2, 3),
(47, 3, 1),
(47, 3, 2),
(47, 3, 3),
(47, 4, 1),
(47, 4, 2),
(47, 4, 3),
(48, 1, 1),
(48, 1, 2),
(48, 1, 3),
(48, 2, 1),
(48, 2, 2),
(48, 2, 3),
(48, 3, 1),
(48, 3, 2),
(48, 3, 3),
(48, 4, 1),
(48, 4, 2),
(48, 4, 3),
(49, 1, 1),
(49, 1, 2),
(49, 1, 3),
(49, 2, 1),
(49, 2, 2),
(49, 2, 3),
(49, 3, 1),
(49, 3, 2),
(49, 3, 3),
(49, 4, 1),
(49, 4, 2),
(49, 4, 3),
(50, 1, 1),
(50, 1, 2),
(50, 1, 3),
(50, 2, 1),
(50, 2, 2),
(50, 2, 3),
(50, 3, 1),
(50, 3, 2),
(50, 3, 3),
(50, 4, 1),
(50, 4, 2),
(50, 4, 3),
(51, 1, 1),
(51, 1, 2),
(51, 1, 3),
(51, 2, 1),
(51, 2, 2),
(51, 2, 3),
(51, 3, 1),
(51, 3, 2),
(51, 3, 3),
(51, 4, 1),
(51, 4, 2),
(51, 4, 3),
(52, 1, 1),
(52, 1, 2),
(52, 1, 3),
(52, 2, 1),
(52, 2, 2),
(52, 2, 3),
(52, 3, 1),
(52, 3, 2),
(52, 3, 3),
(52, 4, 1),
(52, 4, 2),
(52, 4, 3),
(53, 1, 1),
(53, 1, 2),
(53, 1, 3),
(53, 2, 1),
(53, 2, 2),
(53, 2, 3),
(53, 3, 1),
(53, 3, 2),
(53, 3, 3),
(53, 4, 1),
(53, 4, 2),
(53, 4, 3),
(54, 1, 1),
(54, 1, 2),
(54, 1, 3),
(54, 2, 1),
(54, 2, 2),
(54, 2, 3),
(54, 3, 1),
(54, 3, 2),
(54, 3, 3),
(54, 4, 1),
(54, 4, 2),
(54, 4, 3),
(55, 1, 1),
(55, 1, 2),
(55, 1, 3),
(55, 2, 1),
(55, 2, 2),
(55, 2, 3),
(55, 3, 1),
(55, 3, 2),
(55, 3, 3),
(55, 4, 1),
(55, 4, 2),
(55, 4, 3),
(56, 1, 1),
(56, 1, 2),
(56, 1, 3),
(56, 2, 1),
(56, 2, 2),
(56, 2, 3),
(56, 3, 1),
(56, 3, 2),
(56, 3, 3),
(56, 4, 1),
(56, 4, 2),
(56, 4, 3),
(57, 1, 1),
(57, 1, 2),
(57, 1, 3),
(57, 2, 1),
(57, 2, 2),
(57, 2, 3),
(57, 3, 1),
(57, 3, 2),
(57, 3, 3),
(57, 4, 1),
(57, 4, 2),
(57, 4, 3),
(58, 1, 1),
(58, 1, 2),
(58, 1, 3),
(58, 2, 1),
(58, 2, 2),
(58, 2, 3),
(58, 3, 1),
(58, 3, 2),
(58, 3, 3),
(58, 4, 1),
(58, 4, 2),
(58, 4, 3),
(59, 1, 1),
(59, 1, 2),
(59, 1, 3),
(59, 2, 1),
(59, 2, 2),
(59, 2, 3),
(59, 3, 1),
(59, 3, 2),
(59, 3, 3),
(59, 4, 1),
(59, 4, 2),
(59, 4, 3),
(60, 1, 1),
(60, 1, 2),
(60, 1, 3),
(60, 2, 1),
(60, 2, 2),
(60, 2, 3),
(60, 3, 1),
(60, 3, 2),
(60, 3, 3),
(60, 4, 1),
(60, 4, 2),
(60, 4, 3),
(61, 1, 1),
(61, 1, 2),
(61, 1, 3),
(61, 2, 1),
(61, 2, 2),
(61, 2, 3),
(61, 3, 1),
(61, 3, 2),
(61, 3, 3),
(61, 4, 1),
(61, 4, 2),
(61, 4, 3),
(62, 1, 1),
(62, 1, 2),
(62, 1, 3),
(62, 2, 1),
(62, 2, 2),
(62, 2, 3),
(62, 3, 1),
(62, 3, 2),
(62, 3, 3),
(62, 4, 1),
(62, 4, 2),
(62, 4, 3),
(63, 1, 1),
(63, 1, 2),
(63, 1, 3),
(63, 2, 1),
(63, 2, 2),
(63, 2, 3),
(63, 3, 1),
(63, 3, 2),
(63, 3, 3),
(63, 4, 1),
(63, 4, 2),
(63, 4, 3),
(64, 1, 1),
(64, 1, 2),
(64, 1, 3),
(64, 2, 1),
(64, 2, 2),
(64, 2, 3),
(64, 3, 1),
(64, 3, 2),
(64, 3, 3),
(64, 4, 1),
(64, 4, 2),
(64, 4, 3),
(65, 1, 1),
(65, 1, 2),
(65, 1, 3),
(65, 2, 1),
(65, 2, 2),
(65, 2, 3),
(65, 3, 1),
(65, 3, 2),
(65, 3, 3),
(65, 4, 1),
(65, 4, 2),
(65, 4, 3),
(66, 1, 1),
(66, 1, 2),
(66, 1, 3),
(66, 2, 1),
(66, 2, 2),
(66, 2, 3),
(66, 3, 1),
(66, 3, 2),
(66, 3, 3),
(66, 4, 1),
(66, 4, 2),
(66, 4, 3),
(67, 1, 1),
(67, 1, 2),
(67, 1, 3),
(67, 2, 1),
(67, 2, 2),
(67, 2, 3),
(67, 3, 1),
(67, 3, 2),
(67, 3, 3),
(67, 4, 1),
(67, 4, 2),
(67, 4, 3),
(68, 1, 1),
(68, 1, 2),
(68, 1, 3),
(68, 2, 1),
(68, 2, 2),
(68, 2, 3),
(68, 3, 1),
(68, 3, 2),
(68, 3, 3),
(68, 4, 1),
(68, 4, 2),
(68, 4, 3),
(69, 1, 1),
(69, 1, 2),
(69, 1, 3),
(69, 2, 1),
(69, 2, 2),
(69, 2, 3),
(69, 3, 1),
(69, 3, 2),
(69, 3, 3),
(69, 4, 1),
(69, 4, 2),
(69, 4, 3),
(70, 1, 1),
(70, 1, 2),
(70, 1, 3),
(70, 2, 1),
(70, 2, 2),
(70, 2, 3),
(70, 3, 1),
(70, 3, 2),
(70, 3, 3),
(70, 4, 1),
(70, 4, 2),
(70, 4, 3),
(71, 1, 1),
(71, 1, 2),
(71, 1, 3),
(71, 2, 1),
(71, 2, 2),
(71, 2, 3),
(71, 3, 1),
(71, 3, 2),
(71, 3, 3),
(71, 4, 1),
(71, 4, 2),
(71, 4, 3),
(72, 1, 1),
(72, 1, 2),
(72, 1, 3),
(72, 2, 1),
(72, 2, 2),
(72, 2, 3),
(72, 3, 1),
(72, 3, 2),
(72, 3, 3),
(72, 4, 1),
(72, 4, 2),
(72, 4, 3),
(73, 1, 1),
(73, 1, 2),
(73, 1, 3),
(73, 2, 1),
(73, 2, 2),
(73, 2, 3),
(73, 3, 1),
(73, 3, 2),
(73, 3, 3),
(73, 4, 1),
(73, 4, 2),
(73, 4, 3),
(74, 1, 1),
(74, 1, 2),
(74, 1, 3),
(74, 2, 1),
(74, 2, 2),
(74, 2, 3),
(74, 3, 1),
(74, 3, 2),
(74, 3, 3),
(74, 4, 1),
(74, 4, 2),
(74, 4, 3),
(75, 1, 1),
(75, 1, 2),
(75, 1, 3),
(75, 2, 1),
(75, 2, 2),
(75, 2, 3),
(75, 3, 1),
(75, 3, 2),
(75, 3, 3),
(75, 4, 1),
(75, 4, 2),
(75, 4, 3),
(76, 1, 1),
(76, 1, 2),
(76, 1, 3),
(76, 2, 1),
(76, 2, 2),
(76, 2, 3),
(76, 3, 1),
(76, 3, 2),
(76, 3, 3),
(76, 4, 1),
(76, 4, 2),
(76, 4, 3),
(78, 1, 1),
(78, 1, 2),
(78, 1, 3),
(78, 2, 1),
(78, 2, 2),
(78, 2, 3),
(78, 3, 1),
(78, 3, 2),
(78, 3, 3),
(78, 4, 1),
(78, 4, 2),
(78, 4, 3),
(79, 1, 1),
(79, 1, 2),
(79, 1, 3),
(79, 2, 1),
(79, 2, 2),
(79, 2, 3),
(79, 3, 1),
(79, 3, 2),
(79, 3, 3),
(79, 4, 1),
(79, 4, 2),
(79, 4, 3),
(81, 1, 1),
(81, 1, 2),
(81, 1, 3),
(81, 2, 1),
(81, 2, 2),
(81, 2, 3),
(81, 3, 1),
(81, 3, 2),
(81, 3, 3),
(81, 4, 1),
(81, 4, 2),
(81, 4, 3),
(82, 1, 1),
(82, 1, 2),
(82, 1, 3),
(82, 2, 1),
(82, 2, 2),
(82, 2, 3),
(82, 3, 1),
(82, 3, 2),
(82, 3, 3),
(82, 4, 1),
(82, 4, 2),
(82, 4, 3),
(83, 1, 1),
(83, 1, 2),
(83, 1, 3),
(83, 2, 1),
(83, 2, 2),
(83, 2, 3),
(83, 3, 1),
(83, 3, 2),
(83, 3, 3),
(83, 4, 1),
(83, 4, 2),
(83, 4, 3),
(85, 1, 1),
(85, 1, 2),
(85, 1, 3),
(85, 2, 1),
(85, 2, 2),
(85, 2, 3),
(85, 3, 1),
(85, 3, 2),
(85, 3, 3),
(85, 4, 1),
(85, 4, 2),
(85, 4, 3),
(86, 1, 1),
(86, 1, 2),
(86, 1, 3),
(86, 2, 1),
(86, 2, 2),
(86, 2, 3),
(86, 3, 1),
(86, 3, 2),
(86, 3, 3),
(86, 4, 1),
(86, 4, 2),
(86, 4, 3);

-- --------------------------------------------------------

--
-- Structure de la table `ps_module_history`
--

CREATE TABLE `ps_module_history` (
  `id` int(11) NOT NULL,
  `id_employee` int(11) NOT NULL,
  `id_module` int(11) NOT NULL,
  `date_add` datetime NOT NULL,
  `date_upd` datetime NOT NULL
) ENGINE=InnoDB DEFAULT CHARSET=utf8 COLLATE=utf8_unicode_ci;

--
-- Déchargement des données de la table `ps_module_history`
--

INSERT INTO `ps_module_history` (`id`, `id_employee`, `id_module`, `date_add`, `date_upd`) VALUES
(1, 1, 64, '2018-10-25 22:34:05', '2020-03-15 23:15:02'),
(2, 1, 65, '2018-10-26 04:02:38', '2020-03-15 23:06:24'),
(3, 1, 61, '2018-10-29 05:04:31', '2020-09-14 12:38:17'),
(4, 1, 60, '2018-10-29 05:13:49', '2020-09-13 16:27:07'),
(5, 1, 75, '2018-10-30 23:55:39', '2020-03-16 23:08:02'),
(6, 1, 76, '2018-10-31 21:51:52', '2020-03-16 23:09:09'),
(7, 1, 77, '2018-11-01 04:15:04', '2020-03-11 21:03:18'),
(8, 1, 78, '2018-11-01 23:11:12', '2020-03-15 22:00:08'),
(9, 1, 79, '2018-11-02 03:25:16', '2020-03-16 23:11:00'),
(10, 1, 16, '2018-11-02 21:57:44', '2018-11-02 21:57:44'),
(11, 1, 66, '2018-11-02 23:26:34', '2020-03-11 22:51:27'),
(12, 1, 21, '2018-11-04 21:43:16', '2018-11-04 21:43:16'),
(13, 1, 17, '2018-11-05 02:16:38', '2020-02-18 23:21:24'),
(14, 1, 59, '2018-11-06 03:38:01', '2018-11-06 03:38:01'),
(15, 1, 69, '2018-11-09 21:43:25', '2020-03-16 23:12:40'),
(16, 1, 67, '2018-11-11 21:00:26', '2020-03-16 23:01:27'),
(17, 1, 73, '2018-11-11 22:58:13', '2020-03-16 23:18:37'),
(18, 1, 81, '2018-11-12 02:32:23', '2018-11-13 02:33:52'),
(19, 1, 80, '2018-11-16 21:59:51', '2018-11-16 22:43:04'),
(20, 1, 82, '2018-11-16 22:45:14', '2020-02-27 23:27:04'),
(21, 1, 84, '2020-02-18 23:27:38', '2020-02-18 23:28:47'),
(22, 1, 85, '2020-02-19 01:22:22', '2020-02-19 01:22:22'),
(23, 1, 86, '2020-03-11 21:09:52', '2020-03-15 21:57:03'),
(24, 1, 72, '2020-03-16 23:13:42', '2020-03-16 23:13:42');

-- --------------------------------------------------------

--
-- Structure de la table `ps_module_preference`
--

CREATE TABLE `ps_module_preference` (
  `id_module_preference` int(11) NOT NULL,
  `id_employee` int(11) NOT NULL,
  `module` varchar(255) NOT NULL,
  `interest` tinyint(1) DEFAULT NULL,
  `favorite` tinyint(1) DEFAULT NULL
) ENGINE=InnoDB DEFAULT CHARSET=utf8;

-- --------------------------------------------------------

--
-- Structure de la table `ps_module_shop`
--

CREATE TABLE `ps_module_shop` (
  `id_module` int(11) UNSIGNED NOT NULL,
  `id_shop` int(11) UNSIGNED NOT NULL,
  `enable_device` tinyint(1) NOT NULL DEFAULT '7'
) ENGINE=InnoDB DEFAULT CHARSET=utf8;

--
-- Déchargement des données de la table `ps_module_shop`
--

INSERT INTO `ps_module_shop` (`id_module`, `id_shop`, `enable_device`) VALUES
(1, 1, 7),
(1, 2, 7),
(1, 3, 7),
(1, 4, 7),
(2, 1, 7),
(2, 2, 7),
(2, 3, 7),
(2, 4, 7),
(3, 1, 7),
(3, 2, 7),
(3, 3, 7),
(3, 4, 7),
(4, 1, 7),
(4, 2, 7),
(4, 3, 7),
(4, 4, 7),
(5, 1, 7),
(5, 2, 7),
(5, 3, 7),
(5, 4, 7),
(6, 1, 7),
(6, 2, 7),
(6, 3, 7),
(6, 4, 7),
(7, 1, 7),
(7, 2, 7),
(7, 3, 7),
(7, 4, 7),
(9, 1, 7),
(9, 2, 7),
(9, 3, 7),
(9, 4, 7),
(10, 1, 7),
(10, 2, 7),
(10, 3, 7),
(10, 4, 7),
(12, 1, 7),
(12, 2, 7),
(12, 3, 7),
(12, 4, 7),
(13, 1, 7),
(13, 2, 7),
(13, 3, 7),
(13, 4, 7),
(14, 1, 7),
(14, 2, 7),
(14, 3, 7),
(14, 4, 7),
(16, 1, 7),
(16, 2, 7),
(16, 3, 7),
(16, 4, 7),
(20, 1, 7),
(20, 2, 7),
(20, 3, 7),
(20, 4, 7),
(21, 1, 7),
(21, 2, 7),
(21, 3, 7),
(21, 4, 7),
(23, 1, 7),
(23, 2, 7),
(23, 3, 7),
(23, 4, 7),
(24, 1, 7),
(24, 2, 7),
(24, 3, 7),
(24, 4, 7),
(25, 1, 7),
(25, 2, 7),
(25, 3, 7),
(25, 4, 7),
(26, 1, 7),
(26, 2, 7),
(26, 3, 7),
(26, 4, 7),
(27, 1, 7),
(27, 2, 7),
(27, 3, 7),
(27, 4, 7),
(28, 1, 7),
(28, 2, 7),
(28, 3, 7),
(28, 4, 7),
(29, 1, 7),
(29, 2, 7),
(29, 3, 7),
(29, 4, 7),
(30, 1, 7),
(30, 2, 7),
(30, 3, 7),
(30, 4, 7),
(31, 1, 7),
(31, 2, 7),
(31, 3, 7),
(31, 4, 7),
(32, 1, 7),
(32, 2, 7),
(32, 3, 7),
(32, 4, 7),
(33, 1, 7),
(33, 2, 7),
(33, 3, 7),
(33, 4, 7),
(34, 1, 7),
(34, 2, 7),
(34, 3, 7),
(34, 4, 7),
(35, 1, 7),
(35, 2, 7),
(35, 3, 7),
(35, 4, 7),
(36, 1, 7),
(36, 2, 7),
(36, 3, 7),
(36, 4, 7),
(37, 1, 7),
(37, 2, 7),
(37, 3, 7),
(37, 4, 7),
(38, 1, 7),
(38, 2, 7),
(38, 3, 7),
(38, 4, 7),
(39, 1, 7),
(39, 2, 7),
(39, 3, 7),
(39, 4, 7),
(40, 1, 7),
(40, 2, 7),
(40, 3, 7),
(40, 4, 7),
(41, 1, 7),
(41, 2, 7),
(41, 3, 7),
(41, 4, 7),
(42, 1, 7),
(42, 2, 7),
(42, 3, 7),
(42, 4, 7),
(43, 1, 7),
(43, 2, 7),
(43, 3, 7),
(43, 4, 7),
(44, 1, 7),
(44, 2, 7),
(44, 3, 7),
(44, 4, 7),
(45, 1, 7),
(45, 2, 7),
(45, 3, 7),
(45, 4, 7),
(46, 1, 7),
(46, 2, 7),
(46, 3, 7),
(46, 4, 7),
(47, 1, 7),
(47, 2, 7),
(47, 3, 7),
(47, 4, 7),
(48, 1, 7),
(48, 2, 7),
(48, 3, 7),
(48, 4, 7),
(49, 1, 7),
(49, 2, 7),
(49, 3, 7),
(49, 4, 7),
(50, 1, 7),
(50, 2, 7),
(50, 3, 7),
(50, 4, 7),
(51, 1, 7),
(51, 2, 7),
(51, 3, 7),
(51, 4, 7),
(53, 1, 7),
(53, 2, 7),
(53, 3, 7),
(53, 4, 7),
(54, 1, 7),
(54, 2, 7),
(54, 3, 7),
(54, 4, 7),
(55, 1, 7),
(55, 2, 7),
(55, 3, 7),
(55, 4, 7),
(56, 1, 7),
(56, 2, 7),
(56, 3, 7),
(56, 4, 7),
(57, 1, 7),
(57, 2, 7),
(57, 3, 7),
(57, 4, 7),
(58, 1, 7),
(58, 2, 7),
(58, 3, 7),
(58, 4, 7),
(59, 1, 7),
(59, 2, 7),
(59, 3, 7),
(59, 4, 7),
(60, 1, 7),
(60, 2, 7),
(60, 3, 7),
(60, 4, 7),
(61, 1, 7),
(61, 2, 7),
(61, 3, 7),
(61, 4, 7),
(62, 1, 7),
(62, 2, 7),
(62, 3, 7),
(62, 4, 7),
(63, 1, 7),
(63, 2, 7),
(63, 3, 7),
(63, 4, 7),
(64, 1, 7),
(64, 2, 7),
(64, 3, 7),
(64, 4, 7),
(65, 1, 7),
(65, 2, 7),
(65, 3, 7),
(65, 4, 7),
(66, 1, 7),
(66, 2, 7),
(66, 3, 7),
(66, 4, 7),
(67, 1, 7),
(67, 2, 7),
(67, 3, 7),
(67, 4, 7),
(68, 1, 7),
(68, 2, 7),
(68, 3, 7),
(68, 4, 7),
(69, 1, 7),
(69, 2, 7),
(69, 3, 7),
(69, 4, 7),
(70, 1, 7),
(70, 2, 7),
(70, 3, 7),
(70, 4, 7),
(71, 1, 7),
(71, 2, 7),
(71, 3, 7),
(71, 4, 7),
(72, 1, 7),
(72, 2, 7),
(72, 3, 7),
(72, 4, 7),
(73, 1, 7),
(73, 2, 7),
(73, 3, 7),
(73, 4, 7),
(74, 1, 7),
(74, 2, 7),
(74, 3, 7),
(74, 4, 7),
(75, 1, 7),
(75, 2, 7),
(75, 3, 7),
(75, 4, 7),
(76, 1, 7),
(76, 2, 7),
(76, 3, 7),
(76, 4, 7),
(78, 1, 7),
(78, 2, 7),
(78, 3, 7),
(78, 4, 7),
(79, 1, 7),
(79, 2, 7),
(79, 3, 7),
(79, 4, 7),
(81, 2, 7),
(82, 2, 7),
(82, 4, 7),
(83, 2, 7),
(83, 3, 7),
(83, 4, 7),
(85, 1, 7),
(85, 2, 7),
(85, 3, 7),
(85, 4, 7),
(86, 1, 7),
(86, 2, 7),
(86, 3, 7),
(86, 4, 7);

-- --------------------------------------------------------

--
-- Structure de la table `ps_operating_system`
--

CREATE TABLE `ps_operating_system` (
  `id_operating_system` int(10) UNSIGNED NOT NULL,
  `name` varchar(64) DEFAULT NULL
) ENGINE=InnoDB DEFAULT CHARSET=utf8;

--
-- Déchargement des données de la table `ps_operating_system`
--

INSERT INTO `ps_operating_system` (`id_operating_system`, `name`) VALUES
(1, 'Windows XP'),
(2, 'Windows Vista'),
(3, 'Windows 7'),
(4, 'Windows 8'),
(5, 'Windows 8.1'),
(6, 'Windows 10'),
(7, 'MacOsX'),
(8, 'Linux'),
(9, 'Android');

-- --------------------------------------------------------

--
-- Structure de la table `ps_orders`
--

CREATE TABLE `ps_orders` (
  `id_order` int(10) UNSIGNED NOT NULL,
  `reference` varchar(9) DEFAULT NULL,
  `id_shop_group` int(11) UNSIGNED NOT NULL DEFAULT '1',
  `id_shop` int(11) UNSIGNED NOT NULL DEFAULT '1',
  `id_carrier` int(10) UNSIGNED NOT NULL,
  `id_lang` int(10) UNSIGNED NOT NULL,
  `id_customer` int(10) UNSIGNED NOT NULL,
  `id_cart` int(10) UNSIGNED NOT NULL,
  `id_currency` int(10) UNSIGNED NOT NULL,
  `id_address_delivery` int(10) UNSIGNED NOT NULL,
  `id_address_invoice` int(10) UNSIGNED NOT NULL,
  `current_state` int(10) UNSIGNED NOT NULL,
  `secure_key` varchar(32) NOT NULL DEFAULT '-1',
  `payment` varchar(255) NOT NULL,
  `conversion_rate` decimal(13,6) NOT NULL DEFAULT '1.000000',
  `module` varchar(255) DEFAULT NULL,
  `recyclable` tinyint(1) UNSIGNED NOT NULL DEFAULT '0',
  `gift` tinyint(1) UNSIGNED NOT NULL DEFAULT '0',
  `gift_message` text,
  `mobile_theme` tinyint(1) NOT NULL DEFAULT '0',
  `shipping_number` varchar(64) DEFAULT NULL,
  `total_discounts` decimal(20,6) NOT NULL DEFAULT '0.000000',
  `total_discounts_tax_incl` decimal(20,6) NOT NULL DEFAULT '0.000000',
  `total_discounts_tax_excl` decimal(20,6) NOT NULL DEFAULT '0.000000',
  `total_paid` decimal(20,6) NOT NULL DEFAULT '0.000000',
  `total_paid_tax_incl` decimal(20,6) NOT NULL DEFAULT '0.000000',
  `total_paid_tax_excl` decimal(20,6) NOT NULL DEFAULT '0.000000',
  `total_paid_real` decimal(20,6) NOT NULL DEFAULT '0.000000',
  `total_products` decimal(20,6) NOT NULL DEFAULT '0.000000',
  `total_products_wt` decimal(20,6) NOT NULL DEFAULT '0.000000',
  `total_shipping` decimal(20,6) NOT NULL DEFAULT '0.000000',
  `total_shipping_tax_incl` decimal(20,6) NOT NULL DEFAULT '0.000000',
  `total_shipping_tax_excl` decimal(20,6) NOT NULL DEFAULT '0.000000',
  `carrier_tax_rate` decimal(10,3) NOT NULL DEFAULT '0.000',
  `total_wrapping` decimal(20,6) NOT NULL DEFAULT '0.000000',
  `total_wrapping_tax_incl` decimal(20,6) NOT NULL DEFAULT '0.000000',
  `total_wrapping_tax_excl` decimal(20,6) NOT NULL DEFAULT '0.000000',
  `round_mode` tinyint(1) NOT NULL DEFAULT '2',
  `round_type` tinyint(1) NOT NULL DEFAULT '1',
  `invoice_number` int(10) UNSIGNED NOT NULL DEFAULT '0',
  `delivery_number` int(10) UNSIGNED NOT NULL DEFAULT '0',
  `invoice_date` datetime NOT NULL,
  `delivery_date` datetime NOT NULL,
  `valid` int(1) UNSIGNED NOT NULL DEFAULT '0',
  `date_add` datetime NOT NULL,
  `date_upd` datetime NOT NULL
) ENGINE=InnoDB DEFAULT CHARSET=utf8;

--
-- Déchargement des données de la table `ps_orders`
--

INSERT INTO `ps_orders` (`id_order`, `reference`, `id_shop_group`, `id_shop`, `id_carrier`, `id_lang`, `id_customer`, `id_cart`, `id_currency`, `id_address_delivery`, `id_address_invoice`, `current_state`, `secure_key`, `payment`, `conversion_rate`, `module`, `recyclable`, `gift`, `gift_message`, `mobile_theme`, `shipping_number`, `total_discounts`, `total_discounts_tax_incl`, `total_discounts_tax_excl`, `total_paid`, `total_paid_tax_incl`, `total_paid_tax_excl`, `total_paid_real`, `total_products`, `total_products_wt`, `total_shipping`, `total_shipping_tax_incl`, `total_shipping_tax_excl`, `carrier_tax_rate`, `total_wrapping`, `total_wrapping_tax_incl`, `total_wrapping_tax_excl`, `round_mode`, `round_type`, `invoice_number`, `delivery_number`, `invoice_date`, `delivery_date`, `valid`, `date_add`, `date_upd`) VALUES
(1, 'XKBKNABJK', 1, 1, 2, 1, 1, 1, 1, 4, 4, 6, 'b44a6d9efd7a0076a0fbce6b15eaf3b1', 'Payment by check', 1.000000, 'ps_checkpayment', 0, 0, NULL, 0, NULL, 0.000000, 0.000000, 0.000000, 61.800000, 61.800000, 61.800000, 0.000000, 59.800000, 59.800000, 2.000000, 2.000000, 2.000000, 0.000, 0.000000, 0.000000, 0.000000, 0, 0, 0, 0, '0000-00-00 00:00:00', '0000-00-00 00:00:00', 0, '2018-10-24 09:07:49', '2018-10-24 09:07:49'),
(2, 'OHSATSERP', 1, 1, 2, 1, 1, 2, 1, 4, 4, 1, 'b44a6d9efd7a0076a0fbce6b15eaf3b1', 'Payment by check', 1.000000, 'ps_checkpayment', 0, 0, NULL, 0, NULL, 0.000000, 0.000000, 0.000000, 69.900000, 69.900000, 69.900000, 0.000000, 69.900000, 69.900000, 0.000000, 0.000000, 0.000000, 0.000, 0.000000, 0.000000, 0.000000, 0, 0, 0, 0, '0000-00-00 00:00:00', '0000-00-00 00:00:00', 0, '2018-10-24 09:07:49', '2018-10-24 09:07:49'),
(3, 'UOYEVOLI', 1, 1, 2, 1, 1, 3, 1, 4, 4, 8, 'b44a6d9efd7a0076a0fbce6b15eaf3b1', 'Payment by check', 1.000000, 'ps_checkpayment', 0, 0, NULL, 0, NULL, 0.000000, 0.000000, 0.000000, 14.900000, 14.900000, 14.900000, 0.000000, 12.900000, 12.900000, 2.000000, 2.000000, 2.000000, 0.000, 0.000000, 0.000000, 0.000000, 0, 0, 0, 0, '0000-00-00 00:00:00', '0000-00-00 00:00:00', 0, '2018-10-24 09:07:49', '2018-10-24 09:07:49'),
(4, 'FFATNOMMJ', 1, 1, 2, 1, 1, 4, 1, 4, 4, 1, 'b44a6d9efd7a0076a0fbce6b15eaf3b1', 'Payment by check', 1.000000, 'ps_checkpayment', 0, 0, NULL, 0, NULL, 0.000000, 0.000000, 0.000000, 14.900000, 14.900000, 14.900000, 0.000000, 12.900000, 12.900000, 2.000000, 2.000000, 2.000000, 0.000, 0.000000, 0.000000, 0.000000, 0, 0, 0, 0, '0000-00-00 00:00:00', '0000-00-00 00:00:00', 0, '2018-10-24 09:07:49', '2018-10-24 09:07:49'),
(5, 'KHWLILZLL', 1, 1, 2, 1, 1, 5, 1, 4, 4, 10, 'b44a6d9efd7a0076a0fbce6b15eaf3b1', 'Bank wire', 1.000000, 'ps_wirepayment', 0, 0, NULL, 0, NULL, 0.000000, 0.000000, 0.000000, 20.900000, 20.900000, 20.900000, 0.000000, 18.900000, 18.900000, 2.000000, 2.000000, 2.000000, 0.000, 0.000000, 0.000000, 0.000000, 0, 0, 0, 0, '0000-00-00 00:00:00', '0000-00-00 00:00:00', 0, '2018-10-24 09:07:49', '2018-10-24 09:07:49'),
(6, 'ZKTZCBGYD', 1, 2, 2, 1, 3, 13, 1, 10, 10, 3, 'af55c805ce58f3f599d7777d5ecac3f8', 'Cash on delivery (COD)', 1.000000, 'ps_cashondelivery', 0, 0, NULL, 0, NULL, 0.000000, 0.000000, 0.000000, 60.400000, 60.400000, 60.400000, 60.400000, 53.400000, 53.400000, 7.000000, 7.000000, 7.000000, 0.000, 0.000000, 0.000000, 0.000000, 2, 2, 1, 1, '2020-02-04 03:26:54', '2020-02-04 03:26:55', 1, '2020-02-04 03:26:54', '2020-02-04 03:26:55'),
(7, 'KBJIFSUWD', 1, 1, 2, 1, 2, 12, 1, 11, 11, 1, '5023eeb79791f8f4f907b119d169916e', 'Payments by check', 1.000000, 'ps_checkpayment', 0, 0, NULL, 0, NULL, 0.000000, 0.000000, 0.000000, 78.180000, 78.180000, 75.170000, 0.000000, 68.170000, 70.900000, 7.280000, 7.280000, 7.000000, 4.000, 0.000000, 0.000000, 0.000000, 2, 2, 0, 0, '0000-00-00 00:00:00', '0000-00-00 00:00:00', 0, '2020-02-27 20:56:29', '2020-02-27 20:56:29'),
(8, 'ZEMWEMKXU', 1, 3, 0, 1, 4, 15, 1, 12, 12, 1, '15002b3ecf19449ada24ed28d63b3f01', 'Payments by check', 1.000000, 'ps_checkpayment', 0, 0, NULL, 0, NULL, 0.000000, 0.000000, 0.000000, 75.600000, 75.600000, 75.600000, 0.000000, 75.600000, 75.600000, 0.000000, 0.000000, 0.000000, 0.000, 0.000000, 0.000000, 0.000000, 2, 2, 0, 0, '0000-00-00 00:00:00', '0000-00-00 00:00:00', 0, '2020-02-27 20:58:17', '2020-02-27 20:58:17'),
(9, 'JNWSWECRY', 1, 4, 2, 1, 5, 16, 1, 13, 13, 3, 'a525599e82cbbff785e63862a36f9917', 'Cash on delivery (COD)', 1.000000, 'ps_cashondelivery', 0, 0, NULL, 0, NULL, 0.000000, 0.000000, 0.000000, 68.380000, 68.380000, 68.380000, 68.380000, 61.380000, 61.380000, 7.000000, 7.000000, 7.000000, 0.000, 0.000000, 0.000000, 0.000000, 2, 2, 2, 1, '2020-02-27 20:59:27', '2020-02-27 20:59:27', 1, '2020-02-27 20:59:27', '2020-02-27 20:59:27');

-- --------------------------------------------------------

--
-- Structure de la table `ps_order_carrier`
--

