-- https://www.phpmyadmin.net/
--
-- Hôte : localhost:3306
-- Généré le : mar. 29 sep. 2020 à 22:18
-- Version du serveur :  5.7.31-cll-lve
-- Version de PHP : 7.3.6

START TRANSACTION;



--
-- Base de données : `mediamet_cos`
--

-- --------------------------------------------------------

--
-- Structure de la table `ps_access`
--

CREATE TABLE `ps_access` (
  `id_profile` int(10) UNSIGNED NOT NULL,
  `id_authorization_role` int(10) UNSIGNED NOT NULL
) ENGINE=InnoDB DEFAULT CHARSET=utf8;

--
-- Déchargement des données de la table `ps_access`
--

INSERT INTO `ps_access` (`id_profile`, `id_authorization_role`) VALUES
(1, 1),
(1, 2),
(1, 3),
(1, 4),
(1, 5),
(1, 6),
(1, 7),
(1, 8),
(1, 9),
(1, 10),
(1, 11),
(1, 12),
(1, 13),
(1, 14),
(1, 15),
(1, 16),
(1, 17),
(1, 18),
(1, 19),
(1, 20),
(1, 21),
(1, 22),
(1, 23),
(1, 24),
(1, 25),
(1, 26),
(1, 27),
(1, 28),
(1, 29),
(1, 30),
(1, 31),
(1, 32),
(1, 33),
(1, 34),
(1, 35),
(1, 36),
(1, 37),
(1, 38),
(1, 39),
(1, 40),
(1, 41),
(1, 42),
(1, 43),
(1, 44),
(1, 45),
(1, 46),
(1, 47),
(1, 48),
(1, 49),
(1, 50),
(1, 51),
(1, 52),
(1, 53),
(1, 54),
(1, 55),
(1, 56),
(1, 57),
(1, 58),
(1, 59),
(1, 60),
(1, 61),
(1, 62),
(1, 63),
(1, 64),
(1, 65),
(1, 66),
(1, 67),
(1, 68),
(1, 69),
(1, 70),
(1, 71),
(1, 72),
(1, 73),
(1, 74),
(1, 75),
(1, 76),
(1, 77),
(1, 78),
(1, 79),
(1, 80),
(1, 81),
(1, 82),
(1, 83),
(1, 84),
(1, 85),
(1, 86),
(1, 87),
(1, 88),
(1, 89),
(1, 90),
(1, 91),
(1, 92),
(1, 93),
(1, 94),
(1, 95),
(1, 96),
(1, 97),
(1, 98),
(1, 99),
(1, 100),
(1, 101),
(1, 102),
(1, 103),
(1, 104),
(1, 105),
(1, 106),
(1, 107),
(1, 108),
(1, 109),
(1, 110),
(1, 111),
(1, 112),
(1, 113),
(1, 114),
(1, 115),
(1, 116),
(1, 117),
(1, 118),
(1, 119),
(1, 120),
(1, 121),
(1, 122),
(1, 123),
(1, 124),
(1, 125),
(1, 126),
(1, 127),
(1, 128),
(1, 129),
(1, 130),
(1, 131),
(1, 132),
(1, 133),
(1, 134),
(1, 135),
(1, 136),
(1, 137),
(1, 138),
(1, 139),
(1, 140),
(1, 141),
(1, 142),
(1, 143),
(1, 144),
(1, 145),
(1, 146),
(1, 147),
(1, 148),
(1, 149),
(1, 150),
(1, 151),
(1, 152),
(1, 153),
(1, 154),
(1, 155),
(1, 156),
(1, 157),
(1, 158),
(1, 159),
(1, 160),
(1, 161),
(1, 162),
(1, 163),
(1, 164),
(1, 165),
(1, 166),
(1, 167),
(1, 168),
(1, 169),
(1, 170),
(1, 171),
(1, 172),
(1, 173),
(1, 174),
(1, 175),
(1, 176),
(1, 177),
(1, 178),
(1, 179),
(1, 180),
(1, 181),
(1, 182),
(1, 183),
(1, 184),
(1, 185),
(1, 186),
(1, 187),
(1, 188),
(1, 189),
(1, 190),
(1, 191),
(1, 192),
(1, 193),
(1, 194),
(1, 195),
(1, 196),
(1, 197),
(1, 198),
(1, 199),
(1, 200),
(1, 201),
(1, 202),
(1, 203),
(1, 204),
(1, 205),
(1, 206),
(1, 207),
(1, 208),
(1, 209),
(1, 210),
(1, 211),
(1, 212),
(1, 213),
(1, 214),
(1, 215),
(1, 216),
(1, 217),
(1, 218),
(1, 219),
(1, 220),
(1, 221),
(1, 222),
(1, 223),
(1, 224),
(1, 225),
(1, 226),
(1, 227),
(1, 228),
(1, 229),
(1, 230),
(1, 231),
(1, 232),
(1, 233),
(1, 234),
(1, 235),
(1, 236),
(1, 237),
(1, 238),
(1, 239),
(1, 240),
(1, 241),
(1, 242),
(1, 243),
(1, 244),
(1, 245),
(1, 246),
(1, 247),
(1, 248),
(1, 249),
(1, 250),
(1, 251),
(1, 252),
(1, 253),
(1, 254),
(1, 255),
(1, 256),
(1, 257),
(1, 258),
(1, 259),
(1, 260),
(1, 261),
(1, 262),
(1, 263),
(1, 264),
(1, 265),
(1, 266),
(1, 267),
(1, 268),
(1, 269),
(1, 270),
(1, 271),
(1, 272),
(1, 273),
(1, 274),
(1, 275),
(1, 276),
(1, 277),
(1, 278),
(1, 279),
(1, 280),
(1, 281),
(1, 282),
(1, 283),
(1, 284),
(1, 285),
(1, 286),
(1, 287),
(1, 288),
(1, 289),
(1, 290),
(1, 291),
(1, 292),
(1, 293),
(1, 294),
(1, 295),
(1, 296),
(1, 297),
(1, 298),
(1, 299),
(1, 300),
(1, 301),
(1, 302),
(1, 303),
(1, 304),
(1, 305),
(1, 306),
(1, 307),
(1, 308),
(1, 309),
(1, 310),
(1, 311),
(1, 312),
(1, 313),
(1, 314),
(1, 315),
(1, 316),
(1, 317),
(1, 318),
(1, 319),
(1, 320),
(1, 321),
(1, 322),
(1, 323),
(1, 324),
(1, 325),
(1, 326),
(1, 327),
(1, 328),
(1, 329),
(1, 330),
(1, 331),
(1, 332),
(1, 333),
(1, 334),
(1, 335),
(1, 336),
(1, 337),
(1, 338),
(1, 339),
(1, 340),
(1, 341),
(1, 342),
(1, 343),
(1, 344),
(1, 345),
(1, 346),
(1, 347),
(1, 348),
(1, 349),
(1, 350),
(1, 351),
(1, 352),
(1, 353),
(1, 354),
(1, 355),
(1, 356),
(1, 357),
(1, 358),
(1, 359),
(1, 360),
(1, 361),
(1, 362),
(1, 363),
(1, 364),
(1, 365),
(1, 366),
(1, 367),
(1, 368),
(1, 369),
(1, 370),
(1, 371),
(1, 372),
(1, 373),
(1, 374),
(1, 375),
(1, 376),
(1, 377),
(1, 378),
(1, 379),
(1, 380),
(1, 381),
(1, 382),
(1, 383),
(1, 384),
(1, 385),
(1, 386),
(1, 387),
(1, 388),
(1, 389),
(1, 390),
(1, 391),
(1, 392),
(1, 393),
(1, 394),
(1, 395),
(1, 396),
(1, 397),
(1, 398),
(1, 399),
(1, 400),
(1, 401),
(1, 402),
(1, 403),
(1, 404),
(1, 405),
(1, 406),
(1, 407),
(1, 408),
(1, 409),
(1, 410),
(1, 411),
(1, 412),
(1, 413),
(1, 414),
(1, 415),
(1, 416),
(1, 417),
(1, 418),
(1, 419),
(1, 420),
(1, 421),
(1, 422),
(1, 423),
(1, 424),
(1, 425),
(1, 426),
(1, 427),
(1, 428),
(1, 429),
(1, 430),
(1, 431),
(1, 432),
(1, 433),
(1, 434),
(1, 435),
(1, 436),
(1, 437),
(1, 438),
(1, 439),
(1, 440),
(1, 441),
(1, 442),
(1, 443),
(1, 444),
(1, 445),
(1, 446),
(1, 447),
(1, 448),
(1, 449),
(1, 450),
(1, 451),
(1, 452),
(1, 465),
(1, 466),
(1, 467),
(1, 468),
(1, 569),
(1, 570),
(1, 571),
(1, 572),
(1, 573),
(1, 574),
(1, 575),
(1, 576),
(1, 577),
(1, 578),
(1, 579),
(1, 580),
(1, 681),
(1, 682),
(1, 683),
(1, 684),
(1, 685),
(1, 686),
(1, 687),
(1, 688),
(1, 697),
(1, 698),
(1, 699),
(1, 700),
(1, 737),
(1, 738),
(1, 739),
(1, 740),
(1, 745),
(1, 746),
(1, 747),
(1, 748),
(1, 753),
(1, 754),
(1, 755),
(1, 756),
(1, 785),
(1, 786),
(1, 787),
(1, 788),
(1, 789),
(1, 790),
(1, 791),
(1, 792),
(1, 793),
(1, 794),
(1, 795),
(1, 796),
(1, 797),
(1, 798),
(1, 799),
(1, 800),
(1, 801),
(1, 802),
(1, 803),
(1, 804),
(1, 813),
(1, 814),
(1, 815),
(1, 816),
(1, 817),
(1, 818),
(1, 819),
(1, 820),
(1, 821),
(1, 822),
(1, 823),
(1, 824),
(1, 829),
(1, 830),
(1, 831),
(1, 832),
(1, 833),
(1, 834),
(1, 835),
(1, 836),
(1, 845),
(1, 846),
(1, 847),
(1, 848),
(1, 849),
(1, 850),
(1, 851),
(1, 852),
(1, 857),
(1, 858),
(1, 859),
(1, 860),
(1, 865),
(1, 866),
(1, 867),
(1, 868),
(1, 869),
(1, 870),
(1, 871),
(1, 872),
(1, 873),
(1, 874),
(1, 875),
(1, 876),
(1, 877),
(1, 878),
(1, 879),
(1, 880),
(1, 881),
(1, 882),
(1, 883),
(1, 884),
(1, 885),
(1, 886),
(1, 887),
(1, 888),
(1, 889),
(1, 890),
(1, 891),
(1, 892),
(1, 893),
(1, 894),
(1, 895),
(1, 896),
(1, 897),
(1, 898),
(1, 899),
(1, 900),
(1, 901),
(1, 902),
(1, 903),
(1, 904),
(1, 905),
(1, 906),
(1, 907),
(1, 908),
(1, 909),
(1, 910),
(1, 911),
(1, 912),
(1, 917),
(1, 918),
(1, 919),
(1, 920),
(1, 925),
(1, 926),
(1, 927),
(1, 928),
(1, 929),
(1, 930),
(1, 931),
(1, 932),
(1, 933),
(1, 934),
(1, 935),
(1, 936),
(1, 937),
(1, 938),
(1, 939),
(1, 940),
(1, 941),
(1, 942),
(1, 943),
(1, 944),
(1, 945),
(1, 946),
(1, 947),
(1, 948),
(1, 949),
(1, 950),
(1, 951),
(1, 952),
(1, 953),
(1, 954),
(1, 955),
(1, 956),
(1, 957),
(1, 958),
(1, 959),
(1, 960),
(1, 961),
(1, 962),
(1, 963),
(1, 964),
(1, 965),
(1, 966),
(1, 967),
(1, 968),
(1, 969),
(1, 970),
(1, 971),
(1, 972),
(1, 973),
(1, 974),
(1, 975),
(1, 976),
(1, 977),
(1, 978),
(1, 979),
(1, 980),
(1, 981),
(1, 982),
(1, 983),
(1, 984),
(1, 989),
(1, 990),
(1, 991),
(1, 992),
(1, 993),
(1, 994),
(1, 995),
(1, 996),
(1, 997),
(1, 998),
(1, 999),
(1, 1000),
(1, 1001),
(1, 1002),
(1, 1003),
(1, 1004),
(1, 1009),
(1, 1010),
(1, 1011),
(1, 1012),
(1, 1013),
(1, 1014),
(1, 1015),
(1, 1016),
(1, 1029),
(1, 1030),
(1, 1031),
(1, 1032),
(1, 1033),
(1, 1034),
(1, 1035),
(1, 1036),
(1, 1037),
(1, 1038),
(1, 1039),
(1, 1040),
(1, 1041),
(1, 1042),
(1, 1043),
(1, 1044),
(1, 1045),
(1, 1046),
(1, 1047),
(1, 1048),
(1, 1049),
(1, 1050),
(1, 1051),
(1, 1052),
(1, 1053),
(1, 1054),
(1, 1055),
(1, 1056),
(1, 1057),
(1, 1058),
(1, 1059),
(1, 1060),
(2, 9),
(2, 10),
(2, 11),
(2, 12),
(2, 33),
(2, 34),
(2, 35),
(2, 36),
(2, 45),
(2, 46),
(2, 47),
(2, 48),
(2, 49),
(2, 50),
(2, 51),
(2, 52),
(2, 85),
(2, 86),
(2, 87),
(2, 88),
(2, 129),
(2, 130),
(2, 131),
(2, 132),
(2, 181),
(2, 182),
(2, 183),
(2, 184),
(2, 201),
(2, 202),
(2, 203),
(2, 204),
(2, 209),
(2, 210),
(2, 211),
(2, 212),
(2, 221),
(2, 222),
(2, 223),
(2, 224),
(2, 234),
(2, 235),
(2, 241),
(2, 242),
(2, 243),
(2, 244),
(2, 261),
(2, 262),
(2, 263),
(2, 264),
(2, 265),
(2, 266),
(2, 267),
(2, 268),
(2, 301),
(2, 302),
(2, 303),
(2, 304),
(2, 317),
(2, 318),
(2, 319),
(2, 320),
(2, 329),
(2, 330),
(2, 331),
(2, 332),
(2, 341),
(2, 342),
(2, 343),
(2, 344),
(2, 365),
(2, 366),
(2, 367),
(2, 368),
(2, 381),
(2, 382),
(2, 383),
(2, 384),
(2, 389),
(2, 390),
(2, 391),
(2, 392),
(2, 393),
(2, 394),
(2, 395),
(2, 396),
(2, 417),
(2, 418),
(2, 419),
(2, 420),
(2, 425),
(2, 426),
(2, 427),
(2, 428),
(2, 441),
(2, 442),
(2, 443),
(2, 444),
(2, 445),
(2, 446),
(2, 447),
(2, 448),
(3, 45),
(3, 46),
(3, 47),
(3, 48),
(3, 49),
(3, 50),
(3, 51),
(3, 52),
(3, 125),
(3, 126),
(3, 127),
(3, 128),
(3, 141),
(3, 142),
(3, 143),
(3, 144),
(3, 217),
(3, 218),
(3, 219),
(3, 220),
(3, 257),
(3, 258),
(3, 259),
(3, 260),
(3, 301),
(3, 302),
(3, 303),
(3, 304),
(3, 321),
(3, 322),
(3, 323),
(3, 324),
(3, 421),
(3, 422),
(3, 423),
(3, 424),
(3, 437),
(3, 438),
(3, 439),
(3, 440),
(3, 441),
(3, 442),
(3, 443),
(3, 444),
(3, 445),
(3, 446),
(3, 447),
(3, 448),
(3, 449),
(3, 450),
(3, 451),
(3, 452),
(4, 0),
(4, 9),
(4, 10),
(4, 11),
(4, 12),
(4, 17),
(4, 18),
(4, 19),
(4, 20),
(4, 41),
(4, 42),
(4, 43),
(4, 44),
(4, 45),
(4, 46),
(4, 47),
(4, 48),
(4, 49),
(4, 50),
(4, 51),
(4, 52),
(4, 129),
(4, 130),
(4, 131),
(4, 132),
(4, 154),
(4, 173),
(4, 174),
(4, 175),
(4, 176),
(4, 181),
(4, 182),
(4, 183),
(4, 184),
(4, 201),
(4, 202),
(4, 203),
(4, 204),
(4, 209),
(4, 210),
(4, 211),
(4, 212),
(4, 221),
(4, 222),
(4, 223),
(4, 224),
(4, 229),
(4, 230),
(4, 231),
(4, 232),
(4, 234),
(4, 235),
(4, 241),
(4, 242),
(4, 243),
(4, 244),
(4, 258),
(4, 301),
(4, 302),
(4, 303),
(4, 304),
(4, 309),
(4, 310),
(4, 311),
(4, 312),
(4, 322),
(4, 341),
(4, 342),
(4, 343),
(4, 344),
(4, 393),
(4, 394),
(4, 395),
(4, 396),
(4, 429),
(4, 430),
(4, 431),
(4, 432),
(4, 437),
(4, 438),
(4, 439),
(4, 440),
(4, 445),
(4, 446),
(4, 447),
(4, 448),
(4, 449),
(4, 450),
(4, 451),
(4, 452);

-- --------------------------------------------------------

--
-- Structure de la table `ps_accessory`
--

CREATE TABLE `ps_accessory` (
  `id_product_1` int(10) UNSIGNED NOT NULL,
  `id_product_2` int(10) UNSIGNED NOT NULL
) ENGINE=InnoDB DEFAULT CHARSET=utf8;

-- --------------------------------------------------------

--
-- Structure de la table `ps_address`
--

CREATE TABLE `ps_address` (
  `id_address` int(10) UNSIGNED NOT NULL,
  `id_country` int(10) UNSIGNED NOT NULL,
  `id_state` int(10) UNSIGNED DEFAULT NULL,
  `id_customer` int(10) UNSIGNED NOT NULL DEFAULT '0',
  `id_manufacturer` int(10) UNSIGNED NOT NULL DEFAULT '0',
  `id_supplier` int(10) UNSIGNED NOT NULL DEFAULT '0',
  `id_warehouse` int(10) UNSIGNED NOT NULL DEFAULT '0',
  `alias` varchar(32) NOT NULL,
  `company` varchar(255) DEFAULT NULL,
  `lastname` varchar(255) NOT NULL,
  `firstname` varchar(255) NOT NULL,
  `address1` varchar(128) NOT NULL,
  `address2` varchar(128) DEFAULT NULL,
  `postcode` varchar(12) DEFAULT NULL,
  `city` varchar(64) NOT NULL,
  `other` text,
  `phone` varchar(32) DEFAULT NULL,
  `phone_mobile` varchar(32) DEFAULT NULL,
  `vat_number` varchar(32) DEFAULT NULL,
  `dni` varchar(16) DEFAULT NULL,
  `date_add` datetime NOT NULL,
  `date_upd` datetime NOT NULL,
  `active` tinyint(1) UNSIGNED NOT NULL DEFAULT '1',
  `deleted` tinyint(1) UNSIGNED NOT NULL DEFAULT '0'
) ENGINE=InnoDB DEFAULT CHARSET=utf8;

--
-- Déchargement des données de la table `ps_address`
--

INSERT INTO `ps_address` (`id_address`, `id_country`, `id_state`, `id_customer`, `id_manufacturer`, `id_supplier`, `id_warehouse`, `alias`, `company`, `lastname`, `firstname`, `address1`, `address2`, `postcode`, `city`, `other`, `phone`, `phone_mobile`, `vat_number`, `dni`, `date_add`, `date_upd`, `active`, `deleted`) VALUES
(1, 8, 0, 1, 0, 0, 0, 'Mon adresse', 'My Company', 'DOE', 'John', '16, Main street', '2nd floor', '75002', 'Paris ', NULL, '0102030405', NULL, NULL, NULL, '2018-10-24 09:07:45', '2018-10-24 09:07:45', 1, 0),
(2, 21, 35, 0, 0, 0, 0, 'supplier', 'Fashion', 'supplier', 'supplier', '767 Fifth Ave.', NULL, '10153', 'New York', NULL, '(212) 336-1440', NULL, NULL, NULL, '2018-10-24 09:07:45', '2018-10-24 09:07:45', 1, 0),
(3, 21, 35, 0, 1, 0, 0, 'manufacturer', 'Fashion', 'manufacturer', 'manufacturer', '767 Fifth Ave.', NULL, '10154', 'New York', NULL, '(212) 336-1666', NULL, NULL, NULL, '2018-10-24 09:07:45', '2018-10-24 09:07:45', 1, 0),
(4, 21, 12, 1, 0, 0, 0, 'My address', 'My Company', 'DOE', 'John', '16, Main street', '2nd floor', '33133', 'Miami', NULL, '0102030405', NULL, NULL, NULL, '2018-10-24 09:07:45', '2018-10-24 09:07:45', 1, 0),
(5, 21, 35, 0, 2, 0, 0, 'manufacturer', NULL, 'manufacturer', 'manufacturer', '767 Fifth Ave.', NULL, '10154', 'New York', NULL, NULL, NULL, NULL, NULL, '2018-11-02 04:54:58', '2018-11-02 05:03:33', 1, 1),
(6, 21, 35, 0, 2, 0, 0, 'manufacturer', NULL, 'supplier', 'supplier', '767 Fifth Ave.', NULL, '10154', 'New York', NULL, NULL, NULL, NULL, NULL, '2018-11-02 04:55:38', '2018-11-02 04:55:38', 1, 0),
(7, 21, 35, 0, 1, 0, 0, 'manufacturer', NULL, 'supplier', 'supplier', '767 Fifth Ave.', NULL, '10154', 'New York', NULL, NULL, NULL, NULL, NULL, '2018-11-02 04:56:08', '2018-11-02 05:02:58', 1, 1),
(8, 21, 35, 0, 1, 0, 0, 'manufacturer', NULL, 'supplier', 'supplier', '767 Fifth Ave.', NULL, '10157', 'New York', NULL, '(212) 336-1666', NULL, NULL, NULL, '2018-11-02 04:56:08', '2018-11-02 05:02:58', 1, 0),
(9, 21, 35, 0, 2, 0, 0, 'manufacturer', NULL, 'manufacturer', 'manufacturer', '767 Fifth Ave.', NULL, '10155', 'New York', NULL, NULL, NULL, NULL, NULL, '2018-11-02 04:54:58', '2018-11-02 05:03:33', 1, 0),
(10, 21, 14, 3, 0, 0, 0, 'My Address', NULL, 'posthemes', 'themes', 'posthemes', NULL, '10000', 'themes', NULL, '123456789', NULL, NULL, NULL, '2020-02-04 03:25:40', '2020-02-04 03:25:40', 1, 0),
(11, 21, 4, 2, 0, 0, 0, 'My Address', NULL, 'posthemes', 'themes', 'posthemes', NULL, '10000', 'themes', NULL, '123456789', NULL, NULL, NULL, '2020-02-27 20:56:10', '2020-02-27 20:56:10', 1, 0),
(12, 21, 3, 4, 0, 0, 0, 'My Address', NULL, 'posthemes', 'themes', 'posthemes', NULL, '10000', 'themes', NULL, '123456789', NULL, NULL, NULL, '2020-02-27 20:58:10', '2020-02-27 20:58:10', 1, 0),
(13, 21, 17, 5, 0, 0, 0, 'My Address', NULL, 'posthemes', 'themes', 'posthemes', NULL, '10000', 'themes', NULL, '123456789', NULL, NULL, NULL, '2020-02-27 20:59:15', '2020-02-27 20:59:15', 1, 0);

-- --------------------------------------------------------

--
-- Structure de la table `ps_address_format`
--

CREATE TABLE `ps_address_format` (
  `id_country` int(10) UNSIGNED NOT NULL,
  `format` varchar(255) NOT NULL DEFAULT ''
) ENGINE=InnoDB DEFAULT CHARSET=utf8;

--
-- Déchargement des données de la table `ps_address_format`
--

INSERT INTO `ps_address_format` (`id_country`, `format`) VALUES
(1, 'firstname lastname\ncompany\nvat_number\naddress1\naddress2\npostcode city\nCountry:name\nphone'),
(2, 'firstname lastname\ncompany\nvat_number\naddress1\naddress2\npostcode city\nCountry:name\nphone'),
(3, 'firstname lastname\ncompany\nvat_number\naddress1\naddress2\npostcode city\nCountry:name\nphone'),
(4, 'firstname lastname\ncompany\naddress1\naddress2\ncity State:name postcode\nCountry:name\nphone'),
(5, 'firstname lastname\ncompany\nvat_number\naddress1\naddress2\npostcode city\nCountry:name\nphone'),
(6, 'firstname lastname\ncompany\nvat_number\naddress1\naddress2\npostcode city\nCountry:name\nphone'),
(7, 'firstname lastname\ncompany\nvat_number\naddress1\naddress2\npostcode city\nCountry:name\nphone'),
(8, 'firstname lastname\ncompany\nvat_number\naddress1\naddress2\npostcode city\nCountry:name\nphone'),
(9, 'firstname lastname\ncompany\nvat_number\naddress1\naddress2\npostcode city\nCountry:name\nphone'),
(10, 'firstname lastname\ncompany\nvat_number\naddress1\naddress2\npostcode city\nState:name\nCountry:name\nphone'),
(11, 'firstname lastname\ncompany\nvat_number\naddress1\naddress2\npostcode city\nState:name\nCountry:name\nphone'),
(12, 'firstname lastname\ncompany\nvat_number\naddress1\naddress2\npostcode city\nCountry:name\nphone'),
(13, 'firstname lastname\ncompany\nvat_number\naddress1\naddress2\npostcode city\nCountry:name\nphone'),
(14, 'firstname lastname\ncompany\nvat_number\naddress1\naddress2\npostcode city\nCountry:name\nphone'),
(15, 'firstname lastname\ncompany\nvat_number\naddress1\naddress2\npostcode city\nCountry:name\nphone'),
(16, 'firstname lastname\ncompany\nvat_number\naddress1\naddress2\npostcode city\nCountry:name\nphone'),
(17, 'firstname lastname\ncompany\nvat_number\naddress1\naddress2\ncity\npostcode\nCountry:name\nphone'),
(18, 'firstname lastname\ncompany\nvat_number\naddress1\naddress2\npostcode city\nCountry:name\nphone'),
(19, 'firstname lastname\ncompany\nvat_number\naddress1\naddress2\npostcode city\nCountry:name\nphone'),
(20, 'firstname lastname\ncompany\nvat_number\naddress1\naddress2\npostcode city\nCountry:name\nphone'),
(21, 'firstname lastname\ncompany\naddress1 address2\ncity, State:name postcode\nCountry:name\nphone'),
(22, 'firstname lastname\ncompany\nvat_number\naddress1\naddress2\npostcode city\nCountry:name\nphone'),
(23, 'firstname lastname\ncompany\nvat_number\naddress1\naddress2\npostcode city\nCountry:name\nphone'),
(24, 'firstname lastname\ncompany\nvat_number\naddress1\naddress2\ncity State:iso_code postcode\nCountry:name\nphone'),
(25, 'firstname lastname\ncompany\nvat_number\naddress1\naddress2\npostcode city\nCountry:name\nphone'),
(26, 'firstname lastname\ncompany\nvat_number\naddress1\naddress2\npostcode city\nCountry:name\nphone'),
(27, 'firstname lastname\ncompany\nvat_number\naddress1\naddress2\npostcode city\nCountry:name\nphone'),
(28, 'firstname lastname\ncompany\nvat_number\naddress1\naddress2\npostcode city\nCountry:name\nphone'),
(29, 'firstname lastname\ncompany\nvat_number\naddress1\naddress2\npostcode city\nCountry:name\nphone'),
(30, 'firstname lastname\ncompany\nvat_number\naddress1\naddress2\npostcode city\nCountry:name\nphone'),
(31, 'firstname lastname\ncompany\nvat_number\naddress1\naddress2\npostcode city\nCountry:name\nphone'),
(32, 'firstname lastname\ncompany\nvat_number\naddress1\naddress2\npostcode city\nCountry:name\nphone'),
(33, 'firstname lastname\ncompany\nvat_number\naddress1\naddress2\npostcode city\nCountry:name\nphone'),
(34, 'firstname lastname\ncompany\nvat_number\naddress1\naddress2\npostcode city\nCountry:name\nphone'),
(35, 'firstname lastname\ncompany\nvat_number\naddress1\naddress2\npostcode city\nCountry:name\nphone'),
(36, 'firstname lastname\ncompany\nvat_number\naddress1\naddress2\npostcode city\nCountry:name\nphone'),
(37, 'firstname lastname\ncompany\nvat_number\naddress1\naddress2\npostcode city\nCountry:name\nphone'),
(38, 'firstname lastname\ncompany\nvat_number\naddress1\naddress2\npostcode city\nCountry:name\nphone'),
(39, 'firstname lastname\ncompany\nvat_number\naddress1\naddress2\npostcode city\nCountry:name\nphone'),
(40, 'firstname lastname\ncompany\nvat_number\naddress1\naddress2\npostcode city\nCountry:name\nphone'),
(41, 'firstname lastname\ncompany\nvat_number\naddress1\naddress2\npostcode city\nCountry:name\nphone'),
(42, 'firstname lastname\ncompany\nvat_number\naddress1\naddress2\npostcode city\nCountry:name\nphone'),
(43, 'firstname lastname\ncompany\nvat_number\naddress1\naddress2\npostcode city\nCountry:name\nphone'),
(44, 'firstname lastname\ncompany\nvat_number\naddress1\naddress2\npostcode city\nState:name\nCountry:name\nphone'),
(45, 'firstname lastname\ncompany\nvat_number\naddress1\naddress2\npostcode city\nCountry:name\nphone'),
(46, 'firstname lastname\ncompany\nvat_number\naddress1\naddress2\npostcode city\nCountry:name\nphone'),
(47, 'firstname lastname\ncompany\nvat_number\naddress1\naddress2\npostcode city\nCountry:name\nphone'),
(48, 'firstname lastname\ncompany\nvat_number\naddress1\naddress2\npostcode city\nCountry:name\nphone'),
(49, 'firstname lastname\ncompany\nvat_number\naddress1\naddress2\npostcode city\nCountry:name\nphone'),
(50, 'firstname lastname\ncompany\nvat_number\naddress1\naddress2\npostcode city\nCountry:name\nphone'),
(51, 'firstname lastname\ncompany\nvat_number\naddress1\naddress2\npostcode city\nCountry:name\nphone'),
(52, 'firstname lastname\ncompany\nvat_number\naddress1\naddress2\npostcode city\nCountry:name\nphone'),
(53, 'firstname lastname\ncompany\nvat_number\naddress1\naddress2\npostcode city\nCountry:name\nphone'),
(54, 'firstname lastname\ncompany\nvat_number\naddress1\naddress2\npostcode city\nCountry:name\nphone'),
(55, 'firstname lastname\ncompany\nvat_number\naddress1\naddress2\npostcode city\nCountry:name\nphone'),
(56, 'firstname lastname\ncompany\nvat_number\naddress1\naddress2\npostcode city\nCountry:name\nphone'),
(57, 'firstname lastname\ncompany\nvat_number\naddress1\naddress2\npostcode city\nCountry:name\nphone'),
(58, 'firstname lastname\ncompany\nvat_number\naddress1\naddress2\npostcode city\nCountry:name\nphone'),
(59, 'firstname lastname\ncompany\nvat_number\naddress1\naddress2\npostcode city\nCountry:name\nphone'),
(60, 'firstname lastname\ncompany\nvat_number\naddress1\naddress2\npostcode city\nCountry:name\nphone'),
(61, 'firstname lastname\ncompany\nvat_number\naddress1\naddress2\npostcode city\nCountry:name\nphone'),
(62, 'firstname lastname\ncompany\nvat_number\naddress1\naddress2\npostcode city\nCountry:name\nphone'),
(63, 'firstname lastname\ncompany\nvat_number\naddress1\naddress2\npostcode city\nCountry:name\nphone'),
(64, 'firstname lastname\ncompany\nvat_number\naddress1\naddress2\npostcode city\nCountry:name\nphone'),
(65, 'firstname lastname\ncompany\nvat_number\naddress1\naddress2\npostcode city\nCountry:name\nphone'),
(66, 'firstname lastname\ncompany\nvat_number\naddress1\naddress2\npostcode city\nCountry:name\nphone'),
(67, 'firstname lastname\ncompany\nvat_number\naddress1\naddress2\npostcode city\nCountry:name\nphone'),
(68, 'firstname lastname\ncompany\nvat_number\naddress1\naddress2\npostcode city\nCountry:name\nphone'),
(69, 'firstname lastname\ncompany\nvat_number\naddress1\naddress2\npostcode city\nCountry:name\nphone'),
(70, 'firstname lastname\ncompany\nvat_number\naddress1\naddress2\npostcode city\nCountry:name\nphone'),
(71, 'firstname lastname\ncompany\nvat_number\naddress1\naddress2\npostcode city\nCountry:name\nphone'),
(72, 'firstname lastname\ncompany\nvat_number\naddress1\naddress2\npostcode city\nCountry:name\nphone'),
(73, 'firstname lastname\ncompany\nvat_number\naddress1\naddress2\npostcode city\nCountry:name\nphone'),
(74, 'firstname lastname\ncompany\nvat_number\naddress1\naddress2\npostcode city\nCountry:name\nphone'),
(75, 'firstname lastname\ncompany\nvat_number\naddress1\naddress2\npostcode city\nCountry:name\nphone'),
(76, 'firstname lastname\ncompany\nvat_number\naddress1\naddress2\npostcode city\nCountry:name\nphone'),
(77, 'firstname lastname\ncompany\nvat_number\naddress1\naddress2\npostcode city\nCountry:name\nphone'),
(78, 'firstname lastname\ncompany\nvat_number\naddress1\naddress2\npostcode city\nCountry:name\nphone'),
(79, 'firstname lastname\ncompany\nvat_number\naddress1\naddress2\npostcode city\nCountry:name\nphone'),
(80, 'firstname lastname\ncompany\nvat_number\naddress1\naddress2\npostcode city\nCountry:name\nphone'),
(81, 'firstname lastname\ncompany\nvat_number\naddress1\naddress2\npostcode city\nCountry:name\nphone'),
(82, 'firstname lastname\ncompany\nvat_number\naddress1\naddress2\npostcode city\nCountry:name\nphone'),
(83, 'firstname lastname\ncompany\nvat_number\naddress1\naddress2\npostcode city\nCountry:name\nphone'),
(84, 'firstname lastname\ncompany\nvat_number\naddress1\naddress2\npostcode city\nCountry:name\nphone'),
(85, 'firstname lastname\ncompany\nvat_number\naddress1\naddress2\npostcode city\nCountry:name\nphone'),
(86, 'firstname lastname\ncompany\nvat_number\naddress1\naddress2\npostcode city\nCountry:name\nphone'),
(87, 'firstname lastname\ncompany\nvat_number\naddress1\naddress2\npostcode city\nCountry:name\nphone'),
(88, 'firstname lastname\ncompany\nvat_number\naddress1\naddress2\npostcode city\nCountry:name\nphone'),
(89, 'firstname lastname\ncompany\nvat_number\naddress1\naddress2\npostcode city\nCountry:name\nphone'),
(90, 'firstname lastname\ncompany\nvat_number\naddress1\naddress2\npostcode city\nCountry:name\nphone'),
(91, 'firstname lastname\ncompany\nvat_number\naddress1\naddress2\npostcode city\nCountry:name\nphone'),
(92, 'firstname lastname\ncompany\nvat_number\naddress1\naddress2\npostcode city\nCountry:name\nphone'),
(93, 'firstname lastname\ncompany\nvat_number\naddress1\naddress2\npostcode city\nCountry:name\nphone'),
(94, 'firstname lastname\ncompany\nvat_number\naddress1\naddress2\npostcode city\nCountry:name\nphone'),
(95, 'firstname lastname\ncompany\nvat_number\naddress1\naddress2\npostcode city\nCountry:name\nphone'),
(96, 'firstname lastname\ncompany\nvat_number\naddress1\naddress2\npostcode city\nCountry:name\nphone'),
(97, 'firstname lastname\ncompany\nvat_number\naddress1\naddress2\npostcode city\nCountry:name\nphone'),
(98, 'firstname lastname\ncompany\nvat_number\naddress1\naddress2\npostcode city\nCountry:name\nphone'),
(99, 'firstname lastname\ncompany\nvat_number\naddress1\naddress2\npostcode city\nCountry:name\nphone'),
(100, 'firstname lastname\ncompany\nvat_number\naddress1\naddress2\npostcode city\nCountry:name\nphone'),
(101, 'firstname lastname\ncompany\nvat_number\naddress1\naddress2\npostcode city\nCountry:name\nphone'),
(102, 'firstname lastname\ncompany\nvat_number\naddress1\naddress2\npostcode city\nCountry:name\nphone'),
(103, 'firstname lastname\ncompany\nvat_number\naddress1\naddress2\npostcode city\nCountry:name\nphone'),
(104, 'firstname lastname\ncompany\nvat_number\naddress1\naddress2\npostcode city\nCountry:name\nphone'),
(105, 'firstname lastname\ncompany\nvat_number\naddress1\naddress2\npostcode city\nCountry:name\nphone'),
(106, 'firstname lastname\ncompany\nvat_number\naddress1\naddress2\npostcode city\nCountry:name\nphone'),
(107, 'firstname lastname\ncompany\nvat_number\naddress1\naddress2\npostcode city\nCountry:name\nphone'),
(108, 'firstname lastname\ncompany\nvat_number\naddress1\naddress2\npostcode city\nCountry:name\nphone'),
(109, 'firstname lastname\ncompany\nvat_number\naddress1\naddress2\npostcode city\nCountry:name\nphone'),
(110, 'firstname lastname\ncompany\nvat_number\naddress1\naddress2\ncity\npostcode\nState:name\nCountry:name\nphone'),
(111, 'firstname lastname\ncompany\nvat_number\naddress1\naddress2\npostcode city\nState:name\nCountry:name\nphone'),
(112, 'firstname lastname\ncompany\nvat_number\naddress1\naddress2\npostcode city\nCountry:name\nphone'),
(113, 'firstname lastname\ncompany\nvat_number\naddress1\naddress2\npostcode city\nCountry:name\nphone'),
(114, 'firstname lastname\ncompany\nvat_number\naddress1\naddress2\npostcode city\nCountry:name\nphone'),
(115, 'firstname lastname\ncompany\nvat_number\naddress1\naddress2\npostcode city\nCountry:name\nphone'),
(116, 'firstname lastname\ncompany\nvat_number\naddress1\naddress2\npostcode city\nCountry:name\nphone'),
(117, 'firstname lastname\ncompany\nvat_number\naddress1\naddress2\npostcode city\nCountry:name\nphone'),
(118, 'firstname lastname\ncompany\nvat_number\naddress1\naddress2\npostcode city\nCountry:name\nphone'),
(119, 'firstname lastname\ncompany\nvat_number\naddress1\naddress2\npostcode city\nCountry:name\nphone'),
(120, 'firstname lastname\ncompany\nvat_number\naddress1\naddress2\npostcode city\nCountry:name\nphone'),
(121, 'firstname lastname\ncompany\nvat_number\naddress1\naddress2\npostcode city\nCountry:name\nphone'),
(122, 'firstname lastname\ncompany\nvat_number\naddress1\naddress2\npostcode city\nCountry:name\nphone'),
(123, 'firstname lastname\ncompany\nvat_number\naddress1\naddress2\npostcode city\nCountry:name\nphone'),
(124, 'firstname lastname\ncompany\nvat_number\naddress1\naddress2\npostcode city\nCountry:name\nphone'),
(125, 'firstname lastname\ncompany\nvat_number\naddress1\naddress2\npostcode city\nCountry:name\nphone'),
(126, 'firstname lastname\ncompany\nvat_number\naddress1\naddress2\npostcode city\nCountry:name\nphone'),
(127, 'firstname lastname\ncompany\nvat_number\naddress1\naddress2\npostcode city\nCountry:name\nphone'),
(128, 'firstname lastname\ncompany\nvat_number\naddress1\naddress2\npostcode city\nCountry:name\nphone'),
(129, 'firstname lastname\ncompany\nvat_number\naddress1\naddress2\npostcode city\nCountry:name\nphone'),
(130, 'firstname lastname\ncompany\nvat_number\naddress1\naddress2\npostcode city\nCountry:name\nphone'),
(131, 'firstname lastname\ncompany\nvat_number\naddress1\naddress2\npostcode city\nCountry:name\nphone'),
(132, 'firstname lastname\ncompany\nvat_number\naddress1\naddress2\npostcode city\nCountry:name\nphone'),
(133, 'firstname lastname\ncompany\nvat_number\naddress1\naddress2\npostcode city\nCountry:name\nphone'),
(134, 'firstname lastname\ncompany\nvat_number\naddress1\naddress2\npostcode city\nCountry:name\nphone'),
(135, 'firstname lastname\ncompany\nvat_number\naddress1\naddress2\npostcode city\nCountry:name\nphone'),
(136, 'firstname lastname\ncompany\nvat_number\naddress1\naddress2\npostcode city\nCountry:name\nphone'),
(137, 'firstname lastname\ncompany\nvat_number\naddress1\naddress2\npostcode city\nCountry:name\nphone'),
(138, 'firstname lastname\ncompany\nvat_number\naddress1\naddress2\npostcode city\nCountry:name\nphone'),
(139, 'firstname lastname\ncompany\nvat_number\naddress1\naddress2\npostcode city\nCountry:name\nphone'),
(140, 'firstname lastname\ncompany\nvat_number\naddress1\naddress2\npostcode city\nCountry:name\nphone'),
(141, 'firstname lastname\ncompany\nvat_number\naddress1\naddress2\npostcode city\nCountry:name\nphone'),
(142, 'firstname lastname\ncompany\nvat_number\naddress1\naddress2\npostcode city\nCountry:name\nphone'),
(143, 'firstname lastname\ncompany\nvat_number\naddress1\naddress2\npostcode city\nCountry:name\nphone'),
(144, 'firstname lastname\ncompany\nvat_number\naddress1\naddress2\npostcode city\nCountry:name\nphone'),
(145, 'firstname lastname\ncompany\nvat_number\naddress1\naddress2\npostcode city\nState:name\nCountry:name\nphone'),
(146, 'firstname lastname\ncompany\nvat_number\naddress1\naddress2\npostcode city\nCountry:name\nphone'),
(147, 'firstname lastname\ncompany\nvat_number\naddress1\naddress2\npostcode city\nCountry:name\nphone'),
(148, 'firstname lastname\ncompany\nvat_number\naddress1\naddress2\npostcode city\nCountry:name\nphone'),
(149, 'firstname lastname\ncompany\nvat_number\naddress1\naddress2\npostcode city\nCountry:name\nphone'),
(150, 'firstname lastname\ncompany\nvat_number\naddress1\naddress2\npostcode city\nCountry:name\nphone'),
(151, 'firstname lastname\ncompany\nvat_number\naddress1\naddress2\npostcode city\nCountry:name\nphone'),
(152, 'firstname lastname\ncompany\nvat_number\naddress1\naddress2\npostcode city\nCountry:name\nphone'),
(153, 'firstname lastname\ncompany\nvat_number\naddress1\naddress2\npostcode city\nCountry:name\nphone'),
(154, 'firstname lastname\ncompany\nvat_number\naddress1\naddress2\npostcode city\nCountry:name\nphone'),
(155, 'firstname lastname\ncompany\nvat_number\naddress1\naddress2\npostcode city\nCountry:name\nphone'),
(156, 'firstname lastname\ncompany\nvat_number\naddress1\naddress2\npostcode city\nCountry:name\nphone'),
(157, 'firstname lastname\ncompany\nvat_number\naddress1\naddress2\npostcode city\nCountry:name\nphone'),
(158, 'firstname lastname\ncompany\nvat_number\naddress1\naddress2\npostcode city\nCountry:name\nphone'),
(159, 'firstname lastname\ncompany\nvat_number\naddress1\naddress2\npostcode city\nCountry:name\nphone'),
(160, 'firstname lastname\ncompany\nvat_number\naddress1\naddress2\npostcode city\nCountry:name\nphone'),
(161, 'firstname lastname\ncompany\nvat_number\naddress1\naddress2\npostcode city\nCountry:name\nphone'),
(162, 'firstname lastname\ncompany\nvat_number\naddress1\naddress2\npostcode city\nCountry:name\nphone'),
(163, 'firstname lastname\ncompany\nvat_number\naddress1\naddress2\npostcode city\nCountry:name\nphone'),
(164, 'firstname lastname\ncompany\nvat_number\naddress1\naddress2\npostcode city\nCountry:name\nphone'),
(165, 'firstname lastname\ncompany\nvat_number\naddress1\naddress2\npostcode city\nCountry:name\nphone'),
(166, 'firstname lastname\ncompany\nvat_number\naddress1\naddress2\npostcode city\nCountry:name\nphone'),
(167, 'firstname lastname\ncompany\nvat_number\naddress1\naddress2\npostcode city\nCountry:name\nphone'),
(168, 'firstname lastname\ncompany\nvat_number\naddress1\naddress2\npostcode city\nCountry:name\nphone'),
(169, 'firstname lastname\ncompany\nvat_number\naddress1\naddress2\npostcode city\nCountry:name\nphone'),
(170, 'firstname lastname\ncompany\nvat_number\naddress1\naddress2\npostcode city\nCountry:name\nphone'),
(171, 'firstname lastname\ncompany\nvat_number\naddress1\naddress2\npostcode city\nCountry:name\nphone'),
(172, 'firstname lastname\ncompany\nvat_number\naddress1\naddress2\npostcode city\nCountry:name\nphone'),
(173, 'firstname lastname\ncompany\nvat_number\naddress1\naddress2\npostcode city\nCountry:name\nphone'),
(174, 'firstname lastname\ncompany\nvat_number\naddress1\naddress2\npostcode city\nCountry:name\nphone'),
(175, 'firstname lastname\ncompany\nvat_number\naddress1\naddress2\npostcode city\nCountry:name\nphone'),
(176, 'firstname lastname\ncompany\nvat_number\naddress1\naddress2\npostcode city\nCountry:name\nphone'),
(177, 'firstname lastname\ncompany\nvat_number\naddress1\naddress2\npostcode city\nCountry:name\nphone'),
(178, 'firstname lastname\ncompany\nvat_number\naddress1\naddress2\npostcode city\nCountry:name\nphone'),
(179, 'firstname lastname\ncompany\nvat_number\naddress1\naddress2\npostcode city\nCountry:name\nphone'),
(180, 'firstname lastname\ncompany\nvat_number\naddress1\naddress2\npostcode city\nCountry:name\nphone'),
(181, 'firstname lastname\ncompany\nvat_number\naddress1\naddress2\npostcode city\nCountry:name\nphone'),
(182, 'firstname lastname\ncompany\nvat_number\naddress1\naddress2\npostcode city\nCountry:name\nphone'),
(183, 'firstname lastname\ncompany\nvat_number\naddress1\naddress2\npostcode city\nCountry:name\nphone'),
(184, 'firstname lastname\ncompany\nvat_number\naddress1\naddress2\npostcode city\nCountry:name\nphone'),
(185, 'firstname lastname\ncompany\nvat_number\naddress1\naddress2\npostcode city\nCountry:name\nphone'),
(186, 'firstname lastname\ncompany\nvat_number\naddress1\naddress2\npostcode city\nCountry:name\nphone'),
(187, 'firstname lastname\ncompany\nvat_number\naddress1\naddress2\npostcode city\nCountry:name\nphone'),
(188, 'firstname lastname\ncompany\nvat_number\naddress1\naddress2\npostcode city\nCountry:name\nphone'),
(189, 'firstname lastname\ncompany\nvat_number\naddress1\naddress2\npostcode city\nCountry:name\nphone'),
(190, 'firstname lastname\ncompany\nvat_number\naddress1\naddress2\npostcode city\nCountry:name\nphone'),
(191, 'firstname lastname\ncompany\nvat_number\naddress1\naddress2\npostcode city\nCountry:name\nphone'),
(192, 'firstname lastname\ncompany\nvat_number\naddress1\naddress2\npostcode city\nCountry:name\nphone'),
(193, 'firstname lastname\ncompany\nvat_number\naddress1\naddress2\npostcode city\nCountry:name\nphone'),
(194, 'firstname lastname\ncompany\nvat_number\naddress1\naddress2\npostcode city\nCountry:name\nphone'),
(195, 'firstname lastname\ncompany\nvat_number\naddress1\naddress2\npostcode city\nCountry:name\nphone'),
(196, 'firstname lastname\ncompany\nvat_number\naddress1\naddress2\npostcode city\nCountry:name\nphone'),
(197, 'firstname lastname\ncompany\nvat_number\naddress1\naddress2\npostcode city\nCountry:name\nphone'),
(198, 'firstname lastname\ncompany\nvat_number\naddress1\naddress2\npostcode city\nCountry:name\nphone'),
(199, 'firstname lastname\ncompany\nvat_number\naddress1\naddress2\npostcode city\nCountry:name\nphone'),
(200, 'firstname lastname\ncompany\nvat_number\naddress1\naddress2\npostcode city\nCountry:name\nphone'),
(201, 'firstname lastname\ncompany\nvat_number\naddress1\naddress2\npostcode city\nCountry:name\nphone'),
(202, 'firstname lastname\ncompany\nvat_number\naddress1\naddress2\npostcode city\nCountry:name\nphone'),
(203, 'firstname lastname\ncompany\nvat_number\naddress1\naddress2\npostcode city\nCountry:name\nphone'),
(204, 'firstname lastname\ncompany\nvat_number\naddress1\naddress2\npostcode city\nCountry:name\nphone'),
(205, 'firstname lastname\ncompany\nvat_number\naddress1\naddress2\npostcode city\nCountry:name\nphone'),
(206, 'firstname lastname\ncompany\nvat_number\naddress1\naddress2\npostcode city\nCountry:name\nphone'),
(207, 'firstname lastname\ncompany\nvat_number\naddress1\naddress2\npostcode city\nCountry:name\nphone'),
(208, 'firstname lastname\ncompany\nvat_number\naddress1\naddress2\npostcode city\nCountry:name\nphone'),
(209, 'firstname lastname\ncompany\nvat_number\naddress1\naddress2\npostcode city\nCountry:name\nphone'),
(210, 'firstname lastname\ncompany\nvat_number\naddress1\naddress2\npostcode city\nCountry:name\nphone'),
(211, 'firstname lastname\ncompany\nvat_number\naddress1\naddress2\npostcode city\nCountry:name\nphone'),
(212, 'firstname lastname\ncompany\nvat_number\naddress1\naddress2\npostcode city\nCountry:name\nphone'),
(213, 'firstname lastname\ncompany\nvat_number\naddress1\naddress2\npostcode city\nCountry:name\nphone'),
(214, 'firstname lastname\ncompany\nvat_number\naddress1\naddress2\npostcode city\nCountry:name\nphone'),
(215, 'firstname lastname\ncompany\nvat_number\naddress1\naddress2\npostcode city\nCountry:name\nphone'),
(216, 'firstname lastname\ncompany\nvat_number\naddress1\naddress2\npostcode city\nCountry:name\nphone'),
(217, 'firstname lastname\ncompany\nvat_number\naddress1\naddress2\npostcode city\nCountry:name\nphone'),
(218, 'firstname lastname\ncompany\nvat_number\naddress1\naddress2\npostcode city\nCountry:name\nphone'),
(219, 'firstname lastname\ncompany\nvat_number\naddress1\naddress2\npostcode city\nCountry:name\nphone'),
(220, 'firstname lastname\ncompany\nvat_number\naddress1\naddress2\npostcode city\nCountry:name\nphone'),
(221, 'firstname lastname\ncompany\nvat_number\naddress1\naddress2\npostcode city\nCountry:name\nphone'),
(222, 'firstname lastname\ncompany\nvat_number\naddress1\naddress2\npostcode city\nCountry:name\nphone'),
(223, 'firstname lastname\ncompany\nvat_number\naddress1\naddress2\npostcode city\nCountry:name\nphone'),
(224, 'firstname lastname\ncompany\nvat_number\naddress1\naddress2\npostcode city\nCountry:name\nphone'),
(225, 'firstname lastname\ncompany\nvat_number\naddress1\naddress2\npostcode city\nCountry:name\nphone'),
(226, 'firstname lastname\ncompany\nvat_number\naddress1\naddress2\npostcode city\nCountry:name\nphone'),
(227, 'firstname lastname\ncompany\nvat_number\naddress1\naddress2\npostcode city\nCountry:name\nphone'),
(228, 'firstname lastname\ncompany\nvat_number\naddress1\naddress2\npostcode city\nCountry:name\nphone'),
(229, 'firstname lastname\ncompany\nvat_number\naddress1\naddress2\npostcode city\nCountry:name\nphone'),
(230, 'firstname lastname\ncompany\nvat_number\naddress1\naddress2\npostcode city\nCountry:name\nphone'),
(231, 'firstname lastname\ncompany\nvat_number\naddress1\naddress2\npostcode city\nCountry:name\nphone'),
(232, 'firstname lastname\ncompany\nvat_number\naddress1\naddress2\npostcode city\nCountry:name\nphone'),
(233, 'firstname lastname\ncompany\nvat_number\naddress1\naddress2\npostcode city\nCountry:name\nphone'),
(234, 'firstname lastname\ncompany\nvat_number\naddress1\naddress2\npostcode city\nCountry:name\nphone'),
(235, 'firstname lastname\ncompany\nvat_number\naddress1\naddress2\npostcode city\nCountry:name\nphone'),
(236, 'firstname lastname\ncompany\nvat_number\naddress1\naddress2\npostcode city\nCountry:name\nphone'),
(237, 'firstname lastname\ncompany\nvat_number\naddress1\naddress2\npostcode city\nCountry:name\nphone'),
(238, 'firstname lastname\ncompany\nvat_number\naddress1\naddress2\npostcode city\nCountry:name\nphone'),
(239, 'firstname lastname\ncompany\nvat_number\naddress1\naddress2\npostcode city\nCountry:name\nphone'),
(240, 'firstname lastname\ncompany\nvat_number\naddress1\naddress2\npostcode city\nCountry:name\nphone'),
(241, 'firstname lastname\ncompany\nvat_number\naddress1\naddress2\npostcode city\nCountry:name\nphone'),
(242, 'firstname lastname\ncompany\nvat_number\naddress1\naddress2\npostcode city\nCountry:name\nphone'),
(243, 'firstname lastname\ncompany\nvat_number\naddress1\naddress2\npostcode city\nCountry:name\nphone'),
(244, 'firstname lastname\ncompany\nvat_number\naddress1\naddress2\npostcode city\nCountry:name\nphone');

-- --------------------------------------------------------

--
-- Structure de la table `ps_admin_filter`
--

CREATE TABLE `ps_admin_filter` (
  `id` int(11) NOT NULL,
  `employee` int(11) NOT NULL,
  `shop` int(11) NOT NULL,
  `controller` varchar(60) COLLATE utf8_unicode_ci NOT NULL,
  `action` varchar(100) COLLATE utf8_unicode_ci NOT NULL,
  `filter` longtext COLLATE utf8_unicode_ci NOT NULL
) ENGINE=InnoDB DEFAULT CHARSET=utf8 COLLATE=utf8_unicode_ci;

--
-- Déchargement des données de la table `ps_admin_filter`
--

INSERT INTO `ps_admin_filter` (`id`, `employee`, `shop`, `controller`, `action`, `filter`) VALUES
(1, 1, 1, 'ProductController', 'catalogAction', '{\"filter_category\":\"\",\"filter_column_id_product\":\"\",\"filter_column_name\":\"\",\"filter_column_reference\":\"\",\"filter_column_name_category\":\"\",\"filter_column_price\":\"\",\"filter_column_sav_quantity\":\"\",\"filter_column_active\":\"\",\"last_offset\":\"0\",\"last_limit\":\"20\",\"last_orderBy\":\"id_product\",\"last_sortOrder\":\"desc\"}'),
(2, 1, 2, 'ProductController', 'catalogAction', '{\"filter_category\":\"\",\"filter_column_id_product\":\"\",\"filter_column_name\":\"\",\"filter_column_reference\":\"\",\"filter_column_name_category\":\"\",\"filter_column_price\":\"\",\"filter_column_sav_quantity\":\"\",\"filter_column_active\":\"\",\"last_offset\":\"0\",\"last_limit\":\"20\",\"last_orderBy\":\"id_product\",\"last_sortOrder\":\"desc\"}'),
(3, 1, 3, 'ProductController', 'catalogAction', '{\"filter_category\":\"\",\"filter_column_id_product\":\"\",\"filter_column_name\":\"\",\"filter_column_reference\":\"\",\"filter_column_name_category\":\"\",\"filter_column_price\":\"\",\"filter_column_sav_quantity\":\"\",\"filter_column_active\":\"\",\"last_offset\":\"0\",\"last_limit\":\"20\",\"last_orderBy\":\"id_product\",\"last_sortOrder\":\"desc\"}'),
(4, 1, 4, 'ProductController', 'catalogAction', '{\"filter_category\":\"\",\"filter_column_id_product\":\"\",\"filter_column_name\":\"\",\"filter_column_reference\":\"\",\"filter_column_name_category\":\"\",\"filter_column_price\":\"\",\"filter_column_sav_quantity\":\"\",\"filter_column_active\":\"\",\"last_offset\":\"0\",\"last_limit\":\"20\",\"last_orderBy\":\"id_product\",\"last_sortOrder\":\"desc\"}'),
(5, 2, 1, 'ProductController', 'catalogAction', '{\"filter_category\":\"\",\"filter_column_id_product\":\"\",\"filter_column_name\":\"\",\"filter_column_reference\":\"\",\"filter_column_name_category\":\"\",\"filter_column_price\":\"\",\"filter_column_sav_quantity\":\"\",\"filter_column_active\":\"\",\"last_offset\":\"0\",\"last_limit\":\"20\",\"last_orderBy\":\"id_product\",\"last_sortOrder\":\"desc\"}');

-- --------------------------------------------------------

--
-- Structure de la table `ps_advice`
--

CREATE TABLE `ps_advice` (
  `id_advice` int(11) NOT NULL,
  `id_ps_advice` int(11) NOT NULL,
  `id_tab` int(11) NOT NULL,
  `ids_tab` text,
  `validated` tinyint(1) UNSIGNED NOT NULL DEFAULT '0',
  `hide` tinyint(1) NOT NULL DEFAULT '0',
  `location` enum('after','before') NOT NULL,
  `selector` varchar(255) DEFAULT NULL,
  `start_day` int(11) NOT NULL DEFAULT '0',
  `stop_day` int(11) NOT NULL DEFAULT '0',
  `weight` int(11) DEFAULT '1'
) ENGINE=InnoDB DEFAULT CHARSET=utf8;

-- --------------------------------------------------------

--
-- Structure de la table `ps_advice_lang`
--

CREATE TABLE `ps_advice_lang` (
  `id_advice` int(11) NOT NULL,
  `id_lang` int(11) NOT NULL,
  `html` text
) ENGINE=InnoDB DEFAULT CHARSET=utf8;

-- --------------------------------------------------------

--
-- Structure de la table `ps_alias`
--

CREATE TABLE `ps_alias` (
  `id_alias` int(10) UNSIGNED NOT NULL,
  `alias` varchar(255) NOT NULL,
  `search` varchar(255) NOT NULL,
  `active` tinyint(1) NOT NULL DEFAULT '1'
) ENGINE=InnoDB DEFAULT CHARSET=utf8;

--
-- Déchargement des données de la table `ps_alias`
--

INSERT INTO `ps_alias` (`id_alias`, `alias`, `search`, `active`) VALUES
(1, 'bloose', 'blouse', 1),
(2, 'blues', 'blouse', 1);

-- --------------------------------------------------------

--
-- Structure de la table `ps_attachment`
--

CREATE TABLE `ps_attachment` (
  `id_attachment` int(10) UNSIGNED NOT NULL,
  `file` varchar(40) NOT NULL,
  `file_name` varchar(128) NOT NULL,
  `file_size` bigint(10) UNSIGNED NOT NULL DEFAULT '0',
  `mime` varchar(128) NOT NULL
) ENGINE=InnoDB DEFAULT CHARSET=utf8;

-- --------------------------------------------------------

--
-- Structure de la table `ps_attachment_lang`
--

CREATE TABLE `ps_attachment_lang` (
  `id_attachment` int(10) UNSIGNED NOT NULL,
  `id_lang` int(10) UNSIGNED NOT NULL,
  `name` varchar(32) DEFAULT NULL,
  `description` text
) ENGINE=InnoDB DEFAULT CHARSET=utf8;

-- --------------------------------------------------------

--
-- Structure de la table `ps_attribute`
--

CREATE TABLE `ps_attribute` (
  `id_attribute` int(11) NOT NULL,
  `id_attribute_group` int(11) NOT NULL,
  `color` varchar(32) COLLATE utf8_unicode_ci NOT NULL,
  `position` int(11) NOT NULL
) ENGINE=InnoDB DEFAULT CHARSET=utf8 COLLATE=utf8_unicode_ci;

--
-- Déchargement des données de la table `ps_attribute`
--

INSERT INTO `ps_attribute` (`id_attribute`, `id_attribute_group`, `color`, `position`) VALUES
(1, 1, '', 0),
(2, 1, '', 1),
(3, 1, '', 2),
(4, 1, '', 3),
(5, 2, '#AAB2BD', 0),
(6, 2, '#CFC4A6', 1),
(7, 2, '#f5f5dc', 2),
(8, 2, '#ffffff', 3),
(9, 2, '#faebd7', 4),
(10, 2, '#E84C3D', 5),
(11, 2, '#434A54', 6),
(12, 2, '#C19A6B', 7),
(13, 2, '#F39C11', 8),
(14, 2, '#5D9CEC', 9),
(15, 2, '#A0D468', 10),
(16, 2, '#F1C40F', 11),
(17, 2, '#964B00', 12),
(18, 2, '#FCCACD', 13),
(19, 3, '', 0),
(20, 3, '', 1),
(21, 3, '', 2),
(22, 4, '', 0),
(23, 4, '', 1),
(24, 4, '', 2),
(25, 4, '', 3),
(26, 3, '', 3);

-- --------------------------------------------------------

--
-- Structure de la table `ps_attribute_group`
--

CREATE TABLE `ps_attribute_group` (
  `id_attribute_group` int(11) NOT NULL,
  `is_color_group` tinyint(1) NOT NULL,
  `group_type` varchar(255) COLLATE utf8_unicode_ci NOT NULL,
  `position` int(11) NOT NULL
) ENGINE=InnoDB DEFAULT CHARSET=utf8 COLLATE=utf8_unicode_ci;

--
-- Déchargement des données de la table `ps_attribute_group`
--

INSERT INTO `ps_attribute_group` (`id_attribute_group`, `is_color_group`, `group_type`, `position`) VALUES
(1, 0, 'select', 0),
(2, 1, 'color', 1),
(3, 0, 'select', 2),
(4, 0, 'select', 3);

-- --------------------------------------------------------

--
-- Structure de la table `ps_attribute_group_lang`
--

CREATE TABLE `ps_attribute_group_lang` (
  `id_attribute_group` int(11) NOT NULL,
  `id_lang` int(11) NOT NULL,
  `name` varchar(128) COLLATE utf8_unicode_ci NOT NULL,
  `public_name` varchar(64) COLLATE utf8_unicode_ci NOT NULL
) ENGINE=InnoDB DEFAULT CHARSET=utf8 COLLATE=utf8_unicode_ci;

--
-- Déchargement des données de la table `ps_attribute_group_lang`
--

INSERT INTO `ps_attribute_group_lang` (`id_attribute_group`, `id_lang`, `name`, `public_name`) VALUES
(1, 1, 'Size', 'Size'),
(1, 2, 'Taille', 'Taille'),
(1, 3, 'الحجم', 'الحجم'),
(2, 1, 'Color', 'Color'),
(2, 2, 'Couleur', 'Couleur'),
(2, 3, 'اللون:', 'اللون:'),
(3, 1, 'Dimension', 'Dimension'),
(3, 2, 'Dimension', 'Dimension'),
(3, 3, 'Dimension', 'Dimension'),
(4, 1, 'Paper Type', 'Paper Type'),
(4, 2, 'Paper Type', 'Paper Type'),
(4, 3, 'Paper Type', 'Paper Type');

-- --------------------------------------------------------

--
-- Structure de la table `ps_attribute_group_shop`
--

CREATE TABLE `ps_attribute_group_shop` (
  `id_attribute_group` int(11) NOT NULL,
  `id_shop` int(11) NOT NULL
) ENGINE=InnoDB DEFAULT CHARSET=utf8 COLLATE=utf8_unicode_ci;

--
-- Déchargement des données de la table `ps_attribute_group_shop`
--

INSERT INTO `ps_attribute_group_shop` (`id_attribute_group`, `id_shop`) VALUES
(1, 1),
(1, 2),
(1, 3),
(1, 4),
(2, 1),
(2, 2),
(2, 3),
(2, 4),
(3, 1),
(3, 2),
(3, 3),
(3, 4),
(4, 1),
(4, 2),
(4, 3),
(4, 4);

-- --------------------------------------------------------

--
-- Structure de la table `ps_attribute_impact`
--

CREATE TABLE `ps_attribute_impact` (
  `id_attribute_impact` int(10) UNSIGNED NOT NULL,
  `id_product` int(11) UNSIGNED NOT NULL,
  `id_attribute` int(11) UNSIGNED NOT NULL,
  `weight` decimal(20,6) NOT NULL,
  `price` decimal(17,2) NOT NULL
) ENGINE=InnoDB DEFAULT CHARSET=utf8;

-- --------------------------------------------------------

--
-- Structure de la table `ps_attribute_lang`
--

CREATE TABLE `ps_attribute_lang` (
  `id_attribute` int(11) NOT NULL,
  `id_lang` int(11) NOT NULL,
  `name` varchar(128) COLLATE utf8_unicode_ci NOT NULL
) ENGINE=InnoDB DEFAULT CHARSET=utf8 COLLATE=utf8_unicode_ci;

--
-- Déchargement des données de la table `ps_attribute_lang`
--

INSERT INTO `ps_attribute_lang` (`id_attribute`, `id_lang`, `name`) VALUES
(1, 1, 'S'),
(1, 2, 'S'),
(1, 3, 'ص'),
(2, 1, 'M'),
(2, 2, 'M'),
(2, 3, 'م'),
(3, 1, 'L'),
(3, 2, 'L'),
(3, 3, 'ك'),
(4, 1, 'XL'),
(4, 2, 'XL'),
(4, 3, 'XL'),
(5, 1, 'Grey'),
(5, 2, 'Gris'),
(5, 3, 'رمادي'),
(6, 1, 'Taupe'),
(6, 2, 'Taupe'),
(6, 3, 'رمادي داكن'),
(7, 1, 'Beige'),
(7, 2, 'Beige'),
(7, 3, 'اللون البيج'),
(8, 1, 'White'),
(8, 2, 'Blanc'),
(8, 3, 'أبيض'),
(9, 1, 'Off White'),
(9, 2, 'Blanc cassé'),
(9, 3, 'ابيض مطفي'),
(10, 1, 'Red'),
(10, 2, 'Rouge'),
(10, 3, 'احمر'),
(11, 1, 'Black'),
(11, 2, 'Noir'),
(11, 3, 'اسود'),
(12, 1, 'Camel'),
(12, 2, 'Camel'),
(12, 3, 'جمل'),
(13, 1, 'Orange'),
(13, 2, 'Orange'),
(13, 3, 'برتقالي'),
(14, 1, 'Blue'),
(14, 2, 'Bleu'),
(14, 3, 'ازرق'),
(15, 1, 'Green'),
(15, 2, 'Vert'),
(15, 3, 'اخضر'),
(16, 1, 'Yellow'),
(16, 2, 'Jaune'),
(16, 3, 'أصفر'),
(17, 1, 'Brown'),
(17, 2, 'Marron'),
(17, 3, 'بنّي'),
(18, 1, 'Pink'),
(18, 2, 'Rose'),
(18, 3, 'وردي'),
(19, 1, '40x60cm'),
(19, 2, '40x60cm'),
(19, 3, '40x60cm'),
(20, 1, '60x90cm'),
(20, 2, '60x90cm'),
(20, 3, '60x90cm'),
(21, 1, '80x120cm'),
(21, 2, '80x120cm'),
(21, 3, '80x120cm'),
(22, 1, 'Ruled'),
(22, 2, 'Ruled'),
(22, 3, 'Ruled'),
(23, 1, 'Plain'),
(23, 2, 'Plain'),
(23, 3, 'Plain'),
(24, 1, 'Squarred'),
(24, 2, 'Squarred'),
(24, 3, 'Squarred'),
(25, 1, 'Doted'),
(25, 2, 'Doted'),
(25, 3, 'Doted'),
(26, 1, '200x50cm'),
(26, 2, '200x50cm'),
(26, 3, '200x50cm');

-- --------------------------------------------------------

--
-- Structure de la table `ps_attribute_shop`
--

CREATE TABLE `ps_attribute_shop` (
  `id_attribute` int(11) NOT NULL,
  `id_shop` int(11) NOT NULL
) ENGINE=InnoDB DEFAULT CHARSET=utf8 COLLATE=utf8_unicode_ci;

--
-- Déchargement des données de la table `ps_attribute_shop`
--

INSERT INTO `ps_attribute_shop` (`id_attribute`, `id_shop`) VALUES
(1, 1),
(1, 2),
(1, 3),
(1, 4),
(2, 1),
(2, 2),
(2, 3),
(2, 4),
(3, 1),
(3, 2),
(3, 3),
(3, 4),
(4, 1),
(4, 2),
(4, 3),
(4, 4),
(5, 1),
(5, 2),
(5, 3),
(5, 4),
(6, 1),
(6, 2),
(6, 3),
(6, 4),
(7, 1),
(7, 2),
(7, 3),
(7, 4),
(8, 1),
(8, 2),
(8, 3),
(8, 4),
(9, 1),
(9, 2),
(9, 3),
(9, 4),
(10, 1),
(10, 2),
(10, 3),
(10, 4),
(11, 1),
(11, 2),
(11, 3),
(11, 4),
(12, 1),
(12, 2),
(12, 3),
(12, 4),
(13, 1),
(13, 2),
(13, 3),
(13, 4),
(14, 1),
(14, 2),
(14, 3),
(14, 4),
(15, 1),
(15, 2),
(15, 3),
(15, 4),
(16, 1),
(16, 2),
(16, 3),
(16, 4),
(17, 1),
(17, 2),
(17, 3),
(17, 4),
(18, 1),
(18, 2),
(18, 3),
(18, 4),
(19, 1),
(19, 2),
(19, 3),
(19, 4),
(20, 1),
(20, 2),
(20, 3),
(20, 4),
(21, 1),
(21, 2),
(21, 3),
(21, 4),
(22, 1),
(22, 2),
(22, 3),
(22, 4),
(23, 1),
(23, 2),
(23, 3),
(23, 4),
(24, 1),
(24, 2),
(24, 3),
(24, 4),
(25, 1),
(25, 2),
(25, 3),
(25, 4),
(26, 1),
(26, 2),
(26, 3),
(26, 4);

-- --------------------------------------------------------

--
-- Structure de la table `ps_authorization_role`
--

CREATE TABLE `ps_authorization_role` (
  `id_authorization_role` int(10) UNSIGNED NOT NULL,
  `slug` varchar(255) NOT NULL
) ENGINE=InnoDB DEFAULT CHARSET=utf8;

--
-- Déchargement des données de la table `ps_authorization_role`
--

INSERT INTO `ps_authorization_role` (`id_authorization_role`, `slug`) VALUES
(705, 'ROLE_MOD_MODULE_BLOCKREASSURANCE_CREATE'),
(708, 'ROLE_MOD_MODULE_BLOCKREASSURANCE_DELETE'),
(706, 'ROLE_MOD_MODULE_BLOCKREASSURANCE_READ'),
(707, 'ROLE_MOD_MODULE_BLOCKREASSURANCE_UPDATE'),
(729, 'ROLE_MOD_MODULE_BLOCKWISHLIST_CREATE'),
(732, 'ROLE_MOD_MODULE_BLOCKWISHLIST_DELETE'),
(730, 'ROLE_MOD_MODULE_BLOCKWISHLIST_READ'),
(731, 'ROLE_MOD_MODULE_BLOCKWISHLIST_UPDATE'),
(453, 'ROLE_MOD_MODULE_CONTACTFORM_CREATE'),
(456, 'ROLE_MOD_MODULE_CONTACTFORM_DELETE'),
(454, 'ROLE_MOD_MODULE_CONTACTFORM_READ'),
(455, 'ROLE_MOD_MODULE_CONTACTFORM_UPDATE'),
(693, 'ROLE_MOD_MODULE_CRONJOBS_CREATE'),
(696, 'ROLE_MOD_MODULE_CRONJOBS_DELETE'),
(694, 'ROLE_MOD_MODULE_CRONJOBS_READ'),
(695, 'ROLE_MOD_MODULE_CRONJOBS_UPDATE'),
(457, 'ROLE_MOD_MODULE_DASHACTIVITY_CREATE'),
(460, 'ROLE_MOD_MODULE_DASHACTIVITY_DELETE'),
(458, 'ROLE_MOD_MODULE_DASHACTIVITY_READ'),
(459, 'ROLE_MOD_MODULE_DASHACTIVITY_UPDATE'),
(469, 'ROLE_MOD_MODULE_DASHGOALS_CREATE'),
(472, 'ROLE_MOD_MODULE_DASHGOALS_DELETE'),
(470, 'ROLE_MOD_MODULE_DASHGOALS_READ'),
(471, 'ROLE_MOD_MODULE_DASHGOALS_UPDATE'),
(473, 'ROLE_MOD_MODULE_DASHPRODUCTS_CREATE'),
(476, 'ROLE_MOD_MODULE_DASHPRODUCTS_DELETE'),
(474, 'ROLE_MOD_MODULE_DASHPRODUCTS_READ'),
(475, 'ROLE_MOD_MODULE_DASHPRODUCTS_UPDATE'),
(461, 'ROLE_MOD_MODULE_DASHTRENDS_CREATE'),
(464, 'ROLE_MOD_MODULE_DASHTRENDS_DELETE'),
(462, 'ROLE_MOD_MODULE_DASHTRENDS_READ'),
(463, 'ROLE_MOD_MODULE_DASHTRENDS_UPDATE'),
(689, 'ROLE_MOD_MODULE_GAMIFICATION_CREATE'),
(692, 'ROLE_MOD_MODULE_GAMIFICATION_DELETE'),
(690, 'ROLE_MOD_MODULE_GAMIFICATION_READ'),
(691, 'ROLE_MOD_MODULE_GAMIFICATION_UPDATE'),
(477, 'ROLE_MOD_MODULE_GRAPHNVD3_CREATE'),
(480, 'ROLE_MOD_MODULE_GRAPHNVD3_DELETE'),
(478, 'ROLE_MOD_MODULE_GRAPHNVD3_READ'),
(479, 'ROLE_MOD_MODULE_GRAPHNVD3_UPDATE'),
(481, 'ROLE_MOD_MODULE_GRIDHTML_CREATE'),
(484, 'ROLE_MOD_MODULE_GRIDHTML_DELETE'),
(482, 'ROLE_MOD_MODULE_GRIDHTML_READ'),
(483, 'ROLE_MOD_MODULE_GRIDHTML_UPDATE'),
(585, 'ROLE_MOD_MODULE_PAGESNOTFOUND_CREATE'),
(588, 'ROLE_MOD_MODULE_PAGESNOTFOUND_DELETE'),
(586, 'ROLE_MOD_MODULE_PAGESNOTFOUND_READ'),
(587, 'ROLE_MOD_MODULE_PAGESNOTFOUND_UPDATE'),
(777, 'ROLE_MOD_MODULE_POSBESTSELLERS_CREATE'),
(780, 'ROLE_MOD_MODULE_POSBESTSELLERS_DELETE'),
(778, 'ROLE_MOD_MODULE_POSBESTSELLERS_READ'),
(779, 'ROLE_MOD_MODULE_POSBESTSELLERS_UPDATE'),
(773, 'ROLE_MOD_MODULE_POSCOUNTDOWN_CREATE'),
(776, 'ROLE_MOD_MODULE_POSCOUNTDOWN_DELETE'),
(774, 'ROLE_MOD_MODULE_POSCOUNTDOWN_READ'),
(775, 'ROLE_MOD_MODULE_POSCOUNTDOWN_UPDATE'),
(761, 'ROLE_MOD_MODULE_POSFEATUREDPRODUCTS_CREATE'),
(764, 'ROLE_MOD_MODULE_POSFEATUREDPRODUCTS_DELETE'),
(762, 'ROLE_MOD_MODULE_POSFEATUREDPRODUCTS_READ'),
(763, 'ROLE_MOD_MODULE_POSFEATUREDPRODUCTS_UPDATE'),
(733, 'ROLE_MOD_MODULE_POSINSTAGRAMBLOCK_CREATE'),
(736, 'ROLE_MOD_MODULE_POSINSTAGRAMBLOCK_DELETE'),
(734, 'ROLE_MOD_MODULE_POSINSTAGRAMBLOCK_READ'),
(735, 'ROLE_MOD_MODULE_POSINSTAGRAMBLOCK_UPDATE'),
(837, 'ROLE_MOD_MODULE_POSLISTCATEGORIES_CREATE'),
(840, 'ROLE_MOD_MODULE_POSLISTCATEGORIES_DELETE'),
(838, 'ROLE_MOD_MODULE_POSLISTCATEGORIES_READ'),
(839, 'ROLE_MOD_MODULE_POSLISTCATEGORIES_UPDATE'),
(853, 'ROLE_MOD_MODULE_POSLISTCATEPRODUCT_CREATE'),
(856, 'ROLE_MOD_MODULE_POSLISTCATEPRODUCT_DELETE'),
(854, 'ROLE_MOD_MODULE_POSLISTCATEPRODUCT_READ'),
(855, 'ROLE_MOD_MODULE_POSLISTCATEPRODUCT_UPDATE'),
(985, 'ROLE_MOD_MODULE_POSLOGO_CREATE'),
(988, 'ROLE_MOD_MODULE_POSLOGO_DELETE'),
(986, 'ROLE_MOD_MODULE_POSLOGO_READ'),
(987, 'ROLE_MOD_MODULE_POSLOGO_UPDATE'),
(721, 'ROLE_MOD_MODULE_POSMEGAMENU_CREATE'),
(724, 'ROLE_MOD_MODULE_POSMEGAMENU_DELETE'),
(722, 'ROLE_MOD_MODULE_POSMEGAMENU_READ'),
(723, 'ROLE_MOD_MODULE_POSMEGAMENU_UPDATE'),
(765, 'ROLE_MOD_MODULE_POSNEWPRODUCTS_CREATE'),
(768, 'ROLE_MOD_MODULE_POSNEWPRODUCTS_DELETE'),
(766, 'ROLE_MOD_MODULE_POSNEWPRODUCTS_READ'),
(767, 'ROLE_MOD_MODULE_POSNEWPRODUCTS_UPDATE'),
(861, 'ROLE_MOD_MODULE_POSPRODUCTSMANUFACTURER_CREATE'),
(864, 'ROLE_MOD_MODULE_POSPRODUCTSMANUFACTURER_DELETE'),
(862, 'ROLE_MOD_MODULE_POSPRODUCTSMANUFACTURER_READ'),
(863, 'ROLE_MOD_MODULE_POSPRODUCTSMANUFACTURER_UPDATE'),
(809, 'ROLE_MOD_MODULE_POSSEARCHPRODUCTS_CREATE'),
(812, 'ROLE_MOD_MODULE_POSSEARCHPRODUCTS_DELETE'),
(810, 'ROLE_MOD_MODULE_POSSEARCHPRODUCTS_READ'),
(811, 'ROLE_MOD_MODULE_POSSEARCHPRODUCTS_UPDATE'),
(741, 'ROLE_MOD_MODULE_POSSLIDESHOWS_CREATE'),
(744, 'ROLE_MOD_MODULE_POSSLIDESHOWS_DELETE'),
(742, 'ROLE_MOD_MODULE_POSSLIDESHOWS_READ'),
(743, 'ROLE_MOD_MODULE_POSSLIDESHOWS_UPDATE'),
(769, 'ROLE_MOD_MODULE_POSSPECIALPRODUCTS_CREATE'),
(772, 'ROLE_MOD_MODULE_POSSPECIALPRODUCTS_DELETE'),
(770, 'ROLE_MOD_MODULE_POSSPECIALPRODUCTS_READ'),
(771, 'ROLE_MOD_MODULE_POSSPECIALPRODUCTS_UPDATE'),
(749, 'ROLE_MOD_MODULE_POSSTATICBLOCKS_CREATE'),
(752, 'ROLE_MOD_MODULE_POSSTATICBLOCKS_DELETE'),
(750, 'ROLE_MOD_MODULE_POSSTATICBLOCKS_READ'),
(751, 'ROLE_MOD_MODULE_POSSTATICBLOCKS_UPDATE'),
(757, 'ROLE_MOD_MODULE_POSSTATICFOOTER_CREATE'),
(760, 'ROLE_MOD_MODULE_POSSTATICFOOTER_DELETE'),
(758, 'ROLE_MOD_MODULE_POSSTATICFOOTER_READ'),
(759, 'ROLE_MOD_MODULE_POSSTATICFOOTER_UPDATE'),
(825, 'ROLE_MOD_MODULE_POSTABCATESLIDER_CREATE'),
(828, 'ROLE_MOD_MODULE_POSTABCATESLIDER_DELETE'),
(826, 'ROLE_MOD_MODULE_POSTABCATESLIDER_READ'),
(827, 'ROLE_MOD_MODULE_POSTABCATESLIDER_UPDATE'),
(1025, 'ROLE_MOD_MODULE_POSTABPRODUCTSLIDER_CREATE'),
(1028, 'ROLE_MOD_MODULE_POSTABPRODUCTSLIDER_DELETE'),
(1026, 'ROLE_MOD_MODULE_POSTABPRODUCTSLIDER_READ'),
(1027, 'ROLE_MOD_MODULE_POSTABPRODUCTSLIDER_UPDATE'),
(921, 'ROLE_MOD_MODULE_POSTESTIMONIALS_CREATE'),
(924, 'ROLE_MOD_MODULE_POSTESTIMONIALS_DELETE'),
(922, 'ROLE_MOD_MODULE_POSTESTIMONIALS_READ'),
(923, 'ROLE_MOD_MODULE_POSTESTIMONIALS_UPDATE'),
(725, 'ROLE_MOD_MODULE_POSVEGAMENU_CREATE'),
(728, 'ROLE_MOD_MODULE_POSVEGAMENU_DELETE'),
(726, 'ROLE_MOD_MODULE_POSVEGAMENU_READ'),
(727, 'ROLE_MOD_MODULE_POSVEGAMENU_UPDATE'),
(717, 'ROLE_MOD_MODULE_PRODUCTCOMMENTS_CREATE'),
(720, 'ROLE_MOD_MODULE_PRODUCTCOMMENTS_DELETE'),
(718, 'ROLE_MOD_MODULE_PRODUCTCOMMENTS_READ'),
(719, 'ROLE_MOD_MODULE_PRODUCTCOMMENTS_UPDATE'),
(701, 'ROLE_MOD_MODULE_PSADDONSCONNECT_CREATE'),
(704, 'ROLE_MOD_MODULE_PSADDONSCONNECT_DELETE'),
(702, 'ROLE_MOD_MODULE_PSADDONSCONNECT_READ'),
(703, 'ROLE_MOD_MODULE_PSADDONSCONNECT_UPDATE'),
(713, 'ROLE_MOD_MODULE_PS_ADVERTISING_CREATE'),
(716, 'ROLE_MOD_MODULE_PS_ADVERTISING_DELETE'),
(714, 'ROLE_MOD_MODULE_PS_ADVERTISING_READ'),
(715, 'ROLE_MOD_MODULE_PS_ADVERTISING_UPDATE'),
(485, 'ROLE_MOD_MODULE_PS_BANNER_CREATE'),
(488, 'ROLE_MOD_MODULE_PS_BANNER_DELETE'),
(486, 'ROLE_MOD_MODULE_PS_BANNER_READ'),
(487, 'ROLE_MOD_MODULE_PS_BANNER_UPDATE'),
(1005, 'ROLE_MOD_MODULE_PS_CASHONDELIVERY_CREATE'),
(1008, 'ROLE_MOD_MODULE_PS_CASHONDELIVERY_DELETE'),
(1006, 'ROLE_MOD_MODULE_PS_CASHONDELIVERY_READ'),
(1007, 'ROLE_MOD_MODULE_PS_CASHONDELIVERY_UPDATE'),
(709, 'ROLE_MOD_MODULE_PS_CATEGORYPRODUCTS_CREATE'),
(712, 'ROLE_MOD_MODULE_PS_CATEGORYPRODUCTS_DELETE'),
(710, 'ROLE_MOD_MODULE_PS_CATEGORYPRODUCTS_READ'),
(711, 'ROLE_MOD_MODULE_PS_CATEGORYPRODUCTS_UPDATE'),
(489, 'ROLE_MOD_MODULE_PS_CATEGORYTREE_CREATE'),
(492, 'ROLE_MOD_MODULE_PS_CATEGORYTREE_DELETE'),
(490, 'ROLE_MOD_MODULE_PS_CATEGORYTREE_READ'),
(491, 'ROLE_MOD_MODULE_PS_CATEGORYTREE_UPDATE'),
(493, 'ROLE_MOD_MODULE_PS_CHECKPAYMENT_CREATE'),
(496, 'ROLE_MOD_MODULE_PS_CHECKPAYMENT_DELETE'),
(494, 'ROLE_MOD_MODULE_PS_CHECKPAYMENT_READ'),
(495, 'ROLE_MOD_MODULE_PS_CHECKPAYMENT_UPDATE'),
(497, 'ROLE_MOD_MODULE_PS_CONTACTINFO_CREATE'),
(500, 'ROLE_MOD_MODULE_PS_CONTACTINFO_DELETE'),
(498, 'ROLE_MOD_MODULE_PS_CONTACTINFO_READ'),
(499, 'ROLE_MOD_MODULE_PS_CONTACTINFO_UPDATE'),
(501, 'ROLE_MOD_MODULE_PS_CURRENCYSELECTOR_CREATE'),
(504, 'ROLE_MOD_MODULE_PS_CURRENCYSELECTOR_DELETE'),
(502, 'ROLE_MOD_MODULE_PS_CURRENCYSELECTOR_READ'),
(503, 'ROLE_MOD_MODULE_PS_CURRENCYSELECTOR_UPDATE'),
(505, 'ROLE_MOD_MODULE_PS_CUSTOMERACCOUNTLINKS_CREATE'),
(508, 'ROLE_MOD_MODULE_PS_CUSTOMERACCOUNTLINKS_DELETE'),
(506, 'ROLE_MOD_MODULE_PS_CUSTOMERACCOUNTLINKS_READ'),
(507, 'ROLE_MOD_MODULE_PS_CUSTOMERACCOUNTLINKS_UPDATE'),
(509, 'ROLE_MOD_MODULE_PS_CUSTOMERSIGNIN_CREATE'),
(512, 'ROLE_MOD_MODULE_PS_CUSTOMERSIGNIN_DELETE'),
(510, 'ROLE_MOD_MODULE_PS_CUSTOMERSIGNIN_READ'),
(511, 'ROLE_MOD_MODULE_PS_CUSTOMERSIGNIN_UPDATE'),
(513, 'ROLE_MOD_MODULE_PS_CUSTOMTEXT_CREATE'),
(516, 'ROLE_MOD_MODULE_PS_CUSTOMTEXT_DELETE'),
(514, 'ROLE_MOD_MODULE_PS_CUSTOMTEXT_READ'),
(515, 'ROLE_MOD_MODULE_PS_CUSTOMTEXT_UPDATE'),
(517, 'ROLE_MOD_MODULE_PS_EMAILSUBSCRIPTION_CREATE'),
(520, 'ROLE_MOD_MODULE_PS_EMAILSUBSCRIPTION_DELETE'),
(518, 'ROLE_MOD_MODULE_PS_EMAILSUBSCRIPTION_READ'),
(519, 'ROLE_MOD_MODULE_PS_EMAILSUBSCRIPTION_UPDATE'),
(1021, 'ROLE_MOD_MODULE_PS_FACETEDSEARCH_CREATE'),
(1024, 'ROLE_MOD_MODULE_PS_FACETEDSEARCH_DELETE'),
(1022, 'ROLE_MOD_MODULE_PS_FACETEDSEARCH_READ'),
(1023, 'ROLE_MOD_MODULE_PS_FACETEDSEARCH_UPDATE'),
(525, 'ROLE_MOD_MODULE_PS_FEATUREDPRODUCTS_CREATE'),
(528, 'ROLE_MOD_MODULE_PS_FEATUREDPRODUCTS_DELETE'),
(526, 'ROLE_MOD_MODULE_PS_FEATUREDPRODUCTS_READ'),
(527, 'ROLE_MOD_MODULE_PS_FEATUREDPRODUCTS_UPDATE'),
(529, 'ROLE_MOD_MODULE_PS_IMAGESLIDER_CREATE'),
(532, 'ROLE_MOD_MODULE_PS_IMAGESLIDER_DELETE'),
(530, 'ROLE_MOD_MODULE_PS_IMAGESLIDER_READ'),
(531, 'ROLE_MOD_MODULE_PS_IMAGESLIDER_UPDATE'),
(533, 'ROLE_MOD_MODULE_PS_LANGUAGESELECTOR_CREATE'),
(536, 'ROLE_MOD_MODULE_PS_LANGUAGESELECTOR_DELETE'),
(534, 'ROLE_MOD_MODULE_PS_LANGUAGESELECTOR_READ'),
(535, 'ROLE_MOD_MODULE_PS_LANGUAGESELECTOR_UPDATE'),
(537, 'ROLE_MOD_MODULE_PS_LINKLIST_CREATE'),
(540, 'ROLE_MOD_MODULE_PS_LINKLIST_DELETE'),
(538, 'ROLE_MOD_MODULE_PS_LINKLIST_READ'),
(539, 'ROLE_MOD_MODULE_PS_LINKLIST_UPDATE'),
(545, 'ROLE_MOD_MODULE_PS_MAINMENU_CREATE'),
(548, 'ROLE_MOD_MODULE_PS_MAINMENU_DELETE'),
(546, 'ROLE_MOD_MODULE_PS_MAINMENU_READ'),
(547, 'ROLE_MOD_MODULE_PS_MAINMENU_UPDATE'),
(549, 'ROLE_MOD_MODULE_PS_SEARCHBAR_CREATE'),
(552, 'ROLE_MOD_MODULE_PS_SEARCHBAR_DELETE'),
(550, 'ROLE_MOD_MODULE_PS_SEARCHBAR_READ'),
(551, 'ROLE_MOD_MODULE_PS_SEARCHBAR_UPDATE'),
(553, 'ROLE_MOD_MODULE_PS_SHAREBUTTONS_CREATE'),
(556, 'ROLE_MOD_MODULE_PS_SHAREBUTTONS_DELETE'),
(554, 'ROLE_MOD_MODULE_PS_SHAREBUTTONS_READ'),
(555, 'ROLE_MOD_MODULE_PS_SHAREBUTTONS_UPDATE'),
(557, 'ROLE_MOD_MODULE_PS_SHOPPINGCART_CREATE'),
(560, 'ROLE_MOD_MODULE_PS_SHOPPINGCART_DELETE'),
(558, 'ROLE_MOD_MODULE_PS_SHOPPINGCART_READ'),
(559, 'ROLE_MOD_MODULE_PS_SHOPPINGCART_UPDATE'),
(561, 'ROLE_MOD_MODULE_PS_SOCIALFOLLOW_CREATE'),
(564, 'ROLE_MOD_MODULE_PS_SOCIALFOLLOW_DELETE'),
(562, 'ROLE_MOD_MODULE_PS_SOCIALFOLLOW_READ'),
(563, 'ROLE_MOD_MODULE_PS_SOCIALFOLLOW_UPDATE'),
(565, 'ROLE_MOD_MODULE_PS_THEMECUSTO_CREATE'),
(568, 'ROLE_MOD_MODULE_PS_THEMECUSTO_DELETE'),
(566, 'ROLE_MOD_MODULE_PS_THEMECUSTO_READ'),
(567, 'ROLE_MOD_MODULE_PS_THEMECUSTO_UPDATE'),
(581, 'ROLE_MOD_MODULE_PS_WIREPAYMENT_CREATE'),
(584, 'ROLE_MOD_MODULE_PS_WIREPAYMENT_DELETE'),
(582, 'ROLE_MOD_MODULE_PS_WIREPAYMENT_READ'),
(583, 'ROLE_MOD_MODULE_PS_WIREPAYMENT_UPDATE'),
(589, 'ROLE_MOD_MODULE_SEKEYWORDS_CREATE'),
(592, 'ROLE_MOD_MODULE_SEKEYWORDS_DELETE'),
(590, 'ROLE_MOD_MODULE_SEKEYWORDS_READ'),
(591, 'ROLE_MOD_MODULE_SEKEYWORDS_UPDATE'),
(593, 'ROLE_MOD_MODULE_STATSBESTCATEGORIES_CREATE'),
(596, 'ROLE_MOD_MODULE_STATSBESTCATEGORIES_DELETE'),
(594, 'ROLE_MOD_MODULE_STATSBESTCATEGORIES_READ'),
(595, 'ROLE_MOD_MODULE_STATSBESTCATEGORIES_UPDATE'),
(597, 'ROLE_MOD_MODULE_STATSBESTCUSTOMERS_CREATE'),
(600, 'ROLE_MOD_MODULE_STATSBESTCUSTOMERS_DELETE'),
(598, 'ROLE_MOD_MODULE_STATSBESTCUSTOMERS_READ'),
(599, 'ROLE_MOD_MODULE_STATSBESTCUSTOMERS_UPDATE'),
(601, 'ROLE_MOD_MODULE_STATSBESTPRODUCTS_CREATE'),
(604, 'ROLE_MOD_MODULE_STATSBESTPRODUCTS_DELETE'),
(602, 'ROLE_MOD_MODULE_STATSBESTPRODUCTS_READ'),
(603, 'ROLE_MOD_MODULE_STATSBESTPRODUCTS_UPDATE'),
(605, 'ROLE_MOD_MODULE_STATSBESTSUPPLIERS_CREATE'),
(608, 'ROLE_MOD_MODULE_STATSBESTSUPPLIERS_DELETE'),
(606, 'ROLE_MOD_MODULE_STATSBESTSUPPLIERS_READ'),
(607, 'ROLE_MOD_MODULE_STATSBESTSUPPLIERS_UPDATE'),
(609, 'ROLE_MOD_MODULE_STATSBESTVOUCHERS_CREATE'),
(612, 'ROLE_MOD_MODULE_STATSBESTVOUCHERS_DELETE'),
(610, 'ROLE_MOD_MODULE_STATSBESTVOUCHERS_READ'),
(611, 'ROLE_MOD_MODULE_STATSBESTVOUCHERS_UPDATE'),
(613, 'ROLE_MOD_MODULE_STATSCARRIER_CREATE'),
(616, 'ROLE_MOD_MODULE_STATSCARRIER_DELETE'),
(614, 'ROLE_MOD_MODULE_STATSCARRIER_READ'),
(615, 'ROLE_MOD_MODULE_STATSCARRIER_UPDATE'),
(617, 'ROLE_MOD_MODULE_STATSCATALOG_CREATE'),
(620, 'ROLE_MOD_MODULE_STATSCATALOG_DELETE'),
(618, 'ROLE_MOD_MODULE_STATSCATALOG_READ'),
(619, 'ROLE_MOD_MODULE_STATSCATALOG_UPDATE'),
(621, 'ROLE_MOD_MODULE_STATSCHECKUP_CREATE'),
(624, 'ROLE_MOD_MODULE_STATSCHECKUP_DELETE'),
(622, 'ROLE_MOD_MODULE_STATSCHECKUP_READ'),
(623, 'ROLE_MOD_MODULE_STATSCHECKUP_UPDATE'),
(625, 'ROLE_MOD_MODULE_STATSDATA_CREATE'),
(628, 'ROLE_MOD_MODULE_STATSDATA_DELETE'),
(626, 'ROLE_MOD_MODULE_STATSDATA_READ'),
(627, 'ROLE_MOD_MODULE_STATSDATA_UPDATE'),
(629, 'ROLE_MOD_MODULE_STATSEQUIPMENT_CREATE'),
(632, 'ROLE_MOD_MODULE_STATSEQUIPMENT_DELETE'),
(630, 'ROLE_MOD_MODULE_STATSEQUIPMENT_READ'),
(631, 'ROLE_MOD_MODULE_STATSEQUIPMENT_UPDATE'),
(633, 'ROLE_MOD_MODULE_STATSFORECAST_CREATE'),
(636, 'ROLE_MOD_MODULE_STATSFORECAST_DELETE'),
(634, 'ROLE_MOD_MODULE_STATSFORECAST_READ'),
(635, 'ROLE_MOD_MODULE_STATSFORECAST_UPDATE'),
(637, 'ROLE_MOD_MODULE_STATSLIVE_CREATE'),
(640, 'ROLE_MOD_MODULE_STATSLIVE_DELETE'),
(638, 'ROLE_MOD_MODULE_STATSLIVE_READ'),
(639, 'ROLE_MOD_MODULE_STATSLIVE_UPDATE'),
(641, 'ROLE_MOD_MODULE_STATSNEWSLETTER_CREATE'),
(644, 'ROLE_MOD_MODULE_STATSNEWSLETTER_DELETE'),
(642, 'ROLE_MOD_MODULE_STATSNEWSLETTER_READ'),
(643, 'ROLE_MOD_MODULE_STATSNEWSLETTER_UPDATE'),
(645, 'ROLE_MOD_MODULE_STATSORIGIN_CREATE'),
(648, 'ROLE_MOD_MODULE_STATSORIGIN_DELETE'),
(646, 'ROLE_MOD_MODULE_STATSORIGIN_READ'),
(647, 'ROLE_MOD_MODULE_STATSORIGIN_UPDATE'),
(649, 'ROLE_MOD_MODULE_STATSPERSONALINFOS_CREATE'),
(652, 'ROLE_MOD_MODULE_STATSPERSONALINFOS_DELETE'),
(650, 'ROLE_MOD_MODULE_STATSPERSONALINFOS_READ'),
(651, 'ROLE_MOD_MODULE_STATSPERSONALINFOS_UPDATE'),
(653, 'ROLE_MOD_MODULE_STATSPRODUCT_CREATE'),
(656, 'ROLE_MOD_MODULE_STATSPRODUCT_DELETE'),
(654, 'ROLE_MOD_MODULE_STATSPRODUCT_READ'),
(655, 'ROLE_MOD_MODULE_STATSPRODUCT_UPDATE'),
(657, 'ROLE_MOD_MODULE_STATSREGISTRATIONS_CREATE'),
(660, 'ROLE_MOD_MODULE_STATSREGISTRATIONS_DELETE'),
(658, 'ROLE_MOD_MODULE_STATSREGISTRATIONS_READ'),
(659, 'ROLE_MOD_MODULE_STATSREGISTRATIONS_UPDATE'),
(661, 'ROLE_MOD_MODULE_STATSSALES_CREATE'),
(664, 'ROLE_MOD_MODULE_STATSSALES_DELETE'),
(662, 'ROLE_MOD_MODULE_STATSSALES_READ'),
(663, 'ROLE_MOD_MODULE_STATSSALES_UPDATE'),
(665, 'ROLE_MOD_MODULE_STATSSEARCH_CREATE'),
(668, 'ROLE_MOD_MODULE_STATSSEARCH_DELETE'),
(666, 'ROLE_MOD_MODULE_STATSSEARCH_READ'),
(667, 'ROLE_MOD_MODULE_STATSSEARCH_UPDATE'),
(669, 'ROLE_MOD_MODULE_STATSSTOCK_CREATE'),
(672, 'ROLE_MOD_MODULE_STATSSTOCK_DELETE'),
(670, 'ROLE_MOD_MODULE_STATSSTOCK_READ'),
(671, 'ROLE_MOD_MODULE_STATSSTOCK_UPDATE'),
(673, 'ROLE_MOD_MODULE_STATSVISITS_CREATE'),
(676, 'ROLE_MOD_MODULE_STATSVISITS_DELETE'),
(674, 'ROLE_MOD_MODULE_STATSVISITS_READ'),
(675, 'ROLE_MOD_MODULE_STATSVISITS_UPDATE'),
(677, 'ROLE_MOD_MODULE_WELCOME_CREATE'),
(680, 'ROLE_MOD_MODULE_WELCOME_DELETE'),
(678, 'ROLE_MOD_MODULE_WELCOME_READ'),
(679, 'ROLE_MOD_MODULE_WELCOME_UPDATE'),
(805, 'ROLE_MOD_MODULE_XIPBLOGDISPLAYPOSTS_CREATE'),
(808, 'ROLE_MOD_MODULE_XIPBLOGDISPLAYPOSTS_DELETE'),
(806, 'ROLE_MOD_MODULE_XIPBLOGDISPLAYPOSTS_READ'),
(807, 'ROLE_MOD_MODULE_XIPBLOGDISPLAYPOSTS_UPDATE'),
(781, 'ROLE_MOD_MODULE_XIPBLOG_CREATE'),
(784, 'ROLE_MOD_MODULE_XIPBLOG_DELETE'),
(782, 'ROLE_MOD_MODULE_XIPBLOG_READ'),
(783, 'ROLE_MOD_MODULE_XIPBLOG_UPDATE'),
(1, 'ROLE_MOD_TAB_ADMINACCESS_CREATE'),
(4, 'ROLE_MOD_TAB_ADMINACCESS_DELETE'),
(2, 'ROLE_MOD_TAB_ADMINACCESS_READ'),
(3, 'ROLE_MOD_TAB_ADMINACCESS_UPDATE'),
(5, 'ROLE_MOD_TAB_ADMINADDONSCATALOG_CREATE'),
(8, 'ROLE_MOD_TAB_ADMINADDONSCATALOG_DELETE'),
(6, 'ROLE_MOD_TAB_ADMINADDONSCATALOG_READ'),
(7, 'ROLE_MOD_TAB_ADMINADDONSCATALOG_UPDATE'),
(9, 'ROLE_MOD_TAB_ADMINADDRESSES_CREATE'),
(12, 'ROLE_MOD_TAB_ADMINADDRESSES_DELETE'),
(10, 'ROLE_MOD_TAB_ADMINADDRESSES_READ'),
(11, 'ROLE_MOD_TAB_ADMINADDRESSES_UPDATE'),
(13, 'ROLE_MOD_TAB_ADMINADMINPREFERENCES_CREATE'),
(16, 'ROLE_MOD_TAB_ADMINADMINPREFERENCES_DELETE'),
(14, 'ROLE_MOD_TAB_ADMINADMINPREFERENCES_READ'),
(15, 'ROLE_MOD_TAB_ADMINADMINPREFERENCES_UPDATE'),
(17, 'ROLE_MOD_TAB_ADMINADVANCEDPARAMETERS_CREATE'),
(20, 'ROLE_MOD_TAB_ADMINADVANCEDPARAMETERS_DELETE'),
(18, 'ROLE_MOD_TAB_ADMINADVANCEDPARAMETERS_READ'),
(19, 'ROLE_MOD_TAB_ADMINADVANCEDPARAMETERS_UPDATE'),
(21, 'ROLE_MOD_TAB_ADMINATTACHMENTS_CREATE'),
(24, 'ROLE_MOD_TAB_ADMINATTACHMENTS_DELETE'),
(22, 'ROLE_MOD_TAB_ADMINATTACHMENTS_READ'),
(23, 'ROLE_MOD_TAB_ADMINATTACHMENTS_UPDATE'),
(25, 'ROLE_MOD_TAB_ADMINATTRIBUTESGROUPS_CREATE'),
(28, 'ROLE_MOD_TAB_ADMINATTRIBUTESGROUPS_DELETE'),
(26, 'ROLE_MOD_TAB_ADMINATTRIBUTESGROUPS_READ'),
(27, 'ROLE_MOD_TAB_ADMINATTRIBUTESGROUPS_UPDATE'),
(29, 'ROLE_MOD_TAB_ADMINBACKUP_CREATE'),
(32, 'ROLE_MOD_TAB_ADMINBACKUP_DELETE'),
(30, 'ROLE_MOD_TAB_ADMINBACKUP_READ'),
(31, 'ROLE_MOD_TAB_ADMINBACKUP_UPDATE'),
(33, 'ROLE_MOD_TAB_ADMINCARRIERS_CREATE'),
(36, 'ROLE_MOD_TAB_ADMINCARRIERS_DELETE'),
(34, 'ROLE_MOD_TAB_ADMINCARRIERS_READ'),
(35, 'ROLE_MOD_TAB_ADMINCARRIERS_UPDATE'),
(37, 'ROLE_MOD_TAB_ADMINCARTRULES_CREATE'),
(40, 'ROLE_MOD_TAB_ADMINCARTRULES_DELETE'),
(38, 'ROLE_MOD_TAB_ADMINCARTRULES_READ'),
(39, 'ROLE_MOD_TAB_ADMINCARTRULES_UPDATE'),
(41, 'ROLE_MOD_TAB_ADMINCARTS_CREATE'),
(44, 'ROLE_MOD_TAB_ADMINCARTS_DELETE'),
(42, 'ROLE_MOD_TAB_ADMINCARTS_READ'),
(43, 'ROLE_MOD_TAB_ADMINCARTS_UPDATE'),
(45, 'ROLE_MOD_TAB_ADMINCATALOG_CREATE'),
(48, 'ROLE_MOD_TAB_ADMINCATALOG_DELETE'),
(46, 'ROLE_MOD_TAB_ADMINCATALOG_READ'),
(47, 'ROLE_MOD_TAB_ADMINCATALOG_UPDATE'),
(49, 'ROLE_MOD_TAB_ADMINCATEGORIES_CREATE'),
(52, 'ROLE_MOD_TAB_ADMINCATEGORIES_DELETE'),
(50, 'ROLE_MOD_TAB_ADMINCATEGORIES_READ'),
(51, 'ROLE_MOD_TAB_ADMINCATEGORIES_UPDATE'),
(1057, 'ROLE_MOD_TAB_ADMINCMSBLOCK_CREATE'),
(1060, 'ROLE_MOD_TAB_ADMINCMSBLOCK_DELETE'),
(1058, 'ROLE_MOD_TAB_ADMINCMSBLOCK_READ'),
(1059, 'ROLE_MOD_TAB_ADMINCMSBLOCK_UPDATE'),
(53, 'ROLE_MOD_TAB_ADMINCMSCONTENT_CREATE'),
(56, 'ROLE_MOD_TAB_ADMINCMSCONTENT_DELETE'),
(54, 'ROLE_MOD_TAB_ADMINCMSCONTENT_READ'),
(55, 'ROLE_MOD_TAB_ADMINCMSCONTENT_UPDATE'),
(57, 'ROLE_MOD_TAB_ADMINCONTACTS_CREATE'),
(60, 'ROLE_MOD_TAB_ADMINCONTACTS_DELETE'),
(58, 'ROLE_MOD_TAB_ADMINCONTACTS_READ'),
(59, 'ROLE_MOD_TAB_ADMINCONTACTS_UPDATE'),
(61, 'ROLE_MOD_TAB_ADMINCOUNTRIES_CREATE'),
(64, 'ROLE_MOD_TAB_ADMINCOUNTRIES_DELETE'),
(62, 'ROLE_MOD_TAB_ADMINCOUNTRIES_READ'),
(63, 'ROLE_MOD_TAB_ADMINCOUNTRIES_UPDATE'),
(697, 'ROLE_MOD_TAB_ADMINCRONJOBS_CREATE'),
(700, 'ROLE_MOD_TAB_ADMINCRONJOBS_DELETE'),
(698, 'ROLE_MOD_TAB_ADMINCRONJOBS_READ'),
(699, 'ROLE_MOD_TAB_ADMINCRONJOBS_UPDATE'),
(65, 'ROLE_MOD_TAB_ADMINCURRENCIES_CREATE'),
(68, 'ROLE_MOD_TAB_ADMINCURRENCIES_DELETE'),
(66, 'ROLE_MOD_TAB_ADMINCURRENCIES_READ'),
(67, 'ROLE_MOD_TAB_ADMINCURRENCIES_UPDATE'),
(69, 'ROLE_MOD_TAB_ADMINCUSTOMERPREFERENCES_CREATE'),
(72, 'ROLE_MOD_TAB_ADMINCUSTOMERPREFERENCES_DELETE'),
(70, 'ROLE_MOD_TAB_ADMINCUSTOMERPREFERENCES_READ'),
(71, 'ROLE_MOD_TAB_ADMINCUSTOMERPREFERENCES_UPDATE'),
(73, 'ROLE_MOD_TAB_ADMINCUSTOMERS_CREATE'),
(76, 'ROLE_MOD_TAB_ADMINCUSTOMERS_DELETE'),
(74, 'ROLE_MOD_TAB_ADMINCUSTOMERS_READ'),
(75, 'ROLE_MOD_TAB_ADMINCUSTOMERS_UPDATE'),
(77, 'ROLE_MOD_TAB_ADMINCUSTOMERTHREADS_CREATE'),
(80, 'ROLE_MOD_TAB_ADMINCUSTOMERTHREADS_DELETE'),
(78, 'ROLE_MOD_TAB_ADMINCUSTOMERTHREADS_READ'),
(79, 'ROLE_MOD_TAB_ADMINCUSTOMERTHREADS_UPDATE'),
(81, 'ROLE_MOD_TAB_ADMINDASHBOARD_CREATE'),
(84, 'ROLE_MOD_TAB_ADMINDASHBOARD_DELETE'),
(82, 'ROLE_MOD_TAB_ADMINDASHBOARD_READ'),
(83, 'ROLE_MOD_TAB_ADMINDASHBOARD_UPDATE'),
(465, 'ROLE_MOD_TAB_ADMINDASHGOALS_CREATE'),
(468, 'ROLE_MOD_TAB_ADMINDASHGOALS_DELETE'),
(466, 'ROLE_MOD_TAB_ADMINDASHGOALS_READ'),
(467, 'ROLE_MOD_TAB_ADMINDASHGOALS_UPDATE'),
(85, 'ROLE_MOD_TAB_ADMINDELIVERYSLIP_CREATE'),
(88, 'ROLE_MOD_TAB_ADMINDELIVERYSLIP_DELETE'),
(86, 'ROLE_MOD_TAB_ADMINDELIVERYSLIP_READ'),
(87, 'ROLE_MOD_TAB_ADMINDELIVERYSLIP_UPDATE'),
(89, 'ROLE_MOD_TAB_ADMINEMAILS_CREATE'),
(92, 'ROLE_MOD_TAB_ADMINEMAILS_DELETE'),
(90, 'ROLE_MOD_TAB_ADMINEMAILS_READ'),
(91, 'ROLE_MOD_TAB_ADMINEMAILS_UPDATE'),
(93, 'ROLE_MOD_TAB_ADMINEMPLOYEES_CREATE'),
(96, 'ROLE_MOD_TAB_ADMINEMPLOYEES_DELETE'),
(94, 'ROLE_MOD_TAB_ADMINEMPLOYEES_READ'),
(95, 'ROLE_MOD_TAB_ADMINEMPLOYEES_UPDATE'),
(97, 'ROLE_MOD_TAB_ADMINFEATURES_CREATE'),
(100, 'ROLE_MOD_TAB_ADMINFEATURES_DELETE'),
(98, 'ROLE_MOD_TAB_ADMINFEATURES_READ'),
(99, 'ROLE_MOD_TAB_ADMINFEATURES_UPDATE'),
(685, 'ROLE_MOD_TAB_ADMINGAMIFICATION_CREATE'),
(688, 'ROLE_MOD_TAB_ADMINGAMIFICATION_DELETE'),
(686, 'ROLE_MOD_TAB_ADMINGAMIFICATION_READ'),
(687, 'ROLE_MOD_TAB_ADMINGAMIFICATION_UPDATE'),
(101, 'ROLE_MOD_TAB_ADMINGENDERS_CREATE'),
(104, 'ROLE_MOD_TAB_ADMINGENDERS_DELETE'),
(102, 'ROLE_MOD_TAB_ADMINGENDERS_READ'),
(103, 'ROLE_MOD_TAB_ADMINGENDERS_UPDATE'),
(105, 'ROLE_MOD_TAB_ADMINGEOLOCATION_CREATE'),
(108, 'ROLE_MOD_TAB_ADMINGEOLOCATION_DELETE'),
(106, 'ROLE_MOD_TAB_ADMINGEOLOCATION_READ'),
(107, 'ROLE_MOD_TAB_ADMINGEOLOCATION_UPDATE'),
(109, 'ROLE_MOD_TAB_ADMINGROUPS_CREATE'),
(112, 'ROLE_MOD_TAB_ADMINGROUPS_DELETE'),
(110, 'ROLE_MOD_TAB_ADMINGROUPS_READ'),
(111, 'ROLE_MOD_TAB_ADMINGROUPS_UPDATE'),
(113, 'ROLE_MOD_TAB_ADMINIMAGES_CREATE'),
(116, 'ROLE_MOD_TAB_ADMINIMAGES_DELETE'),
(114, 'ROLE_MOD_TAB_ADMINIMAGES_READ'),
(115, 'ROLE_MOD_TAB_ADMINIMAGES_UPDATE'),
(117, 'ROLE_MOD_TAB_ADMINIMPORT_CREATE'),
(120, 'ROLE_MOD_TAB_ADMINIMPORT_DELETE'),
(118, 'ROLE_MOD_TAB_ADMINIMPORT_READ'),
(119, 'ROLE_MOD_TAB_ADMINIMPORT_UPDATE'),
(121, 'ROLE_MOD_TAB_ADMININFORMATION_CREATE'),
(124, 'ROLE_MOD_TAB_ADMININFORMATION_DELETE'),
(122, 'ROLE_MOD_TAB_ADMININFORMATION_READ'),
(123, 'ROLE_MOD_TAB_ADMININFORMATION_UPDATE'),
(125, 'ROLE_MOD_TAB_ADMININTERNATIONAL_CREATE'),
(128, 'ROLE_MOD_TAB_ADMININTERNATIONAL_DELETE'),
(126, 'ROLE_MOD_TAB_ADMININTERNATIONAL_READ'),
(127, 'ROLE_MOD_TAB_ADMININTERNATIONAL_UPDATE'),
(129, 'ROLE_MOD_TAB_ADMININVOICES_CREATE'),
(132, 'ROLE_MOD_TAB_ADMININVOICES_DELETE'),
(130, 'ROLE_MOD_TAB_ADMININVOICES_READ'),
(131, 'ROLE_MOD_TAB_ADMININVOICES_UPDATE'),
(133, 'ROLE_MOD_TAB_ADMINLANGUAGES_CREATE'),
(136, 'ROLE_MOD_TAB_ADMINLANGUAGES_DELETE'),
(134, 'ROLE_MOD_TAB_ADMINLANGUAGES_READ'),
(135, 'ROLE_MOD_TAB_ADMINLANGUAGES_UPDATE'),
(137, 'ROLE_MOD_TAB_ADMINLINKWIDGET_CREATE'),
(140, 'ROLE_MOD_TAB_ADMINLINKWIDGET_DELETE'),
(138, 'ROLE_MOD_TAB_ADMINLINKWIDGET_READ'),
(139, 'ROLE_MOD_TAB_ADMINLINKWIDGET_UPDATE'),
(141, 'ROLE_MOD_TAB_ADMINLOCALIZATION_CREATE'),
(144, 'ROLE_MOD_TAB_ADMINLOCALIZATION_DELETE'),
(142, 'ROLE_MOD_TAB_ADMINLOCALIZATION_READ'),
(143, 'ROLE_MOD_TAB_ADMINLOCALIZATION_UPDATE'),
(145, 'ROLE_MOD_TAB_ADMINLOGS_CREATE'),
(148, 'ROLE_MOD_TAB_ADMINLOGS_DELETE'),
(146, 'ROLE_MOD_TAB_ADMINLOGS_READ'),
(147, 'ROLE_MOD_TAB_ADMINLOGS_UPDATE'),
(149, 'ROLE_MOD_TAB_ADMINMAINTENANCE_CREATE'),
(152, 'ROLE_MOD_TAB_ADMINMAINTENANCE_DELETE'),
(150, 'ROLE_MOD_TAB_ADMINMAINTENANCE_READ'),
(151, 'ROLE_MOD_TAB_ADMINMAINTENANCE_UPDATE'),
(153, 'ROLE_MOD_TAB_ADMINMANUFACTURERS_CREATE'),
(156, 'ROLE_MOD_TAB_ADMINMANUFACTURERS_DELETE'),
(154, 'ROLE_MOD_TAB_ADMINMANUFACTURERS_READ'),
(155, 'ROLE_MOD_TAB_ADMINMANUFACTURERS_UPDATE'),
(157, 'ROLE_MOD_TAB_ADMINMETA_CREATE'),
(160, 'ROLE_MOD_TAB_ADMINMETA_DELETE'),
(158, 'ROLE_MOD_TAB_ADMINMETA_READ'),
(159, 'ROLE_MOD_TAB_ADMINMETA_UPDATE'),
(165, 'ROLE_MOD_TAB_ADMINMODULESPOSITIONS_CREATE'),
(168, 'ROLE_MOD_TAB_ADMINMODULESPOSITIONS_DELETE'),
(166, 'ROLE_MOD_TAB_ADMINMODULESPOSITIONS_READ'),
(167, 'ROLE_MOD_TAB_ADMINMODULESPOSITIONS_UPDATE'),
(169, 'ROLE_MOD_TAB_ADMINMODULESSF_CREATE'),
(172, 'ROLE_MOD_TAB_ADMINMODULESSF_DELETE'),
(170, 'ROLE_MOD_TAB_ADMINMODULESSF_READ'),
(171, 'ROLE_MOD_TAB_ADMINMODULESSF_UPDATE'),
(161, 'ROLE_MOD_TAB_ADMINMODULES_CREATE'),
(164, 'ROLE_MOD_TAB_ADMINMODULES_DELETE'),
(162, 'ROLE_MOD_TAB_ADMINMODULES_READ'),
(163, 'ROLE_MOD_TAB_ADMINMODULES_UPDATE'),
(173, 'ROLE_MOD_TAB_ADMINORDERMESSAGE_CREATE'),
(176, 'ROLE_MOD_TAB_ADMINORDERMESSAGE_DELETE'),
(174, 'ROLE_MOD_TAB_ADMINORDERMESSAGE_READ'),
(175, 'ROLE_MOD_TAB_ADMINORDERMESSAGE_UPDATE'),
(177, 'ROLE_MOD_TAB_ADMINORDERPREFERENCES_CREATE'),
(180, 'ROLE_MOD_TAB_ADMINORDERPREFERENCES_DELETE'),
(178, 'ROLE_MOD_TAB_ADMINORDERPREFERENCES_READ'),
(179, 'ROLE_MOD_TAB_ADMINORDERPREFERENCES_UPDATE'),
(181, 'ROLE_MOD_TAB_ADMINORDERS_CREATE'),
(184, 'ROLE_MOD_TAB_ADMINORDERS_DELETE'),
(182, 'ROLE_MOD_TAB_ADMINORDERS_READ'),
(183, 'ROLE_MOD_TAB_ADMINORDERS_UPDATE'),
(185, 'ROLE_MOD_TAB_ADMINOUTSTANDING_CREATE'),
(188, 'ROLE_MOD_TAB_ADMINOUTSTANDING_DELETE'),
(186, 'ROLE_MOD_TAB_ADMINOUTSTANDING_READ'),
(187, 'ROLE_MOD_TAB_ADMINOUTSTANDING_UPDATE'),
(189, 'ROLE_MOD_TAB_ADMINPARENTATTRIBUTESGROUPS_CREATE'),
(192, 'ROLE_MOD_TAB_ADMINPARENTATTRIBUTESGROUPS_DELETE'),
(190, 'ROLE_MOD_TAB_ADMINPARENTATTRIBUTESGROUPS_READ'),
(191, 'ROLE_MOD_TAB_ADMINPARENTATTRIBUTESGROUPS_UPDATE'),
(193, 'ROLE_MOD_TAB_ADMINPARENTCARTRULES_CREATE'),
(196, 'ROLE_MOD_TAB_ADMINPARENTCARTRULES_DELETE'),
(194, 'ROLE_MOD_TAB_ADMINPARENTCARTRULES_READ'),
(195, 'ROLE_MOD_TAB_ADMINPARENTCARTRULES_UPDATE'),
(197, 'ROLE_MOD_TAB_ADMINPARENTCOUNTRIES_CREATE'),
(200, 'ROLE_MOD_TAB_ADMINPARENTCOUNTRIES_DELETE'),
(198, 'ROLE_MOD_TAB_ADMINPARENTCOUNTRIES_READ'),
(199, 'ROLE_MOD_TAB_ADMINPARENTCOUNTRIES_UPDATE'),
(205, 'ROLE_MOD_TAB_ADMINPARENTCUSTOMERPREFERENCES_CREATE'),
(208, 'ROLE_MOD_TAB_ADMINPARENTCUSTOMERPREFERENCES_DELETE'),
(206, 'ROLE_MOD_TAB_ADMINPARENTCUSTOMERPREFERENCES_READ'),
(207, 'ROLE_MOD_TAB_ADMINPARENTCUSTOMERPREFERENCES_UPDATE'),
(209, 'ROLE_MOD_TAB_ADMINPARENTCUSTOMERTHREADS_CREATE'),
(212, 'ROLE_MOD_TAB_ADMINPARENTCUSTOMERTHREADS_DELETE'),
(210, 'ROLE_MOD_TAB_ADMINPARENTCUSTOMERTHREADS_READ'),
(211, 'ROLE_MOD_TAB_ADMINPARENTCUSTOMERTHREADS_UPDATE'),
(201, 'ROLE_MOD_TAB_ADMINPARENTCUSTOMER_CREATE'),
(204, 'ROLE_MOD_TAB_ADMINPARENTCUSTOMER_DELETE'),
(202, 'ROLE_MOD_TAB_ADMINPARENTCUSTOMER_READ'),
(203, 'ROLE_MOD_TAB_ADMINPARENTCUSTOMER_UPDATE'),
(213, 'ROLE_MOD_TAB_ADMINPARENTEMPLOYEES_CREATE'),
(216, 'ROLE_MOD_TAB_ADMINPARENTEMPLOYEES_DELETE'),
(214, 'ROLE_MOD_TAB_ADMINPARENTEMPLOYEES_READ'),
(215, 'ROLE_MOD_TAB_ADMINPARENTEMPLOYEES_UPDATE'),
(217, 'ROLE_MOD_TAB_ADMINPARENTLOCALIZATION_CREATE'),
(220, 'ROLE_MOD_TAB_ADMINPARENTLOCALIZATION_DELETE'),
(218, 'ROLE_MOD_TAB_ADMINPARENTLOCALIZATION_READ'),
(219, 'ROLE_MOD_TAB_ADMINPARENTLOCALIZATION_UPDATE'),
(221, 'ROLE_MOD_TAB_ADMINPARENTMANUFACTURERS_CREATE'),
(224, 'ROLE_MOD_TAB_ADMINPARENTMANUFACTURERS_DELETE'),
(222, 'ROLE_MOD_TAB_ADMINPARENTMANUFACTURERS_READ'),
(223, 'ROLE_MOD_TAB_ADMINPARENTMANUFACTURERS_UPDATE'),
(229, 'ROLE_MOD_TAB_ADMINPARENTMETA_CREATE'),
(232, 'ROLE_MOD_TAB_ADMINPARENTMETA_DELETE'),
(230, 'ROLE_MOD_TAB_ADMINPARENTMETA_READ'),
(231, 'ROLE_MOD_TAB_ADMINPARENTMETA_UPDATE'),
(225, 'ROLE_MOD_TAB_ADMINPARENTMODULESSF_CREATE'),
(228, 'ROLE_MOD_TAB_ADMINPARENTMODULESSF_DELETE'),
(226, 'ROLE_MOD_TAB_ADMINPARENTMODULESSF_READ'),
(227, 'ROLE_MOD_TAB_ADMINPARENTMODULESSF_UPDATE'),
(233, 'ROLE_MOD_TAB_ADMINPARENTMODULES_CREATE'),
(236, 'ROLE_MOD_TAB_ADMINPARENTMODULES_DELETE'),
(234, 'ROLE_MOD_TAB_ADMINPARENTMODULES_READ'),
(235, 'ROLE_MOD_TAB_ADMINPARENTMODULES_UPDATE'),
(237, 'ROLE_MOD_TAB_ADMINPARENTORDERPREFERENCES_CREATE'),
(240, 'ROLE_MOD_TAB_ADMINPARENTORDERPREFERENCES_DELETE'),
(238, 'ROLE_MOD_TAB_ADMINPARENTORDERPREFERENCES_READ'),
(239, 'ROLE_MOD_TAB_ADMINPARENTORDERPREFERENCES_UPDATE'),
(241, 'ROLE_MOD_TAB_ADMINPARENTORDERS_CREATE'),
(244, 'ROLE_MOD_TAB_ADMINPARENTORDERS_DELETE'),
(242, 'ROLE_MOD_TAB_ADMINPARENTORDERS_READ'),
(243, 'ROLE_MOD_TAB_ADMINPARENTORDERS_UPDATE'),
(245, 'ROLE_MOD_TAB_ADMINPARENTPAYMENT_CREATE'),
(248, 'ROLE_MOD_TAB_ADMINPARENTPAYMENT_DELETE'),
(246, 'ROLE_MOD_TAB_ADMINPARENTPAYMENT_READ'),
(247, 'ROLE_MOD_TAB_ADMINPARENTPAYMENT_UPDATE'),
(249, 'ROLE_MOD_TAB_ADMINPARENTPREFERENCES_CREATE'),
(252, 'ROLE_MOD_TAB_ADMINPARENTPREFERENCES_DELETE'),
(250, 'ROLE_MOD_TAB_ADMINPARENTPREFERENCES_READ'),
(251, 'ROLE_MOD_TAB_ADMINPARENTPREFERENCES_UPDATE'),
(253, 'ROLE_MOD_TAB_ADMINPARENTREQUESTSQL_CREATE'),
(256, 'ROLE_MOD_TAB_ADMINPARENTREQUESTSQL_DELETE'),
(254, 'ROLE_MOD_TAB_ADMINPARENTREQUESTSQL_READ'),
(255, 'ROLE_MOD_TAB_ADMINPARENTREQUESTSQL_UPDATE'),
(257, 'ROLE_MOD_TAB_ADMINPARENTSEARCHCONF_CREATE'),
(260, 'ROLE_MOD_TAB_ADMINPARENTSEARCHCONF_DELETE'),
(258, 'ROLE_MOD_TAB_ADMINPARENTSEARCHCONF_READ'),
(259, 'ROLE_MOD_TAB_ADMINPARENTSEARCHCONF_UPDATE'),
(261, 'ROLE_MOD_TAB_ADMINPARENTSHIPPING_CREATE'),
(264, 'ROLE_MOD_TAB_ADMINPARENTSHIPPING_DELETE'),
(262, 'ROLE_MOD_TAB_ADMINPARENTSHIPPING_READ'),
(263, 'ROLE_MOD_TAB_ADMINPARENTSHIPPING_UPDATE'),
(265, 'ROLE_MOD_TAB_ADMINPARENTSTOCKMANAGEMENT_CREATE'),
(268, 'ROLE_MOD_TAB_ADMINPARENTSTOCKMANAGEMENT_DELETE'),
(266, 'ROLE_MOD_TAB_ADMINPARENTSTOCKMANAGEMENT_READ'),
(267, 'ROLE_MOD_TAB_ADMINPARENTSTOCKMANAGEMENT_UPDATE'),
(269, 'ROLE_MOD_TAB_ADMINPARENTSTORES_CREATE'),
(272, 'ROLE_MOD_TAB_ADMINPARENTSTORES_DELETE'),
(270, 'ROLE_MOD_TAB_ADMINPARENTSTORES_READ'),
(271, 'ROLE_MOD_TAB_ADMINPARENTSTORES_UPDATE'),
(273, 'ROLE_MOD_TAB_ADMINPARENTTAXES_CREATE'),
(276, 'ROLE_MOD_TAB_ADMINPARENTTAXES_DELETE'),
(274, 'ROLE_MOD_TAB_ADMINPARENTTAXES_READ'),
(275, 'ROLE_MOD_TAB_ADMINPARENTTAXES_UPDATE'),
(277, 'ROLE_MOD_TAB_ADMINPARENTTHEMES_CREATE'),
(280, 'ROLE_MOD_TAB_ADMINPARENTTHEMES_DELETE'),
(278, 'ROLE_MOD_TAB_ADMINPARENTTHEMES_READ'),
(279, 'ROLE_MOD_TAB_ADMINPARENTTHEMES_UPDATE'),
(285, 'ROLE_MOD_TAB_ADMINPAYMENTPREFERENCES_CREATE'),
(288, 'ROLE_MOD_TAB_ADMINPAYMENTPREFERENCES_DELETE'),
(286, 'ROLE_MOD_TAB_ADMINPAYMENTPREFERENCES_READ'),
(287, 'ROLE_MOD_TAB_ADMINPAYMENTPREFERENCES_UPDATE'),
(281, 'ROLE_MOD_TAB_ADMINPAYMENT_CREATE'),
(284, 'ROLE_MOD_TAB_ADMINPAYMENT_DELETE'),
(282, 'ROLE_MOD_TAB_ADMINPAYMENT_READ'),
(283, 'ROLE_MOD_TAB_ADMINPAYMENT_UPDATE'),
(289, 'ROLE_MOD_TAB_ADMINPERFORMANCE_CREATE'),
(292, 'ROLE_MOD_TAB_ADMINPERFORMANCE_DELETE'),
(290, 'ROLE_MOD_TAB_ADMINPERFORMANCE_READ'),
(291, 'ROLE_MOD_TAB_ADMINPERFORMANCE_UPDATE'),
(981, 'ROLE_MOD_TAB_ADMINPOSLOGO_CREATE'),
(984, 'ROLE_MOD_TAB_ADMINPOSLOGO_DELETE'),
(982, 'ROLE_MOD_TAB_ADMINPOSLOGO_READ'),
(983, 'ROLE_MOD_TAB_ADMINPOSLOGO_UPDATE'),
(977, 'ROLE_MOD_TAB_ADMINPOSMENU_CREATE'),
(980, 'ROLE_MOD_TAB_ADMINPOSMENU_DELETE'),
(978, 'ROLE_MOD_TAB_ADMINPOSMENU_READ'),
(979, 'ROLE_MOD_TAB_ADMINPOSMENU_UPDATE'),
(737, 'ROLE_MOD_TAB_ADMINPOSSLIDESHOWS_CREATE'),
(740, 'ROLE_MOD_TAB_ADMINPOSSLIDESHOWS_DELETE'),
(738, 'ROLE_MOD_TAB_ADMINPOSSLIDESHOWS_READ'),
(739, 'ROLE_MOD_TAB_ADMINPOSSLIDESHOWS_UPDATE'),
(1037, 'ROLE_MOD_TAB_ADMINPOSSTATICFOOTER_CREATE'),
(1040, 'ROLE_MOD_TAB_ADMINPOSSTATICFOOTER_DELETE'),
(1038, 'ROLE_MOD_TAB_ADMINPOSSTATICFOOTER_READ'),
(1039, 'ROLE_MOD_TAB_ADMINPOSSTATICFOOTER_UPDATE'),
(293, 'ROLE_MOD_TAB_ADMINPPREFERENCES_CREATE'),
(296, 'ROLE_MOD_TAB_ADMINPPREFERENCES_DELETE'),
(294, 'ROLE_MOD_TAB_ADMINPPREFERENCES_READ'),
(295, 'ROLE_MOD_TAB_ADMINPPREFERENCES_UPDATE'),
(297, 'ROLE_MOD_TAB_ADMINPREFERENCES_CREATE'),
(300, 'ROLE_MOD_TAB_ADMINPREFERENCES_DELETE'),
(298, 'ROLE_MOD_TAB_ADMINPREFERENCES_READ'),
(299, 'ROLE_MOD_TAB_ADMINPREFERENCES_UPDATE'),
(301, 'ROLE_MOD_TAB_ADMINPRODUCTS_CREATE'),
(304, 'ROLE_MOD_TAB_ADMINPRODUCTS_DELETE'),
(302, 'ROLE_MOD_TAB_ADMINPRODUCTS_READ'),
(303, 'ROLE_MOD_TAB_ADMINPRODUCTS_UPDATE'),
(305, 'ROLE_MOD_TAB_ADMINPROFILES_CREATE'),
(308, 'ROLE_MOD_TAB_ADMINPROFILES_DELETE'),
(306, 'ROLE_MOD_TAB_ADMINPROFILES_READ'),
(307, 'ROLE_MOD_TAB_ADMINPROFILES_UPDATE'),
(577, 'ROLE_MOD_TAB_ADMINPSTHEMECUSTOADVANCED_CREATE'),
(580, 'ROLE_MOD_TAB_ADMINPSTHEMECUSTOADVANCED_DELETE'),
(578, 'ROLE_MOD_TAB_ADMINPSTHEMECUSTOADVANCED_READ'),
(579, 'ROLE_MOD_TAB_ADMINPSTHEMECUSTOADVANCED_UPDATE'),
(573, 'ROLE_MOD_TAB_ADMINPSTHEMECUSTOCONFIGURATION_CREATE'),
(576, 'ROLE_MOD_TAB_ADMINPSTHEMECUSTOCONFIGURATION_DELETE'),
(574, 'ROLE_MOD_TAB_ADMINPSTHEMECUSTOCONFIGURATION_READ'),
(575, 'ROLE_MOD_TAB_ADMINPSTHEMECUSTOCONFIGURATION_UPDATE'),
(309, 'ROLE_MOD_TAB_ADMINREFERRERS_CREATE'),
(312, 'ROLE_MOD_TAB_ADMINREFERRERS_DELETE'),
(310, 'ROLE_MOD_TAB_ADMINREFERRERS_READ'),
(311, 'ROLE_MOD_TAB_ADMINREFERRERS_UPDATE'),
(313, 'ROLE_MOD_TAB_ADMINREQUESTSQL_CREATE'),
(316, 'ROLE_MOD_TAB_ADMINREQUESTSQL_DELETE'),
(314, 'ROLE_MOD_TAB_ADMINREQUESTSQL_READ'),
(315, 'ROLE_MOD_TAB_ADMINREQUESTSQL_UPDATE'),
(317, 'ROLE_MOD_TAB_ADMINRETURN_CREATE'),
(320, 'ROLE_MOD_TAB_ADMINRETURN_DELETE'),
(318, 'ROLE_MOD_TAB_ADMINRETURN_READ'),
(319, 'ROLE_MOD_TAB_ADMINRETURN_UPDATE'),
(321, 'ROLE_MOD_TAB_ADMINSEARCHCONF_CREATE'),
(324, 'ROLE_MOD_TAB_ADMINSEARCHCONF_DELETE'),
(322, 'ROLE_MOD_TAB_ADMINSEARCHCONF_READ'),
(323, 'ROLE_MOD_TAB_ADMINSEARCHCONF_UPDATE'),
(325, 'ROLE_MOD_TAB_ADMINSEARCHENGINES_CREATE'),
(328, 'ROLE_MOD_TAB_ADMINSEARCHENGINES_DELETE'),
(326, 'ROLE_MOD_TAB_ADMINSEARCHENGINES_READ'),
(327, 'ROLE_MOD_TAB_ADMINSEARCHENGINES_UPDATE'),
(329, 'ROLE_MOD_TAB_ADMINSHIPPING_CREATE'),
(332, 'ROLE_MOD_TAB_ADMINSHIPPING_DELETE'),
(330, 'ROLE_MOD_TAB_ADMINSHIPPING_READ'),
(331, 'ROLE_MOD_TAB_ADMINSHIPPING_UPDATE'),
(333, 'ROLE_MOD_TAB_ADMINSHOPGROUP_CREATE'),
(336, 'ROLE_MOD_TAB_ADMINSHOPGROUP_DELETE'),
(334, 'ROLE_MOD_TAB_ADMINSHOPGROUP_READ'),
(335, 'ROLE_MOD_TAB_ADMINSHOPGROUP_UPDATE'),
(337, 'ROLE_MOD_TAB_ADMINSHOPURL_CREATE'),
(340, 'ROLE_MOD_TAB_ADMINSHOPURL_DELETE'),
(338, 'ROLE_MOD_TAB_ADMINSHOPURL_READ'),
(339, 'ROLE_MOD_TAB_ADMINSHOPURL_UPDATE'),
(341, 'ROLE_MOD_TAB_ADMINSLIP_CREATE'),
(344, 'ROLE_MOD_TAB_ADMINSLIP_DELETE'),
(342, 'ROLE_MOD_TAB_ADMINSLIP_READ'),
(343, 'ROLE_MOD_TAB_ADMINSLIP_UPDATE'),
(345, 'ROLE_MOD_TAB_ADMINSPECIFICPRICERULE_CREATE'),
(348, 'ROLE_MOD_TAB_ADMINSPECIFICPRICERULE_DELETE'),
(346, 'ROLE_MOD_TAB_ADMINSPECIFICPRICERULE_READ'),
(347, 'ROLE_MOD_TAB_ADMINSPECIFICPRICERULE_UPDATE'),
(349, 'ROLE_MOD_TAB_ADMINSTATES_CREATE'),
(352, 'ROLE_MOD_TAB_ADMINSTATES_DELETE'),
(350, 'ROLE_MOD_TAB_ADMINSTATES_READ'),
(351, 'ROLE_MOD_TAB_ADMINSTATES_UPDATE'),
(353, 'ROLE_MOD_TAB_ADMINSTATS_CREATE'),
(356, 'ROLE_MOD_TAB_ADMINSTATS_DELETE'),
(354, 'ROLE_MOD_TAB_ADMINSTATS_READ'),
(355, 'ROLE_MOD_TAB_ADMINSTATS_UPDATE'),
(357, 'ROLE_MOD_TAB_ADMINSTATUSES_CREATE'),
(360, 'ROLE_MOD_TAB_ADMINSTATUSES_DELETE'),
(358, 'ROLE_MOD_TAB_ADMINSTATUSES_READ'),
(359, 'ROLE_MOD_TAB_ADMINSTATUSES_UPDATE'),
(365, 'ROLE_MOD_TAB_ADMINSTOCKCONFIGURATION_CREATE'),
(368, 'ROLE_MOD_TAB_ADMINSTOCKCONFIGURATION_DELETE'),
(366, 'ROLE_MOD_TAB_ADMINSTOCKCONFIGURATION_READ'),
(367, 'ROLE_MOD_TAB_ADMINSTOCKCONFIGURATION_UPDATE'),
(369, 'ROLE_MOD_TAB_ADMINSTOCKCOVER_CREATE'),
(372, 'ROLE_MOD_TAB_ADMINSTOCKCOVER_DELETE'),
(370, 'ROLE_MOD_TAB_ADMINSTOCKCOVER_READ'),
(371, 'ROLE_MOD_TAB_ADMINSTOCKCOVER_UPDATE'),
(373, 'ROLE_MOD_TAB_ADMINSTOCKINSTANTSTATE_CREATE'),
(376, 'ROLE_MOD_TAB_ADMINSTOCKINSTANTSTATE_DELETE'),
(374, 'ROLE_MOD_TAB_ADMINSTOCKINSTANTSTATE_READ'),
(375, 'ROLE_MOD_TAB_ADMINSTOCKINSTANTSTATE_UPDATE'),
(377, 'ROLE_MOD_TAB_ADMINSTOCKMANAGEMENT_CREATE'),
(380, 'ROLE_MOD_TAB_ADMINSTOCKMANAGEMENT_DELETE'),
(378, 'ROLE_MOD_TAB_ADMINSTOCKMANAGEMENT_READ'),
(379, 'ROLE_MOD_TAB_ADMINSTOCKMANAGEMENT_UPDATE'),
(381, 'ROLE_MOD_TAB_ADMINSTOCKMVT_CREATE'),
(384, 'ROLE_MOD_TAB_ADMINSTOCKMVT_DELETE'),
(382, 'ROLE_MOD_TAB_ADMINSTOCKMVT_READ'),
(383, 'ROLE_MOD_TAB_ADMINSTOCKMVT_UPDATE'),
(361, 'ROLE_MOD_TAB_ADMINSTOCK_CREATE'),
(364, 'ROLE_MOD_TAB_ADMINSTOCK_DELETE'),
(362, 'ROLE_MOD_TAB_ADMINSTOCK_READ'),
(363, 'ROLE_MOD_TAB_ADMINSTOCK_UPDATE'),
(385, 'ROLE_MOD_TAB_ADMINSTORES_CREATE'),
(388, 'ROLE_MOD_TAB_ADMINSTORES_DELETE'),
(386, 'ROLE_MOD_TAB_ADMINSTORES_READ'),
(387, 'ROLE_MOD_TAB_ADMINSTORES_UPDATE'),
(389, 'ROLE_MOD_TAB_ADMINSUPPLIERS_CREATE'),
(392, 'ROLE_MOD_TAB_ADMINSUPPLIERS_DELETE'),
(390, 'ROLE_MOD_TAB_ADMINSUPPLIERS_READ'),
(391, 'ROLE_MOD_TAB_ADMINSUPPLIERS_UPDATE'),
(393, 'ROLE_MOD_TAB_ADMINSUPPLYORDERS_CREATE'),
(396, 'ROLE_MOD_TAB_ADMINSUPPLYORDERS_DELETE'),
(394, 'ROLE_MOD_TAB_ADMINSUPPLYORDERS_READ'),
(395, 'ROLE_MOD_TAB_ADMINSUPPLYORDERS_UPDATE'),
(397, 'ROLE_MOD_TAB_ADMINTAGS_CREATE'),
(400, 'ROLE_MOD_TAB_ADMINTAGS_DELETE'),
(398, 'ROLE_MOD_TAB_ADMINTAGS_READ'),
(399, 'ROLE_MOD_TAB_ADMINTAGS_UPDATE'),
(401, 'ROLE_MOD_TAB_ADMINTAXES_CREATE'),
(404, 'ROLE_MOD_TAB_ADMINTAXES_DELETE'),
(402, 'ROLE_MOD_TAB_ADMINTAXES_READ'),
(403, 'ROLE_MOD_TAB_ADMINTAXES_UPDATE'),
(405, 'ROLE_MOD_TAB_ADMINTAXRULESGROUP_CREATE'),
(408, 'ROLE_MOD_TAB_ADMINTAXRULESGROUP_DELETE'),
(406, 'ROLE_MOD_TAB_ADMINTAXRULESGROUP_READ'),
(407, 'ROLE_MOD_TAB_ADMINTAXRULESGROUP_UPDATE'),
(925, 'ROLE_MOD_TAB_ADMINTESTIMONIALS_CREATE'),
(928, 'ROLE_MOD_TAB_ADMINTESTIMONIALS_DELETE'),
(926, 'ROLE_MOD_TAB_ADMINTESTIMONIALS_READ'),
(927, 'ROLE_MOD_TAB_ADMINTESTIMONIALS_UPDATE'),
(413, 'ROLE_MOD_TAB_ADMINTHEMESCATALOG_CREATE'),
(416, 'ROLE_MOD_TAB_ADMINTHEMESCATALOG_DELETE'),
(414, 'ROLE_MOD_TAB_ADMINTHEMESCATALOG_READ'),
(415, 'ROLE_MOD_TAB_ADMINTHEMESCATALOG_UPDATE'),
(569, 'ROLE_MOD_TAB_ADMINTHEMESPARENT_CREATE'),
(572, 'ROLE_MOD_TAB_ADMINTHEMESPARENT_DELETE'),
(570, 'ROLE_MOD_TAB_ADMINTHEMESPARENT_READ'),
(571, 'ROLE_MOD_TAB_ADMINTHEMESPARENT_UPDATE'),
(409, 'ROLE_MOD_TAB_ADMINTHEMES_CREATE'),
(412, 'ROLE_MOD_TAB_ADMINTHEMES_DELETE'),
(410, 'ROLE_MOD_TAB_ADMINTHEMES_READ'),
(411, 'ROLE_MOD_TAB_ADMINTHEMES_UPDATE'),
(417, 'ROLE_MOD_TAB_ADMINTRACKING_CREATE'),
(420, 'ROLE_MOD_TAB_ADMINTRACKING_DELETE'),
(418, 'ROLE_MOD_TAB_ADMINTRACKING_READ'),
(419, 'ROLE_MOD_TAB_ADMINTRACKING_UPDATE'),
(421, 'ROLE_MOD_TAB_ADMINTRANSLATIONS_CREATE'),
(424, 'ROLE_MOD_TAB_ADMINTRANSLATIONS_DELETE'),
(422, 'ROLE_MOD_TAB_ADMINTRANSLATIONS_READ'),
(423, 'ROLE_MOD_TAB_ADMINTRANSLATIONS_UPDATE'),
(425, 'ROLE_MOD_TAB_ADMINWAREHOUSES_CREATE'),
(428, 'ROLE_MOD_TAB_ADMINWAREHOUSES_DELETE'),
(426, 'ROLE_MOD_TAB_ADMINWAREHOUSES_READ'),
(427, 'ROLE_MOD_TAB_ADMINWAREHOUSES_UPDATE'),
(429, 'ROLE_MOD_TAB_ADMINWEBSERVICE_CREATE'),
(432, 'ROLE_MOD_TAB_ADMINWEBSERVICE_DELETE'),
(430, 'ROLE_MOD_TAB_ADMINWEBSERVICE_READ'),
(431, 'ROLE_MOD_TAB_ADMINWEBSERVICE_UPDATE'),
(681, 'ROLE_MOD_TAB_ADMINWELCOME_CREATE'),
(684, 'ROLE_MOD_TAB_ADMINWELCOME_DELETE'),
(682, 'ROLE_MOD_TAB_ADMINWELCOME_READ'),
(683, 'ROLE_MOD_TAB_ADMINWELCOME_UPDATE'),
(793, 'ROLE_MOD_TAB_ADMINXIPCATEGORY_CREATE'),
(796, 'ROLE_MOD_TAB_ADMINXIPCATEGORY_DELETE'),
(794, 'ROLE_MOD_TAB_ADMINXIPCATEGORY_READ'),
(795, 'ROLE_MOD_TAB_ADMINXIPCATEGORY_UPDATE'),
(797, 'ROLE_MOD_TAB_ADMINXIPCOMMENT_CREATE'),
(800, 'ROLE_MOD_TAB_ADMINXIPCOMMENT_DELETE'),
(798, 'ROLE_MOD_TAB_ADMINXIPCOMMENT_READ'),
(799, 'ROLE_MOD_TAB_ADMINXIPCOMMENT_UPDATE'),
(801, 'ROLE_MOD_TAB_ADMINXIPIMAGETYPE_CREATE'),
(804, 'ROLE_MOD_TAB_ADMINXIPIMAGETYPE_DELETE'),
(802, 'ROLE_MOD_TAB_ADMINXIPIMAGETYPE_READ'),
(803, 'ROLE_MOD_TAB_ADMINXIPIMAGETYPE_UPDATE'),
(789, 'ROLE_MOD_TAB_ADMINXIPPOST_CREATE'),
(792, 'ROLE_MOD_TAB_ADMINXIPPOST_DELETE'),
(790, 'ROLE_MOD_TAB_ADMINXIPPOST_READ'),
(791, 'ROLE_MOD_TAB_ADMINXIPPOST_UPDATE'),
(785, 'ROLE_MOD_TAB_ADMINXPRTDASHBOARD_CREATE'),
(788, 'ROLE_MOD_TAB_ADMINXPRTDASHBOARD_DELETE'),
(786, 'ROLE_MOD_TAB_ADMINXPRTDASHBOARD_READ'),
(787, 'ROLE_MOD_TAB_ADMINXPRTDASHBOARD_UPDATE'),
(433, 'ROLE_MOD_TAB_ADMINZONES_CREATE'),
(436, 'ROLE_MOD_TAB_ADMINZONES_DELETE'),
(434, 'ROLE_MOD_TAB_ADMINZONES_READ'),
(435, 'ROLE_MOD_TAB_ADMINZONES_UPDATE'),
(437, 'ROLE_MOD_TAB_CONFIGURE_CREATE'),
(440, 'ROLE_MOD_TAB_CONFIGURE_DELETE'),
(438, 'ROLE_MOD_TAB_CONFIGURE_READ'),
(439, 'ROLE_MOD_TAB_CONFIGURE_UPDATE'),
(441, 'ROLE_MOD_TAB_IMPROVE_CREATE'),
(444, 'ROLE_MOD_TAB_IMPROVE_DELETE'),
(442, 'ROLE_MOD_TAB_IMPROVE_READ'),
(443, 'ROLE_MOD_TAB_IMPROVE_UPDATE'),
(445, 'ROLE_MOD_TAB_SELL_CREATE'),
(448, 'ROLE_MOD_TAB_SELL_DELETE'),
(446, 'ROLE_MOD_TAB_SELL_READ'),
(447, 'ROLE_MOD_TAB_SELL_UPDATE'),
(449, 'ROLE_MOD_TAB_SHOPPARAMETERS_CREATE'),
(452, 'ROLE_MOD_TAB_SHOPPARAMETERS_DELETE'),
(450, 'ROLE_MOD_TAB_SHOPPARAMETERS_READ'),
(451, 'ROLE_MOD_TAB_SHOPPARAMETERS_UPDATE');

-- --------------------------------------------------------

--
-- Structure de la table `ps_badge`
--

CREATE TABLE `ps_badge` (
  `id_badge` int(11) NOT NULL,
  `id_ps_badge` int(11) NOT NULL,
  `type` varchar(32) NOT NULL,
  `id_group` int(11) NOT NULL,
  `group_position` int(11) NOT NULL,
  `scoring` int(11) NOT NULL,
  `awb` int(11) DEFAULT '0',
  `validated` tinyint(1) UNSIGNED NOT NULL DEFAULT '0'
) ENGINE=InnoDB DEFAULT CHARSET=utf8;

-- --------------------------------------------------------

--
-- Structure de la table `ps_badge_lang`
--

CREATE TABLE `ps_badge_lang` (
  `id_badge` int(11) NOT NULL,
  `id_lang` int(11) NOT NULL,
  `name` varchar(64) DEFAULT NULL,
  `description` varchar(255) DEFAULT NULL,
  `group_name` varchar(255) DEFAULT NULL
) ENGINE=InnoDB DEFAULT CHARSET=utf8;

-- --------------------------------------------------------

--
-- Structure de la table `ps_carrier`
--

CREATE TABLE `ps_carrier` (
  `id_carrier` int(10) UNSIGNED NOT NULL,
  `id_reference` int(10) UNSIGNED NOT NULL,
  `id_tax_rules_group` int(10) UNSIGNED DEFAULT '0',
  `name` varchar(64) NOT NULL,
  `url` varchar(255) DEFAULT NULL,
  `active` tinyint(1) UNSIGNED NOT NULL DEFAULT '0',
  `deleted` tinyint(1) UNSIGNED NOT NULL DEFAULT '0',
  `shipping_handling` tinyint(1) UNSIGNED NOT NULL DEFAULT '1',
  `range_behavior` tinyint(1) UNSIGNED NOT NULL DEFAULT '0',
  `is_module` tinyint(1) UNSIGNED NOT NULL DEFAULT '0',
  `is_free` tinyint(1) UNSIGNED NOT NULL DEFAULT '0',
  `shipping_external` tinyint(1) UNSIGNED NOT NULL DEFAULT '0',
  `need_range` tinyint(1) UNSIGNED NOT NULL DEFAULT '0',
  `external_module_name` varchar(64) DEFAULT NULL,
  `shipping_method` int(2) NOT NULL DEFAULT '0',
  `position` int(10) UNSIGNED NOT NULL DEFAULT '0',
  `max_width` int(10) DEFAULT '0',
  `max_height` int(10) DEFAULT '0',
  `max_depth` int(10) DEFAULT '0',
  `max_weight` decimal(20,6) DEFAULT '0.000000',
  `grade` int(10) DEFAULT '0'
) ENGINE=InnoDB DEFAULT CHARSET=utf8;

--
-- Déchargement des données de la table `ps_carrier`
--

INSERT INTO `ps_carrier` (`id_carrier`, `id_reference`, `id_tax_rules_group`, `name`, `url`, `active`, `deleted`, `shipping_handling`, `range_behavior`, `is_module`, `is_free`, `shipping_external`, `need_range`, `external_module_name`, `shipping_method`, `position`, `max_width`, `max_height`, `max_depth`, `max_weight`, `grade`) VALUES
(1, 1, 0, '0', NULL, 1, 0, 0, 0, 0, 1, 0, 0, NULL, 0, 0, 0, 0, 0, 0.000000, 0),
(2, 2, 0, 'My carrier', NULL, 1, 0, 1, 0, 0, 0, 0, 0, NULL, 0, 1, 0, 0, 0, 0.000000, 0);

-- --------------------------------------------------------

--
-- Structure de la table `ps_carrier_group`
--

CREATE TABLE `ps_carrier_group` (
  `id_carrier` int(10) UNSIGNED NOT NULL,
  `id_group` int(10) UNSIGNED NOT NULL
) ENGINE=InnoDB DEFAULT CHARSET=utf8;

--
-- Déchargement des données de la table `ps_carrier_group`
--

INSERT INTO `ps_carrier_group` (`id_carrier`, `id_group`) VALUES
(1, 1),
(1, 2),
(1, 3),
(2, 1),
(2, 2),
(2, 3);

-- --------------------------------------------------------

--
-- Structure de la table `ps_carrier_lang`
--

CREATE TABLE `ps_carrier_lang` (
  `id_carrier` int(10) UNSIGNED NOT NULL,
  `id_shop` int(11) UNSIGNED NOT NULL DEFAULT '1',
  `id_lang` int(10) UNSIGNED NOT NULL,
  `delay` varchar(512) DEFAULT NULL
) ENGINE=InnoDB DEFAULT CHARSET=utf8;

--
-- Déchargement des données de la table `ps_carrier_lang`
--

INSERT INTO `ps_carrier_lang` (`id_carrier`, `id_shop`, `id_lang`, `delay`) VALUES
(1, 1, 1, 'Pick up in-store'),
(2, 1, 1, 'Delivery next day!'),
(1, 2, 1, 'Pick up in-store'),
(2, 2, 1, 'Delivery next day!'),
(1, 3, 1, 'Pick up in-store'),
(2, 3, 1, 'Delivery next day!'),
(1, 4, 1, 'Pick up in-store'),
(2, 4, 1, 'Delivery next day!'),
(1, 1, 2, 'Retrait en magasin'),
(2, 1, 2, 'Livraison le lendemain !'),
(1, 2, 2, 'Retrait en magasin'),
(2, 2, 2, 'Livraison le lendemain !'),
(1, 3, 2, 'Retrait en magasin'),
(2, 3, 2, 'Livraison le lendemain !'),
(1, 4, 2, 'Retrait en magasin'),
(2, 4, 2, 'Livraison le lendemain !'),
(1, 1, 3, 'استلام في المتجر'),
(2, 1, 3, 'توصيل في اليوم التالي!'),
(1, 2, 3, 'استلام في المتجر'),
(2, 2, 3, 'توصيل في اليوم التالي!'),
(1, 3, 3, 'استلام في المتجر'),
(2, 3, 3, 'توصيل في اليوم التالي!'),
(1, 4, 3, 'استلام في المتجر'),
(2, 4, 3, 'توصيل في اليوم التالي!');

-- --------------------------------------------------------

--
-- Structure de la table `ps_carrier_shop`
--

CREATE TABLE `ps_carrier_shop` (
  `id_carrier` int(11) UNSIGNED NOT NULL,
  `id_shop` int(11) UNSIGNED NOT NULL
) ENGINE=InnoDB DEFAULT CHARSET=utf8;

--
-- Déchargement des données de la table `ps_carrier_shop`
--

INSERT INTO `ps_carrier_shop` (`id_carrier`, `id_shop`) VALUES
(1, 1),
(2, 1),
(1, 2),
(2, 2),
(1, 3),
(2, 3),
(1, 4),
(2, 4);

-- --------------------------------------------------------

--
-- Structure de la table `ps_carrier_tax_rules_group_shop`
--

CREATE TABLE `ps_carrier_tax_rules_group_shop` (
  `id_carrier` int(11) UNSIGNED NOT NULL,
  `id_tax_rules_group` int(11) UNSIGNED NOT NULL,
  `id_shop` int(11) UNSIGNED NOT NULL
) ENGINE=InnoDB DEFAULT CHARSET=utf8;

--
-- Déchargement des données de la table `ps_carrier_tax_rules_group_shop`
--

INSERT INTO `ps_carrier_tax_rules_group_shop` (`id_carrier`, `id_tax_rules_group`, `id_shop`) VALUES
(1, 1, 1),
(1, 1, 2),
(1, 1, 3),
(1, 1, 4),
(2, 1, 1),
(2, 1, 2),
(2, 1, 3),
(2, 1, 4);

-- --------------------------------------------------------

--
-- Structure de la table `ps_carrier_zone`
--

CREATE TABLE `ps_carrier_zone` (
  `id_carrier` int(10) UNSIGNED NOT NULL,
  `id_zone` int(10) UNSIGNED NOT NULL
) ENGINE=InnoDB DEFAULT CHARSET=utf8;

--
-- Déchargement des données de la table `ps_carrier_zone`
--

INSERT INTO `ps_carrier_zone` (`id_carrier`, `id_zone`) VALUES
(1, 1),
(2, 1),
(2, 2);

-- --------------------------------------------------------

--
-- Structure de la table `ps_cart`
--

CREATE TABLE `ps_cart` (
  `id_cart` int(10) UNSIGNED NOT NULL,
  `id_shop_group` int(11) UNSIGNED NOT NULL DEFAULT '1',
  `id_shop` int(11) UNSIGNED NOT NULL DEFAULT '1',
  `id_carrier` int(10) UNSIGNED NOT NULL,
  `delivery_option` text NOT NULL,
  `id_lang` int(10) UNSIGNED NOT NULL,
  `id_address_delivery` int(10) UNSIGNED NOT NULL,
  `id_address_invoice` int(10) UNSIGNED NOT NULL,
  `id_currency` int(10) UNSIGNED NOT NULL,
  `id_customer` int(10) UNSIGNED NOT NULL,
  `id_guest` int(10) UNSIGNED NOT NULL,
  `secure_key` varchar(32) NOT NULL DEFAULT '-1',
  `recyclable` tinyint(1) UNSIGNED NOT NULL DEFAULT '1',
  `gift` tinyint(1) UNSIGNED NOT NULL DEFAULT '0',
  `gift_message` text,
  `mobile_theme` tinyint(1) NOT NULL DEFAULT '0',
  `allow_seperated_package` tinyint(1) UNSIGNED NOT NULL DEFAULT '0',
  `date_add` datetime NOT NULL,
  `date_upd` datetime NOT NULL,
  `checkout_session_data` mediumtext
) ENGINE=InnoDB DEFAULT CHARSET=utf8;

--
-- Déchargement des données de la table `ps_cart`
--

INSERT INTO `ps_cart` (`id_cart`, `id_shop_group`, `id_shop`, `id_carrier`, `delivery_option`, `id_lang`, `id_address_delivery`, `id_address_invoice`, `id_currency`, `id_customer`, `id_guest`, `secure_key`, `recyclable`, `gift`, `gift_message`, `mobile_theme`, `allow_seperated_package`, `date_add`, `date_upd`, `checkout_session_data`) VALUES
(1, 1, 1, 2, '{\"3\":\"2,\"}', 1, 4, 4, 1, 1, 1, 'b44a6d9efd7a0076a0fbce6b15eaf3b1', 0, 0, NULL, 0, 0, '2018-10-24 09:07:46', '2018-10-24 09:07:46', NULL),
(2, 1, 1, 2, '{\"3\":\"2,\"}', 1, 4, 4, 1, 1, 1, 'b44a6d9efd7a0076a0fbce6b15eaf3b1', 0, 0, NULL, 0, 0, '2018-10-24 09:07:46', '2018-10-24 09:07:46', NULL),
(3, 1, 1, 2, '{\"3\":\"2,\"}', 1, 4, 4, 1, 1, 1, 'b44a6d9efd7a0076a0fbce6b15eaf3b1', 0, 0, NULL, 0, 0, '2018-10-24 09:07:46', '2018-10-24 09:07:46', NULL),
(4, 1, 1, 2, '{\"3\":\"2,\"}', 1, 4, 4, 1, 1, 1, 'b44a6d9efd7a0076a0fbce6b15eaf3b1', 0, 0, NULL, 0, 0, '2018-10-24 09:07:46', '2018-10-24 09:07:46', NULL),
(5, 1, 1, 2, '{\"3\":\"2,\"}', 1, 4, 4, 1, 1, 1, 'b44a6d9efd7a0076a0fbce6b15eaf3b1', 0, 0, NULL, 0, 0, '2018-10-24 09:07:46', '2018-10-24 09:07:46', NULL),
(6, 1, 1, 0, '', 1, 0, 0, 1, 0, 3, '', 0, 0, NULL, 0, 0, '2018-11-06 21:27:22', '2018-11-06 21:27:49', NULL),
(7, 1, 2, 0, '', 1, 0, 0, 1, 0, 4, '', 0, 0, NULL, 0, 0, '2018-11-13 02:58:29', '2018-11-13 02:58:29', NULL),
(8, 1, 4, 0, '', 1, 0, 0, 1, 0, 8, '', 0, 0, NULL, 0, 0, '2018-11-19 01:35:10', '2018-11-19 01:35:11', NULL),
(9, 1, 1, 0, '', 1, 0, 0, 1, 0, 34, '', 0, 0, NULL, 0, 0, '2020-01-29 20:34:56', '2020-01-31 21:02:28', '{\"checkout-personal-information-step\":{\"step_is_reachable\":true,\"step_is_complete\":false},\"checkout-addresses-step\":{\"step_is_reachable\":false,\"step_is_complete\":false,\"use_same_address\":true},\"checkout-delivery-step\":{\"step_is_reachable\":false,\"step_is_complete\":false},\"checkout-payment-step\":{\"step_is_reachable\":false,\"step_is_complete\":false},\"checksum\":null}'),
(10, 1, 2, 0, '', 1, 0, 0, 1, 0, 35, '', 0, 0, NULL, 0, 0, '2020-01-30 02:00:39', '2020-01-30 02:00:39', '{\"checkout-personal-information-step\":{\"step_is_reachable\":true,\"step_is_complete\":false},\"checkout-addresses-step\":{\"step_is_reachable\":false,\"step_is_complete\":false,\"use_same_address\":true},\"checkout-delivery-step\":{\"step_is_reachable\":false,\"step_is_complete\":false},\"checkout-payment-step\":{\"step_is_reachable\":false,\"step_is_complete\":false},\"checksum\":null}'),
(11, 1, 1, 0, '', 1, 0, 0, 1, 2, 39, '5023eeb79791f8f4f907b119d169916e', 0, 0, NULL, 0, 0, '2020-02-02 23:25:11', '2020-02-02 23:29:38', NULL),
(12, 1, 1, 2, '{\"11\":\"2,\"}', 1, 11, 11, 1, 2, 43, '5023eeb79791f8f4f907b119d169916e', 0, 0, NULL, 0, 0, '2020-02-03 00:59:00', '2020-02-27 20:56:16', '{\"checkout-personal-information-step\":{\"step_is_reachable\":true,\"step_is_complete\":true},\"checkout-addresses-step\":{\"step_is_reachable\":true,\"step_is_complete\":true,\"use_same_address\":true},\"checkout-delivery-step\":{\"step_is_reachable\":true,\"step_is_complete\":true},\"checkout-payment-step\":{\"step_is_reachable\":true,\"step_is_complete\":false},\"checksum\":\"4d80ffdfdf6027df9b8e63a8a23424ad6a44b303\"}'),
(13, 1, 2, 2, '{\"10\":\"2,\"}', 1, 10, 10, 1, 3, 40, 'af55c805ce58f3f599d7777d5ecac3f8', 0, 0, NULL, 0, 0, '2020-02-04 03:23:22', '2020-02-04 03:25:47', '{\"checkout-personal-information-step\":{\"step_is_reachable\":true,\"step_is_complete\":true},\"checkout-addresses-step\":{\"step_is_reachable\":true,\"step_is_complete\":true,\"use_same_address\":true},\"checkout-delivery-step\":{\"step_is_reachable\":true,\"step_is_complete\":true},\"checkout-payment-step\":{\"step_is_reachable\":true,\"step_is_complete\":false},\"checksum\":\"6e78702c6f96e1a8bf22ea81de0a5784c4ad8706\"}'),
(14, 1, 2, 2, '{\"10\":\"2,\"}', 1, 10, 10, 1, 3, 40, 'af55c805ce58f3f599d7777d5ecac3f8', 0, 0, NULL, 0, 0, '2020-02-27 20:44:46', '2020-02-28 21:17:23', '{\"checkout-personal-information-step\":{\"step_is_reachable\":true,\"step_is_complete\":true},\"checkout-addresses-step\":{\"step_is_reachable\":true,\"step_is_complete\":false,\"use_same_address\":true},\"checkout-delivery-step\":{\"step_is_reachable\":false,\"step_is_complete\":false},\"checkout-payment-step\":{\"step_is_reachable\":false,\"step_is_complete\":false},\"checksum\":\"4220fb4d75bbdcc1384b7491db58a5690ff14feb\"}'),
(15, 1, 3, 0, '', 1, 12, 12, 1, 4, 41, '15002b3ecf19449ada24ed28d63b3f01', 0, 0, NULL, 0, 0, '2020-02-27 20:47:45', '2020-02-27 20:58:10', '{\"checkout-personal-information-step\":{\"step_is_reachable\":true,\"step_is_complete\":true},\"checkout-addresses-step\":{\"step_is_reachable\":true,\"step_is_complete\":true,\"use_same_address\":true},\"checkout-payment-step\":{\"step_is_reachable\":true,\"step_is_complete\":false},\"checksum\":\"9ab2b36d94564b467960678b77a53f280c3d1997\"}'),
(16, 1, 4, 2, '{\"13\":\"2,\"}', 1, 13, 13, 1, 5, 42, 'a525599e82cbbff785e63862a36f9917', 0, 0, NULL, 0, 0, '2020-02-27 20:51:20', '2020-02-27 20:59:20', '{\"checkout-personal-information-step\":{\"step_is_reachable\":true,\"step_is_complete\":true},\"checkout-addresses-step\":{\"step_is_reachable\":true,\"step_is_complete\":true,\"use_same_address\":true},\"checkout-delivery-step\":{\"step_is_reachable\":true,\"step_is_complete\":true},\"checkout-payment-step\":{\"step_is_reachable\":true,\"step_is_complete\":false},\"checksum\":\"332f5956fa571ce188e1fefaa48d52c36087d54e\"}'),
(17, 1, 1, 0, '', 1, 11, 11, 1, 2, 43, '5023eeb79791f8f4f907b119d169916e', 0, 0, NULL, 0, 0, '2020-02-28 21:13:44', '2020-02-28 21:13:44', '{\"checkout-personal-information-step\":{\"step_is_reachable\":true,\"step_is_complete\":true},\"checkout-addresses-step\":{\"step_is_reachable\":true,\"step_is_complete\":false,\"use_same_address\":true},\"checkout-delivery-step\":{\"step_is_reachable\":false,\"step_is_complete\":false},\"checkout-payment-step\":{\"step_is_reachable\":false,\"step_is_complete\":false},\"checksum\":\"a9303f9625b8f4207b909bd425c8ad9ccd26646a\"}'),
(18, 1, 3, 0, '', 1, 12, 12, 1, 4, 41, '15002b3ecf19449ada24ed28d63b3f01', 0, 0, NULL, 0, 0, '2020-02-28 21:21:04', '2020-02-28 21:21:05', '{\"checkout-personal-information-step\":{\"step_is_reachable\":true,\"step_is_complete\":true},\"checkout-addresses-step\":{\"step_is_reachable\":true,\"step_is_complete\":false,\"use_same_address\":true},\"checkout-delivery-step\":{\"step_is_reachable\":false,\"step_is_complete\":false},\"checkout-payment-step\":{\"step_is_reachable\":false,\"step_is_complete\":false},\"checksum\":\"4ab240c7b1c4acaf10179ca558f4f16c76bb0d55\"}'),
(19, 1, 4, 0, '', 1, 13, 13, 1, 5, 42, 'a525599e82cbbff785e63862a36f9917', 0, 0, NULL, 0, 0, '2020-02-28 21:25:07', '2020-02-28 21:25:07', '{\"checkout-personal-information-step\":{\"step_is_reachable\":true,\"step_is_complete\":true},\"checkout-addresses-step\":{\"step_is_reachable\":true,\"step_is_complete\":false,\"use_same_address\":true},\"checkout-delivery-step\":{\"step_is_reachable\":false,\"step_is_complete\":false},\"checkout-payment-step\":{\"step_is_reachable\":false,\"step_is_complete\":false},\"checksum\":\"cd67432c1da71730c4923789c648c79858d5bfb4\"}');

-- --------------------------------------------------------

--
-- Structure de la table `ps_cart_cart_rule`
--

CREATE TABLE `ps_cart_cart_rule` (
  `id_cart` int(10) UNSIGNED NOT NULL,
  `id_cart_rule` int(10) UNSIGNED NOT NULL
) ENGINE=InnoDB DEFAULT CHARSET=utf8;

-- --------------------------------------------------------

--
-- Structure de la table `ps_cart_product`
--

CREATE TABLE `ps_cart_product` (
  `id_cart` int(10) UNSIGNED NOT NULL,
  `id_product` int(10) UNSIGNED NOT NULL,
  `id_address_delivery` int(10) UNSIGNED NOT NULL DEFAULT '0',
  `id_shop` int(10) UNSIGNED NOT NULL DEFAULT '1',
  `id_product_attribute` int(10) UNSIGNED NOT NULL DEFAULT '0',
  `id_customization` int(10) UNSIGNED NOT NULL DEFAULT '0',
  `quantity` int(10) UNSIGNED NOT NULL DEFAULT '0',
  `date_add` datetime NOT NULL
) ENGINE=InnoDB DEFAULT CHARSET=utf8;

-- --------------------------------------------------------

--
-- Structure de la table `ps_cart_rule`
--

CREATE TABLE `ps_cart_rule` (
  `id_cart_rule` int(10) UNSIGNED NOT NULL,
  `id_customer` int(10) UNSIGNED NOT NULL DEFAULT '0',
  `date_from` datetime NOT NULL,
  `date_to` datetime NOT NULL,
  `description` text,
  `quantity` int(10) UNSIGNED NOT NULL DEFAULT '0',
  `quantity_per_user` int(10) UNSIGNED NOT NULL DEFAULT '0',
  `priority` int(10) UNSIGNED NOT NULL DEFAULT '1',
  `partial_use` tinyint(1) UNSIGNED NOT NULL DEFAULT '0',
  `code` varchar(254) NOT NULL,
  `minimum_amount` decimal(17,2) NOT NULL DEFAULT '0.00',
  `minimum_amount_tax` tinyint(1) NOT NULL DEFAULT '0',
  `minimum_amount_currency` int(10) UNSIGNED NOT NULL DEFAULT '0',
  `minimum_amount_shipping` tinyint(1) NOT NULL DEFAULT '0',
  `country_restriction` tinyint(1) UNSIGNED NOT NULL DEFAULT '0',
  `carrier_restriction` tinyint(1) UNSIGNED NOT NULL DEFAULT '0',
  `group_restriction` tinyint(1) UNSIGNED NOT NULL DEFAULT '0',
  `cart_rule_restriction` tinyint(1) UNSIGNED NOT NULL DEFAULT '0',
  `product_restriction` tinyint(1) UNSIGNED NOT NULL DEFAULT '0',
  `shop_restriction` tinyint(1) UNSIGNED NOT NULL DEFAULT '0',
  `free_shipping` tinyint(1) NOT NULL DEFAULT '0',
  `reduction_percent` decimal(5,2) NOT NULL DEFAULT '0.00',
  `reduction_amount` decimal(17,2) NOT NULL DEFAULT '0.00',
  `reduction_tax` tinyint(1) UNSIGNED NOT NULL DEFAULT '0',
  `reduction_currency` int(10) UNSIGNED NOT NULL DEFAULT '0',
  `reduction_product` int(10) NOT NULL DEFAULT '0',
  `reduction_exclude_special` tinyint(1) UNSIGNED NOT NULL DEFAULT '0',
  `gift_product` int(10) UNSIGNED NOT NULL DEFAULT '0',
  `gift_product_attribute` int(10) UNSIGNED NOT NULL DEFAULT '0',
  `highlight` tinyint(1) UNSIGNED NOT NULL DEFAULT '0',
  `active` tinyint(1) UNSIGNED NOT NULL DEFAULT '0',
  `date_add` datetime NOT NULL,
  `date_upd` datetime NOT NULL
) ENGINE=InnoDB DEFAULT CHARSET=utf8;

-- --------------------------------------------------------

--
-- Structure de la table `ps_cart_rule_carrier`
--

CREATE TABLE `ps_cart_rule_carrier` (
  `id_cart_rule` int(10) UNSIGNED NOT NULL,
  `id_carrier` int(10) UNSIGNED NOT NULL
) ENGINE=InnoDB DEFAULT CHARSET=utf8;

-- --------------------------------------------------------

--
-- Structure de la table `ps_cart_rule_combination`
--

CREATE TABLE `ps_cart_rule_combination` (
  `id_cart_rule_1` int(10) UNSIGNED NOT NULL,
  `id_cart_rule_2` int(10) UNSIGNED NOT NULL
) ENGINE=InnoDB DEFAULT CHARSET=utf8;

-- --------------------------------------------------------

--
-- Structure de la table `ps_cart_rule_country`
--

CREATE TABLE `ps_cart_rule_country` (
  `id_cart_rule` int(10) UNSIGNED NOT NULL,
  `id_country` int(10) UNSIGNED NOT NULL
) ENGINE=InnoDB DEFAULT CHARSET=utf8;

-- --------------------------------------------------------

--
-- Structure de la table `ps_cart_rule_group`
--

CREATE TABLE `ps_cart_rule_group` (
  `id_cart_rule` int(10) UNSIGNED NOT NULL,
  `id_group` int(10) UNSIGNED NOT NULL
) ENGINE=InnoDB DEFAULT CHARSET=utf8;

-- --------------------------------------------------------

--
-- Structure de la table `ps_cart_rule_lang`
--

CREATE TABLE `ps_cart_rule_lang` (
  `id_cart_rule` int(10) UNSIGNED NOT NULL,
  `id_lang` int(10) UNSIGNED NOT NULL,
  `name` varchar(254) NOT NULL
) ENGINE=InnoDB DEFAULT CHARSET=utf8;

-- --------------------------------------------------------

--
-- Structure de la table `ps_cart_rule_product_rule`
--

CREATE TABLE `ps_cart_rule_product_rule` (
  `id_product_rule` int(10) UNSIGNED NOT NULL,
  `id_product_rule_group` int(10) UNSIGNED NOT NULL,
  `type` enum('products','categories','attributes','manufacturers','suppliers') NOT NULL
) ENGINE=InnoDB DEFAULT CHARSET=utf8;

-- --------------------------------------------------------

--
-- Structure de la table `ps_cart_rule_product_rule_group`
--

CREATE TABLE `ps_cart_rule_product_rule_group` (
  `id_product_rule_group` int(10) UNSIGNED NOT NULL,
  `id_cart_rule` int(10) UNSIGNED NOT NULL,
  `quantity` int(10) UNSIGNED NOT NULL DEFAULT '1'
) ENGINE=InnoDB DEFAULT CHARSET=utf8;

-- --------------------------------------------------------

--
-- Structure de la table `ps_cart_rule_product_rule_value`
--

CREATE TABLE `ps_cart_rule_product_rule_value` (
  `id_product_rule` int(10) UNSIGNED NOT NULL,
  `id_item` int(10) UNSIGNED NOT NULL
) ENGINE=InnoDB DEFAULT CHARSET=utf8;

-- --------------------------------------------------------

--
-- Structure de la table `ps_cart_rule_shop`
--

CREATE TABLE `ps_cart_rule_shop` (
  `id_cart_rule` int(10) UNSIGNED NOT NULL,
  `id_shop` int(10) UNSIGNED NOT NULL
) ENGINE=InnoDB DEFAULT CHARSET=utf8;

-- --------------------------------------------------------

--
-- Structure de la table `ps_category`
--

CREATE TABLE `ps_category` (
  `id_category` int(10) UNSIGNED NOT NULL,
  `id_parent` int(10) UNSIGNED NOT NULL,
  `id_shop_default` int(10) UNSIGNED NOT NULL DEFAULT '1',
  `level_depth` tinyint(3) UNSIGNED NOT NULL DEFAULT '0',
  `nleft` int(10) UNSIGNED NOT NULL DEFAULT '0',
  `nright` int(10) UNSIGNED NOT NULL DEFAULT '0',
  `active` tinyint(1) UNSIGNED NOT NULL DEFAULT '0',
  `date_add` datetime NOT NULL,
  `date_upd` datetime NOT NULL,
  `position` int(10) UNSIGNED NOT NULL DEFAULT '0',
  `is_root_category` tinyint(1) NOT NULL DEFAULT '0'
) ENGINE=InnoDB DEFAULT CHARSET=utf8;

--
-- Déchargement des données de la table `ps_category`
--

INSERT INTO `ps_category` (`id_category`, `id_parent`, `id_shop_default`, `level_depth`, `nleft`, `nright`, `active`, `date_add`, `date_upd`, `position`, `is_root_category`) VALUES
(1, 0, 1, 0, 1, 64, 1, '2018-10-24 09:07:39', '2018-10-24 09:07:39', 0, 0),
(2, 1, 1, 1, 2, 63, 1, '2018-10-24 09:07:39', '2020-09-14 09:45:41', 0, 1),
(37, 11, 1, 3, 16, 31, 1, '2018-10-30 04:20:51', '2018-11-16 01:59:21', 1, 0),
(38, 11, 1, 3, 32, 51, 1, '2018-10-30 04:21:25', '2018-11-16 01:59:28', 2, 0),
(40, 37, 1, 4, 23, 24, 1, '2018-10-30 04:28:00', '2018-11-16 02:01:04', 1, 0),
(41, 37, 1, 4, 25, 26, 1, '2018-10-30 04:38:10', '2018-11-16 02:01:05', 2, 0),
(42, 37, 1, 4, 27, 28, 1, '2018-10-30 04:39:44', '2018-11-16 02:01:05', 3, 0),
(43, 37, 1, 4, 29, 30, 1, '2018-10-30 04:41:26', '2018-11-16 02:01:05', 4, 0),
(44, 37, 1, 4, 17, 18, 1, '2018-10-30 04:42:17', '2018-11-16 02:01:05', 5, 0),
(45, 37, 1, 4, 19, 20, 1, '2018-10-30 04:42:46', '2018-11-16 02:01:08', 6, 0),
(46, 37, 1, 4, 21, 22, 1, '2018-10-30 04:42:59', '2018-11-16 02:01:22', 7, 0),
(47, 38, 1, 4, 33, 34, 1, '2018-10-30 04:44:16', '2018-11-16 02:03:44', 1, 0),
(48, 38, 1, 4, 35, 36, 1, '2018-10-30 04:44:56', '2018-11-16 02:03:44', 2, 0),
(49, 38, 1, 4, 37, 38, 1, '2018-10-30 04:45:35', '2018-11-16 02:03:44', 3, 0),
(73, 2, 1, 2, 3, 42, 1, '2020-09-13 14:30:39', '2020-09-29 20:45:55', 11, 0),
(74, 73, 1, 3, 4, 19, 1, '2020-09-13 14:58:01', '2020-09-13 14:58:01', 0, 0),
(75, 74, 1, 4, 5, 6, 1, '2020-09-13 15:02:59', '2020-09-13 15:02:59', 0, 0),
(76, 74, 1, 4, 7, 8, 1, '2020-09-13 15:04:35', '2020-09-13 15:04:35', 0, 0),
(77, 73, 1, 3, 20, 37, 1, '2020-09-13 15:16:33', '2020-09-13 15:16:33', 0, 0),
(78, 73, 1, 3, 38, 41, 1, '2020-09-13 15:19:34', '2020-09-13 15:19:34', 0, 0),
(80, 78, 1, 4, 39, 40, 1, '2020-09-13 15:30:45', '2020-09-13 15:30:45', 0, 0),
(82, 74, 1, 4, 9, 10, 1, '2020-09-14 09:45:21', '2020-09-14 09:45:21', 0, 0),
(83, 74, 1, 4, 11, 12, 1, '2020-09-14 09:46:26', '2020-09-14 09:46:26', 0, 0),
(84, 74, 1, 4, 13, 14, 1, '2020-09-14 09:47:44', '2020-09-14 09:47:44', 0, 0),
(85, 74, 1, 4, 15, 16, 1, '2020-09-14 09:49:16', '2020-09-14 09:49:16', 0, 0),
(86, 74, 1, 4, 17, 18, 1, '2020-09-14 09:51:04', '2020-09-14 09:51:04', 0, 0),
(87, 2, 1, 2, 43, 50, 1, '2020-09-29 18:43:32', '2020-09-29 18:43:32', 0, 0),
(88, 2, 1, 2, 51, 56, 1, '2020-09-29 18:44:28', '2020-09-29 18:44:28', 0, 0),
(89, 2, 1, 2, 57, 58, 1, '2020-09-29 18:45:22', '2020-09-29 18:45:22', 0, 0),
(90, 2, 1, 2, 59, 60, 1, '2020-09-29 18:47:47', '2020-09-29 18:47:47', 0, 0),
(91, 2, 1, 2, 61, 62, 1, '2020-09-29 18:48:34', '2020-09-29 18:48:34', 0, 0),
(92, 77, 1, 4, 21, 22, 1, '2020-09-29 18:51:41', '2020-09-29 18:51:41', 0, 0),
(93, 77, 1, 4, 23, 24, 1, '2020-09-29 18:52:28', '2020-09-29 18:56:49', 1, 0),
(94, 77, 1, 4, 25, 26, 1, '2020-09-29 18:57:50', '2020-09-29 18:57:50', 0, 0),
(95, 77, 1, 4, 27, 28, 1, '2020-09-29 18:58:30', '2020-09-29 18:58:30', 0, 0),
(96, 77, 1, 4, 29, 30, 1, '2020-09-29 18:59:08', '2020-09-29 18:59:08', 0, 0),
(97, 77, 1, 4, 31, 32, 1, '2020-09-29 19:00:07', '2020-09-29 19:00:07', 0, 0),
(98, 77, 1, 4, 33, 34, 1, '2020-09-29 19:00:57', '2020-09-29 19:00:57', 0, 0),
(99, 77, 1, 4, 35, 36, 1, '2020-09-29 19:01:38', '2020-09-29 19:01:38', 0, 0),
(100, 87, 1, 3, 44, 45, 1, '2020-09-29 20:26:18', '2020-09-29 20:26:18', 0, 0),
(101, 87, 1, 3, 46, 47, 1, '2020-09-29 20:27:36', '2020-09-29 20:27:36', 0, 0),
(102, 87, 1, 3, 48, 49, 1, '2020-09-29 20:31:19', '2020-09-29 20:31:19', 0, 0),
(103, 88, 1, 3, 52, 53, 1, '2020-09-29 20:32:56', '2020-09-29 20:32:56', 0, 0),
(104, 88, 1, 3, 54, 55, 1, '2020-09-29 20:34:58', '2020-09-29 20:34:58', 0, 0);

-- --------------------------------------------------------

--
-- Structure de la table `ps_category_group`
--

CREATE TABLE `ps_category_group` (
  `id_category` int(10) UNSIGNED NOT NULL,
  `id_group` int(10) UNSIGNED NOT NULL
) ENGINE=InnoDB DEFAULT CHARSET=utf8;

--
-- Déchargement des données de la table `ps_category_group`
--

INSERT INTO `ps_category_group` (`id_category`, `id_group`) VALUES
(2, 0),
(2, 1),
(2, 2),
(2, 3),
(7, 1),
(7, 2),
(7, 3),
(8, 1),
(8, 2),
(8, 3),
(22, 1),
(22, 2),
(22, 3),
(23, 1),
(23, 2),
(23, 3),
(24, 1),
(24, 2),
(24, 3),
(25, 1),
(25, 2),
(25, 3),
(26, 1),
(26, 2),
(26, 3),
(27, 1),
(27, 2),
(27, 3),
(28, 1),
(28, 2),
(28, 3),
(29, 1),
(29, 2),
(29, 3),
(30, 1),
(30, 2),
(30, 3),
(31, 1),
(31, 2),
(31, 3),
(32, 1),
(32, 2),
(32, 3),
(33, 1),
(33, 2),
(33, 3),
(34, 1),
(34, 2),
(34, 3),
(35, 1),
(35, 2),
(35, 3),
(36, 1),
(36, 2),
(36, 3),
(37, 1),
(37, 2),
(37, 3),
(38, 1),
(38, 2),
(38, 3),
(39, 1),
(39, 2),
(39, 3),
(40, 1),
(40, 2),
(40, 3),
(41, 1),
(41, 2),
(41, 3),
(42, 1),
(42, 2),
(42, 3),
(43, 1),
(43, 2),
(43, 3),
(44, 1),
(44, 2),
(44, 3),
(45, 1),
(45, 2),
(45, 3),
(46, 1),
(46, 2),
(46, 3),
(47, 1),
(47, 2),
(47, 3),
(48, 1),
(48, 2),
(48, 3),
(49, 1),
(49, 2),
(49, 3),
(50, 1),
(50, 2),
(50, 3),
(51, 1),
(51, 2),
(51, 3),
(52, 1),
(52, 2),
(52, 3),
(53, 1),
(53, 2),
(53, 3),
(54, 1),
(54, 2),
(54, 3),
(55, 1),
(55, 2),
(55, 3),
(56, 1),
(56, 2),
(56, 3),
(57, 1),
(57, 2),
(57, 3),
(58, 1),
(58, 2),
(58, 3),
(59, 1),
(59, 2),
(59, 3),
(60, 1),
(60, 2),
(60, 3),
(61, 1),
(61, 2),
(61, 3),
(62, 1),
(62, 2),
(62, 3),
(63, 1),
(63, 2),
(63, 3),
(64, 1),
(64, 2),
(64, 3),
(65, 1),
(65, 2),
(65, 3),
(66, 1),
(66, 2),
(66, 3),
(67, 1),
(67, 2),
(67, 3),
(68, 1),
(68, 2),
(68, 3),
(69, 1),
(69, 2),
(69, 3),
(70, 1),
(70, 2),
(70, 3),
(71, 1),
(71, 2),
(71, 3),
(72, 1),
(72, 2),
(72, 3),
(73, 1),
(73, 2),
(73, 3),
(74, 1),
(74, 2),
(74, 3),
(75, 1),
(75, 2),
(75, 3),
(76, 1),
(76, 2),
(76, 3),
(77, 1),
(77, 2),
(77, 3),
(78, 1),
(78, 2),
(78, 3),
(80, 1),
(80, 2),
(80, 3),
(82, 1),
(82, 2),
(82, 3),
(83, 1),
(83, 2),
(83, 3),
(84, 1),
(84, 2),
(84, 3),
(85, 1),
(85, 2),
(85, 3),
(86, 1),
(86, 2),
(86, 3),
(87, 1),
(87, 2),
(87, 3),
(88, 1),
(88, 2),
(88, 3),
(89, 1),
(89, 2),
(89, 3),
(90, 1),
(90, 2),
(90, 3),
(91, 1),
(91, 2),
(91, 3),
(92, 1),
(92, 2),
(92, 3),
(93, 1),
(93, 2),
(93, 3),
(94, 1),
(94, 2),
(94, 3),
(95, 1),
(95, 2),
(95, 3),
(96, 1),
(96, 2),
(96, 3),
(97, 1),
(97, 2),
(97, 3),
(98, 1),
(98, 2),
(98, 3),
(99, 1),
(99, 2),
(99, 3),
(100, 1),
(100, 2),
(100, 3),
(101, 1),
(101, 2),
(101, 3),
(102, 1),
(102, 2),
(102, 3),
(103, 1),
(103, 2),
(103, 3),
(104, 1),
(104, 2),
(104, 3);

-- --------------------------------------------------------

--
-- Structure de la table `ps_category_lang`
--

CREATE TABLE `ps_category_lang` (
  `id_category` int(10) UNSIGNED NOT NULL,
  `id_shop` int(11) UNSIGNED NOT NULL DEFAULT '1',
  `id_lang` int(10) UNSIGNED NOT NULL,
  `name` varchar(128) NOT NULL,
  `description` text,
  `link_rewrite` varchar(128) NOT NULL,
  `meta_title` varchar(128) DEFAULT NULL,
  `meta_keywords` varchar(255) DEFAULT NULL,
  `meta_description` varchar(255) DEFAULT NULL
) ENGINE=InnoDB DEFAULT CHARSET=utf8;

--
-- Déchargement des données de la table `ps_category_lang`
--

INSERT INTO `ps_category_lang` (`id_category`, `id_shop`, `id_lang`, `name`, `description`, `link_rewrite`, `meta_title`, `meta_keywords`, `meta_description`) VALUES
(1, 1, 1, 'Root', NULL, 'root', NULL, NULL, NULL),
(1, 1, 2, 'Racine', NULL, 'racine', NULL, NULL, NULL),
(1, 1, 3, 'الجذر', NULL, 'الجذر', NULL, NULL, NULL),
(1, 2, 1, 'Root', NULL, 'root', NULL, NULL, NULL),
(1, 2, 2, 'Racine', NULL, 'racine', NULL, NULL, NULL),
(1, 2, 3, 'الجذر', NULL, 'الجذر', NULL, NULL, NULL),
(1, 3, 1, 'Root', NULL, 'root', NULL, NULL, NULL),
(1, 3, 2, 'Racine', NULL, 'racine', NULL, NULL, NULL),
(1, 3, 3, 'الجذر', NULL, 'الجذر', NULL, NULL, NULL),
(1, 4, 1, 'Root', NULL, 'root', NULL, NULL, NULL),
(1, 4, 2, 'Racine', NULL, 'racine', NULL, NULL, NULL),
(1, 4, 3, 'الجذر', NULL, 'الجذر', NULL, NULL, NULL),
(2, 1, 1, 'Home', NULL, 'home', NULL, NULL, NULL),
(2, 1, 2, 'Accueil', NULL, 'accueil', NULL, NULL, NULL),
(2, 1, 3, 'الصفحة الرئيسية', NULL, 'الصفحة-الرئيسية', NULL, NULL, NULL),
(2, 2, 1, 'Home', NULL, 'home', NULL, NULL, NULL),
(2, 2, 2, 'Accueil', NULL, 'accueil', NULL, NULL, NULL),
(2, 2, 3, 'الصفحة الرئيسية', NULL, 'الصفحة-الرئيسية', NULL, NULL, NULL),
(2, 3, 1, 'Home', NULL, 'home', NULL, NULL, NULL),
(2, 3, 2, 'Accueil', NULL, 'accueil', NULL, NULL, NULL),
(2, 3, 3, 'الصفحة الرئيسية', NULL, 'الصفحة-الرئيسية', NULL, NULL, NULL),
(2, 4, 1, 'Home', NULL, 'home', NULL, NULL, NULL),
(2, 4, 2, 'Accueil', NULL, 'accueil', NULL, NULL, NULL),
(2, 4, 3, 'الصفحة الرئيسية', NULL, 'الصفحة-الرئيسية', NULL, NULL, NULL),
(37, 1, 1, 'Laptops', NULL, 'laptops', NULL, NULL, NULL),
(37, 1, 2, 'Laptops', NULL, 'laptops', NULL, NULL, NULL),
(37, 1, 3, 'Laptops', NULL, 'laptops', NULL, NULL, NULL),
(37, 2, 1, 'Laptops', NULL, 'laptops', NULL, NULL, NULL),
(37, 2, 2, 'Laptops', NULL, 'laptops', NULL, NULL, NULL),
(37, 2, 3, 'Laptops', NULL, 'laptops', NULL, NULL, NULL),
(37, 3, 1, 'Laptops', NULL, 'laptops', NULL, NULL, NULL),
(37, 3, 2, 'Laptops', NULL, 'laptops', NULL, NULL, NULL),
(37, 3, 3, 'Laptops', NULL, 'laptops', NULL, NULL, NULL),
(37, 4, 1, 'Laptops', NULL, 'laptops', NULL, NULL, NULL),
(37, 4, 2, 'Laptops', NULL, 'laptops', NULL, NULL, NULL),
(37, 4, 3, 'Laptops', NULL, 'laptops', NULL, NULL, NULL),
(38, 1, 1, 'Tablets', NULL, 'tablets', NULL, NULL, NULL),
(38, 1, 2, 'Tablets', NULL, 'tablets', NULL, NULL, NULL),
(38, 1, 3, 'Tablets', NULL, 'tablets', NULL, NULL, NULL),
(38, 2, 1, 'Tablets', NULL, 'tablets', NULL, NULL, NULL),
(38, 2, 2, 'Tablets', NULL, 'tablets', NULL, NULL, NULL),
(38, 2, 3, 'Tablets', NULL, 'tablets', NULL, NULL, NULL),
(38, 3, 1, 'Tablets', NULL, 'tablets', NULL, NULL, NULL),
(38, 3, 2, 'Tablets', NULL, 'tablets', NULL, NULL, NULL),
(38, 3, 3, 'Tablets', NULL, 'tablets', NULL, NULL, NULL),
(38, 4, 1, 'Tablets', NULL, 'tablets', NULL, NULL, NULL),
(38, 4, 2, 'Tablets', NULL, 'tablets', NULL, NULL, NULL),
(38, 4, 3, 'Tablets', NULL, 'tablets', NULL, NULL, NULL),
(40, 1, 1, '2-in-1s', NULL, '2-in-1s', NULL, NULL, NULL),
(40, 1, 2, '2-in-1s', NULL, '2-in-1s', NULL, NULL, NULL),
(40, 1, 3, '2-in-1s', NULL, '2-in-1s', NULL, NULL, NULL),
(40, 2, 1, '2-in-1s', NULL, '2-in-1s', NULL, NULL, NULL),
(40, 2, 2, '2-in-1s', NULL, '2-in-1s', NULL, NULL, NULL),
(40, 2, 3, '2-in-1s', NULL, '2-in-1s', NULL, NULL, NULL),
(40, 3, 1, '2-in-1s', NULL, '2-in-1s', NULL, NULL, NULL),
(40, 3, 2, '2-in-1s', NULL, '2-in-1s', NULL, NULL, NULL),
(40, 3, 3, '2-in-1s', NULL, '2-in-1s', NULL, NULL, NULL),
(40, 4, 1, '2-in-1s', NULL, '2-in-1s', NULL, NULL, NULL),
(40, 4, 2, '2-in-1s', NULL, '2-in-1s', NULL, NULL, NULL),
(40, 4, 3, '2-in-1s', NULL, '2-in-1s', NULL, NULL, NULL),
(41, 1, 1, 'Business Laptops', NULL, 'business-laptops', NULL, NULL, NULL),
(41, 1, 2, 'Business Laptops', NULL, 'business-laptops', NULL, NULL, NULL),
(41, 1, 3, 'Business Laptops', NULL, 'business-laptops', NULL, NULL, NULL),
(41, 2, 1, 'Business Laptops', NULL, 'business-laptops', NULL, NULL, NULL),
(41, 2, 2, 'Business Laptops', NULL, 'business-laptops', NULL, NULL, NULL),
(41, 2, 3, 'Business Laptops', NULL, 'business-laptops', NULL, NULL, NULL),
(41, 3, 1, 'Business Laptops', NULL, 'business-laptops', NULL, NULL, NULL),
(41, 3, 2, 'Business Laptops', NULL, 'business-laptops', NULL, NULL, NULL),
(41, 3, 3, 'Business Laptops', NULL, 'business-laptops', NULL, NULL, NULL),
(41, 4, 1, 'Business Laptops', NULL, 'business-laptops', NULL, NULL, NULL),
(41, 4, 2, 'Business Laptops', NULL, 'business-laptops', NULL, NULL, NULL),
(41, 4, 3, 'Business Laptops', NULL, 'business-laptops', NULL, NULL, NULL),
(42, 1, 1, 'Chromebooks', NULL, 'chromebooks', NULL, NULL, NULL),
(42, 1, 2, 'Chromebooks', NULL, 'chromebooks', NULL, NULL, NULL),
(42, 1, 3, 'Chromebooks', NULL, 'chromebooks', NULL, NULL, NULL),
(42, 2, 1, 'Chromebooks', NULL, 'chromebooks', NULL, NULL, NULL),
(42, 2, 2, 'Chromebooks', NULL, 'chromebooks', NULL, NULL, NULL),
(42, 2, 3, 'Chromebooks', NULL, 'chromebooks', NULL, NULL, NULL),
(42, 3, 1, 'Chromebooks', NULL, 'chromebooks', NULL, NULL, NULL),
(42, 3, 2, 'Chromebooks', NULL, 'chromebooks', NULL, NULL, NULL),
(42, 3, 3, 'Chromebooks', NULL, 'chromebooks', NULL, NULL, NULL),
(42, 4, 1, 'Chromebooks', NULL, 'chromebooks', NULL, NULL, NULL),
(42, 4, 2, 'Chromebooks', NULL, 'chromebooks', NULL, NULL, NULL),
(42, 4, 3, 'Chromebooks', NULL, 'chromebooks', NULL, NULL, NULL),
(43, 1, 1, 'Gaming Laptops', NULL, 'gaming-laptops', NULL, NULL, NULL),
(43, 1, 2, 'Gaming Laptops', NULL, 'gaming-laptops', NULL, NULL, NULL),
(43, 1, 3, 'Gaming Laptops', NULL, 'gaming-laptops', NULL, NULL, NULL),
(43, 2, 1, 'Gaming Laptops', NULL, 'gaming-laptops', NULL, NULL, NULL),
(43, 2, 2, 'Gaming Laptops', NULL, 'gaming-laptops', NULL, NULL, NULL),
(43, 2, 3, 'Gaming Laptops', NULL, 'gaming-laptops', NULL, NULL, NULL),
(43, 3, 1, 'Gaming Laptops', NULL, 'gaming-laptops', NULL, NULL, NULL),
(43, 3, 2, 'Gaming Laptops', NULL, 'gaming-laptops', NULL, NULL, NULL),
(43, 3, 3, 'Gaming Laptops', NULL, 'gaming-laptops', NULL, NULL, NULL),
(43, 4, 1, 'Gaming Laptops', NULL, 'gaming-laptops', NULL, NULL, NULL),
(43, 4, 2, 'Gaming Laptops', NULL, 'gaming-laptops', NULL, NULL, NULL),
(43, 4, 3, 'Gaming Laptops', NULL, 'gaming-laptops', NULL, NULL, NULL),
(44, 1, 1, 'Laptop Packages', NULL, 'laptop-packages', NULL, NULL, NULL),
(44, 1, 2, 'Laptop Packages', NULL, 'laptop-packages', NULL, NULL, NULL),
(44, 1, 3, 'Laptop Packages', NULL, 'laptop-packages', NULL, NULL, NULL),
(44, 2, 1, 'Laptop Packages', NULL, 'laptop-packages', NULL, NULL, NULL),
(44, 2, 2, 'Laptop Packages', NULL, 'laptop-packages', NULL, NULL, NULL),
(44, 2, 3, 'Laptop Packages', NULL, 'laptop-packages', NULL, NULL, NULL),
(44, 3, 1, 'Laptop Packages', NULL, 'laptop-packages', NULL, NULL, NULL),
(44, 3, 2, 'Laptop Packages', NULL, 'laptop-packages', NULL, NULL, NULL),
(44, 3, 3, 'Laptop Packages', NULL, 'laptop-packages', NULL, NULL, NULL),
(44, 4, 1, 'Laptop Packages', NULL, 'laptop-packages', NULL, NULL, NULL),
(44, 4, 2, 'Laptop Packages', NULL, 'laptop-packages', NULL, NULL, NULL),
(44, 4, 3, 'Laptop Packages', NULL, 'laptop-packages', NULL, NULL, NULL),
(45, 1, 1, 'MacBooks', NULL, 'macbooks', NULL, NULL, NULL),
(45, 1, 2, 'MacBooks', NULL, 'macbooks', NULL, NULL, NULL),
(45, 1, 3, 'MacBooks', NULL, 'macbooks', NULL, NULL, NULL),
(45, 2, 1, 'MacBooks', NULL, 'macbooks', NULL, NULL, NULL),
(45, 2, 2, 'MacBooks', NULL, 'macbooks', NULL, NULL, NULL),
(45, 2, 3, 'MacBooks', NULL, 'macbooks', NULL, NULL, NULL),
(45, 3, 1, 'MacBooks', NULL, 'macbooks', NULL, NULL, NULL),
(45, 3, 2, 'MacBooks', NULL, 'macbooks', NULL, NULL, NULL),
(45, 3, 3, 'MacBooks', NULL, 'macbooks', NULL, NULL, NULL),
(45, 4, 1, 'MacBooks', NULL, 'macbooks', NULL, NULL, NULL),
(45, 4, 2, 'MacBooks', NULL, 'macbooks', NULL, NULL, NULL),
(45, 4, 3, 'MacBooks', NULL, 'macbooks', NULL, NULL, NULL),
(46, 1, 1, 'MacBooks', NULL, 'macbooks', NULL, NULL, NULL),
(46, 1, 2, 'MacBooks', NULL, 'macbooks', NULL, NULL, NULL),
(46, 1, 3, 'MacBooks', NULL, 'macbooks', NULL, NULL, NULL),
(46, 2, 1, 'MacBooks', NULL, 'macbooks', NULL, NULL, NULL),
(46, 2, 2, 'MacBooks', NULL, 'macbooks', NULL, NULL, NULL),
(46, 2, 3, 'MacBooks', NULL, 'macbooks', NULL, NULL, NULL),
(46, 3, 1, 'MacBooks', NULL, 'macbooks', NULL, NULL, NULL),
(46, 3, 2, 'MacBooks', NULL, 'macbooks', NULL, NULL, NULL),
(46, 3, 3, 'MacBooks', NULL, 'macbooks', NULL, NULL, NULL),
(46, 4, 1, 'MacBooks', NULL, 'macbooks', NULL, NULL, NULL),
(46, 4, 2, 'MacBooks', NULL, 'macbooks', NULL, NULL, NULL),
(46, 4, 3, 'MacBooks', NULL, 'macbooks', NULL, NULL, NULL),
(47, 1, 1, 'PC Laptops', NULL, 'pc-laptops', NULL, NULL, NULL),
(47, 1, 2, 'PC Laptops', NULL, 'pc-laptops', NULL, NULL, NULL),
(47, 1, 3, 'PC Laptops', NULL, 'pc-laptops', NULL, NULL, NULL),
(47, 2, 1, 'PC Laptops', NULL, 'pc-laptops', NULL, NULL, NULL),
(47, 2, 2, 'PC Laptops', NULL, 'pc-laptops', NULL, NULL, NULL),
(47, 2, 3, 'PC Laptops', NULL, 'pc-laptops', NULL, NULL, NULL),
(47, 3, 1, 'PC Laptops', NULL, 'pc-laptops', NULL, NULL, NULL),
(47, 3, 2, 'PC Laptops', NULL, 'pc-laptops', NULL, NULL, NULL),
(47, 3, 3, 'PC Laptops', NULL, 'pc-laptops', NULL, NULL, NULL),
(47, 4, 1, 'PC Laptops', NULL, 'pc-laptops', NULL, NULL, NULL),
(47, 4, 2, 'PC Laptops', NULL, 'pc-laptops', NULL, NULL, NULL),
(47, 4, 3, 'PC Laptops', NULL, 'pc-laptops', NULL, NULL, NULL),
(48, 1, 1, 'Refurbished Laptops', NULL, 'refurbished-laptops', NULL, NULL, NULL),
(48, 1, 2, 'Refurbished Laptops', NULL, 'refurbished-laptops', NULL, NULL, NULL),
(48, 1, 3, 'Refurbished Laptops', NULL, 'refurbished-laptops', NULL, NULL, NULL),
(48, 2, 1, 'Refurbished Laptops', NULL, 'refurbished-laptops', NULL, NULL, NULL),
(48, 2, 2, 'Refurbished Laptops', NULL, 'refurbished-laptops', NULL, NULL, NULL),
(48, 2, 3, 'Refurbished Laptops', NULL, 'refurbished-laptops', NULL, NULL, NULL),
(48, 3, 1, 'Refurbished Laptops', NULL, 'refurbished-laptops', NULL, NULL, NULL),
(48, 3, 2, 'Refurbished Laptops', NULL, 'refurbished-laptops', NULL, NULL, NULL),
(48, 3, 3, 'Refurbished Laptops', NULL, 'refurbished-laptops', NULL, NULL, NULL),
(48, 4, 1, 'Refurbished Laptops', NULL, 'refurbished-laptops', NULL, NULL, NULL),
(48, 4, 2, 'Refurbished Laptops', NULL, 'refurbished-laptops', NULL, NULL, NULL),
(48, 4, 3, 'Refurbished Laptops', NULL, 'refurbished-laptops', NULL, NULL, NULL),
(49, 1, 1, '4G LTE Tablets', NULL, '4g-lte-tablets', NULL, NULL, NULL),
(49, 1, 2, '4G LTE Tablets', NULL, '4g-lte-tablets', NULL, NULL, NULL),
(49, 1, 3, '4G LTE Tablets', NULL, '4g-lte-tablets', NULL, NULL, NULL),
(49, 2, 1, '4G LTE Tablets', NULL, '4g-lte-tablets', NULL, NULL, NULL),
(49, 2, 2, '4G LTE Tablets', NULL, '4g-lte-tablets', NULL, NULL, NULL),
(49, 2, 3, '4G LTE Tablets', NULL, '4g-lte-tablets', NULL, NULL, NULL),
(49, 3, 1, '4G LTE Tablets', NULL, '4g-lte-tablets', NULL, NULL, NULL),
(49, 3, 2, '4G LTE Tablets', NULL, '4g-lte-tablets', NULL, NULL, NULL),
(49, 3, 3, '4G LTE Tablets', NULL, '4g-lte-tablets', NULL, NULL, NULL),
(49, 4, 1, '4G LTE Tablets', NULL, '4g-lte-tablets', NULL, NULL, NULL),
(49, 4, 2, '4G LTE Tablets', NULL, '4g-lte-tablets', NULL, NULL, NULL),
(49, 4, 3, '4G LTE Tablets', NULL, '4g-lte-tablets', NULL, NULL, NULL),
(73, 1, 1, 'Enseignes Pharmacie', '<p>Enseigne Pharmacie</p>', 'enseignes-pharmacie', 'Enseignes Pharmacie', '', 'Enseigne Pharmacie'),
(73, 1, 2, 'Enseignes Pharmacie', '', 'enseignes-pharmacie', '', '', ''),
(73, 1, 3, 'Enseignes Pharmacie', '<p>Enseigne Pharmacie</p>', 'enseignes-pharmacie', 'Enseignes Pharmacie', '', 'Enseigne Pharmacie'),
(73, 2, 1, 'Enseignes Pharmacie', '<p>Enseigne Pharmacie</p>', 'enseignes-pharmacie', 'Enseignes Pharmacie', '', 'Enseigne Pharmacie'),
(73, 2, 2, 'Enseignes Pharmacie', '', 'enseignes-pharmacie', '', '', ''),
(73, 2, 3, 'Enseignes Pharmacie', '<p>Enseigne Pharmacie</p>', 'enseignes-pharmacie', 'Enseignes Pharmacie', '', 'Enseigne Pharmacie'),
(73, 3, 1, 'Enseignes Pharmacie', '<p>Enseigne Pharmacie</p>', 'enseignes-pharmacie', 'Enseignes Pharmacie', '', 'Enseigne Pharmacie'),
(73, 3, 2, 'Enseignes Pharmacie', '', 'enseignes-pharmacie', '', '', ''),
(73, 3, 3, 'Enseignes Pharmacie', '<p>Enseigne Pharmacie</p>', 'enseignes-pharmacie', 'Enseignes Pharmacie', '', 'Enseigne Pharmacie'),
(73, 4, 1, 'Enseignes Pharmacie', '<p>Enseigne Pharmacie</p>', 'enseignes-pharmacie', 'Enseignes Pharmacie', '', 'Enseigne Pharmacie'),
(73, 4, 2, 'Enseignes Pharmacie', '', 'enseignes-pharmacie', '', '', ''),
(73, 4, 3, 'Enseignes Pharmacie', '<p>Enseigne Pharmacie</p>', 'enseignes-pharmacie', 'Enseignes Pharmacie', '', 'Enseigne Pharmacie'),
(74, 1, 1, 'Pharmacie Caducée & KDC', 'Pharmacie Caducée &amp; KDC', 'pharmacie-caducee-kdc', 'Pharmacie Caducée & KDC', '', 'Pharmacie Caducée & KDC'),
(74, 1, 2, 'Pharmacie Caducée & KDC', '', 'pharmacie-caducee-kdc', '', '', ''),
(74, 1, 3, 'Pharmacie Caducée & KDC', 'Pharmacie Caducée &amp; KDC', 'pharmacie-caducee-kdc', 'Pharmacie Caducée & KDC', '', 'Pharmacie Caducée & KDC'),
(74, 2, 1, 'Pharmacie Caducée & KDC', 'Pharmacie Caducée &amp; KDC', 'pharmacie-caducee-kdc', 'Pharmacie Caducée & KDC', '', 'Pharmacie Caducée & KDC'),
(74, 2, 2, 'Pharmacie Caducée & KDC', '', 'pharmacie-caducee-kdc', '', '', ''),
(74, 2, 3, 'Pharmacie Caducée & KDC', 'Pharmacie Caducée &amp; KDC', 'pharmacie-caducee-kdc', 'Pharmacie Caducée & KDC', '', 'Pharmacie Caducée & KDC'),
(74, 3, 1, 'Pharmacie Caducée & KDC', 'Pharmacie Caducée &amp; KDC', 'pharmacie-caducee-kdc', 'Pharmacie Caducée & KDC', '', 'Pharmacie Caducée & KDC'),
(74, 3, 2, 'Pharmacie Caducée & KDC', '', 'pharmacie-caducee-kdc', '', '', ''),
(74, 3, 3, 'Pharmacie Caducée & KDC', 'Pharmacie Caducée &amp; KDC', 'pharmacie-caducee-kdc', 'Pharmacie Caducée & KDC', '', 'Pharmacie Caducée & KDC'),
(74, 4, 1, 'Pharmacie Caducée & KDC', 'Pharmacie Caducée &amp; KDC', 'pharmacie-caducee-kdc', 'Pharmacie Caducée & KDC', '', 'Pharmacie Caducée & KDC'),
(74, 4, 2, 'Pharmacie Caducée & KDC', '', 'pharmacie-caducee-kdc', '', '', ''),
(74, 4, 3, 'Pharmacie Caducée & KDC', 'Pharmacie Caducée &amp; KDC', 'pharmacie-caducee-kdc', 'Pharmacie Caducée & KDC', '', 'Pharmacie Caducée & KDC'),
(75, 1, 1, 'KDC Pharmacie Spécial', '<ol style=\"margin:0px;padding:0px;color:#232323;font-family:\'Work Sans\', sans-serif;font-size:12px;background-color:#f0f0f0;\">\n<li style=\"color:#7a7a7a;margin:0px;\"><a href=\"http://leds.tn/fr/25-kdc-pharmacie-special\" style=\"background-color:transparent;color:#232323;line-height:25px;font-size:14px;\"><span style=\"color:#1e1e1e;\">KDC Pharmacie Spécial</span></a></li>\n</ol>', 'kdc-pharmacie-special', 'KDC Pharmacie Spécial', '', 'KDC Pharmacie Spécial'),
(75, 1, 2, 'KDC Pharmacie Spécial', '', 'kdc-pharmacie-special', '', '', ''),
(75, 1, 3, 'KDC Pharmacie Spécial', '<ol style=\"margin:0px;padding:0px;color:#232323;font-family:\'Work Sans\', sans-serif;font-size:12px;background-color:#f0f0f0;\">\n<li style=\"color:#7a7a7a;margin:0px;\"><a href=\"http://leds.tn/fr/25-kdc-pharmacie-special\" style=\"background-color:transparent;color:#232323;line-height:25px;font-size:14px;\"><span style=\"color:#1e1e1e;\">KDC Pharmacie Spécial</span></a></li>\n</ol>', 'kdc-pharmacie-special', 'KDC Pharmacie Spécial', '', 'KDC Pharmacie Spécial'),
(75, 2, 1, 'KDC Pharmacie Spécial', '<ol style=\"margin:0px;padding:0px;color:#232323;font-family:\'Work Sans\', sans-serif;font-size:12px;background-color:#f0f0f0;\">\n<li style=\"color:#7a7a7a;margin:0px;\"><a href=\"http://leds.tn/fr/25-kdc-pharmacie-special\" style=\"background-color:transparent;color:#232323;line-height:25px;font-size:14px;\"><span style=\"color:#1e1e1e;\">KDC Pharmacie Spécial</span></a></li>\n</ol>', 'kdc-pharmacie-special', 'KDC Pharmacie Spécial', '', 'KDC Pharmacie Spécial'),
(75, 2, 2, 'KDC Pharmacie Spécial', '', 'kdc-pharmacie-special', '', '', ''),
(75, 2, 3, 'KDC Pharmacie Spécial', '<ol style=\"margin:0px;padding:0px;color:#232323;font-family:\'Work Sans\', sans-serif;font-size:12px;background-color:#f0f0f0;\">\n<li style=\"color:#7a7a7a;margin:0px;\"><a href=\"http://leds.tn/fr/25-kdc-pharmacie-special\" style=\"background-color:transparent;color:#232323;line-height:25px;font-size:14px;\"><span style=\"color:#1e1e1e;\">KDC Pharmacie Spécial</span></a></li>\n</ol>', 'kdc-pharmacie-special', 'KDC Pharmacie Spécial', '', 'KDC Pharmacie Spécial'),
(75, 3, 1, 'KDC Pharmacie Spécial', '<ol style=\"margin:0px;padding:0px;color:#232323;font-family:\'Work Sans\', sans-serif;font-size:12px;background-color:#f0f0f0;\">\n<li style=\"color:#7a7a7a;margin:0px;\"><a href=\"http://leds.tn/fr/25-kdc-pharmacie-special\" style=\"background-color:transparent;color:#232323;line-height:25px;font-size:14px;\"><span style=\"color:#1e1e1e;\">KDC Pharmacie Spécial</span></a></li>\n</ol>', 'kdc-pharmacie-special', 'KDC Pharmacie Spécial', '', 'KDC Pharmacie Spécial'),
(75, 3, 2, 'KDC Pharmacie Spécial', '', 'kdc-pharmacie-special', '', '', ''),
(75, 3, 3, 'KDC Pharmacie Spécial', '<ol style=\"margin:0px;padding:0px;color:#232323;font-family:\'Work Sans\', sans-serif;font-size:12px;background-color:#f0f0f0;\">\n<li style=\"color:#7a7a7a;margin:0px;\"><a href=\"http://leds.tn/fr/25-kdc-pharmacie-special\" style=\"background-color:transparent;color:#232323;line-height:25px;font-size:14px;\"><span style=\"color:#1e1e1e;\">KDC Pharmacie Spécial</span></a></li>\n</ol>', 'kdc-pharmacie-special', 'KDC Pharmacie Spécial', '', 'KDC Pharmacie Spécial'),
(75, 4, 1, 'KDC Pharmacie Spécial', '<ol style=\"margin:0px;padding:0px;color:#232323;font-family:\'Work Sans\', sans-serif;font-size:12px;background-color:#f0f0f0;\">\n<li style=\"color:#7a7a7a;margin:0px;\"><a href=\"http://leds.tn/fr/25-kdc-pharmacie-special\" style=\"background-color:transparent;color:#232323;line-height:25px;font-size:14px;\"><span style=\"color:#1e1e1e;\">KDC Pharmacie Spécial</span></a></li>\n</ol>', 'kdc-pharmacie-special', 'KDC Pharmacie Spécial', '', 'KDC Pharmacie Spécial'),
(75, 4, 2, 'KDC Pharmacie Spécial', '', 'kdc-pharmacie-special', '', '', ''),
(75, 4, 3, 'KDC Pharmacie Spécial', '<ol style=\"margin:0px;padding:0px;color:#232323;font-family:\'Work Sans\', sans-serif;font-size:12px;background-color:#f0f0f0;\">\n<li style=\"color:#7a7a7a;margin:0px;\"><a href=\"http://leds.tn/fr/25-kdc-pharmacie-special\" style=\"background-color:transparent;color:#232323;line-height:25px;font-size:14px;\"><span style=\"color:#1e1e1e;\">KDC Pharmacie Spécial</span></a></li>\n</ol>', 'kdc-pharmacie-special', 'KDC Pharmacie Spécial', '', 'KDC Pharmacie Spécial'),
(76, 1, 1, 'KDC Pharmacie 79 cm', '<ol style=\"margin:0px;padding:0px;color:#232323;font-family:\'Work Sans\', sans-serif;font-size:12px;background-color:#f0f0f0;\">\n<li style=\"color:#7a7a7a;margin:0px;\"><a href=\"http://leds.tn/fr/29-kdc-pharmacie-79-cm\" style=\"background-color:transparent;color:#232323;line-height:25px;font-size:14px;\"><span style=\"color:#1e1e1e;\">KDC Pharmacie 79 cm</span></a></li>\n</ol>', 'kdc-pharmacie-79-cm', 'KDC Pharmacie 79 cm', '', 'KDC Pharmacie 79 cm'),
(76, 1, 2, 'KDC Pharmacie 79 cm', '', 'kdc-pharmacie-79-cm', '', '', ''),
(76, 1, 3, 'KDC Pharmacie 79 cm', '<ol style=\"margin:0px;padding:0px;color:#232323;font-family:\'Work Sans\', sans-serif;font-size:12px;background-color:#f0f0f0;\">\n<li style=\"color:#7a7a7a;margin:0px;\"><a href=\"http://leds.tn/fr/29-kdc-pharmacie-79-cm\" style=\"background-color:transparent;color:#232323;line-height:25px;font-size:14px;\"><span style=\"color:#1e1e1e;\">KDC Pharmacie 79 cm</span></a></li>\n</ol>', 'kdc-pharmacie-79-cm', 'KDC Pharmacie 79 cm', '', 'KDC Pharmacie 79 cm'),
(76, 2, 1, 'KDC Pharmacie 79 cm', '<ol style=\"margin:0px;padding:0px;color:#232323;font-family:\'Work Sans\', sans-serif;font-size:12px;background-color:#f0f0f0;\">\n<li style=\"color:#7a7a7a;margin:0px;\"><a href=\"http://leds.tn/fr/29-kdc-pharmacie-79-cm\" style=\"background-color:transparent;color:#232323;line-height:25px;font-size:14px;\"><span style=\"color:#1e1e1e;\">KDC Pharmacie 79 cm</span></a></li>\n</ol>', 'kdc-pharmacie-79-cm', 'KDC Pharmacie 79 cm', '', 'KDC Pharmacie 79 cm'),
(76, 2, 2, 'KDC Pharmacie 79 cm', '', 'kdc-pharmacie-79-cm', '', '', ''),
(76, 2, 3, 'KDC Pharmacie 79 cm', '<ol style=\"margin:0px;padding:0px;color:#232323;font-family:\'Work Sans\', sans-serif;font-size:12px;background-color:#f0f0f0;\">\n<li style=\"color:#7a7a7a;margin:0px;\"><a href=\"http://leds.tn/fr/29-kdc-pharmacie-79-cm\" style=\"background-color:transparent;color:#232323;line-height:25px;font-size:14px;\"><span style=\"color:#1e1e1e;\">KDC Pharmacie 79 cm</span></a></li>\n</ol>', 'kdc-pharmacie-79-cm', 'KDC Pharmacie 79 cm', '', 'KDC Pharmacie 79 cm'),
(76, 3, 1, 'KDC Pharmacie 79 cm', '<ol style=\"margin:0px;padding:0px;color:#232323;font-family:\'Work Sans\', sans-serif;font-size:12px;background-color:#f0f0f0;\">\n<li style=\"color:#7a7a7a;margin:0px;\"><a href=\"http://leds.tn/fr/29-kdc-pharmacie-79-cm\" style=\"background-color:transparent;color:#232323;line-height:25px;font-size:14px;\"><span style=\"color:#1e1e1e;\">KDC Pharmacie 79 cm</span></a></li>\n</ol>', 'kdc-pharmacie-79-cm', 'KDC Pharmacie 79 cm', '', 'KDC Pharmacie 79 cm'),
(76, 3, 2, 'KDC Pharmacie 79 cm', '', 'kdc-pharmacie-79-cm', '', '', ''),
(76, 3, 3, 'KDC Pharmacie 79 cm', '<ol style=\"margin:0px;padding:0px;color:#232323;font-family:\'Work Sans\', sans-serif;font-size:12px;background-color:#f0f0f0;\">\n<li style=\"color:#7a7a7a;margin:0px;\"><a href=\"http://leds.tn/fr/29-kdc-pharmacie-79-cm\" style=\"background-color:transparent;color:#232323;line-height:25px;font-size:14px;\"><span style=\"color:#1e1e1e;\">KDC Pharmacie 79 cm</span></a></li>\n</ol>', 'kdc-pharmacie-79-cm', 'KDC Pharmacie 79 cm', '', 'KDC Pharmacie 79 cm'),
(76, 4, 1, 'KDC Pharmacie 79 cm', '<ol style=\"margin:0px;padding:0px;color:#232323;font-family:\'Work Sans\', sans-serif;font-size:12px;background-color:#f0f0f0;\">\n<li style=\"color:#7a7a7a;margin:0px;\"><a href=\"http://leds.tn/fr/29-kdc-pharmacie-79-cm\" style=\"background-color:transparent;color:#232323;line-height:25px;font-size:14px;\"><span style=\"color:#1e1e1e;\">KDC Pharmacie 79 cm</span></a></li>\n</ol>', 'kdc-pharmacie-79-cm', 'KDC Pharmacie 79 cm', '', 'KDC Pharmacie 79 cm'),
(76, 4, 2, 'KDC Pharmacie 79 cm', '', 'kdc-pharmacie-79-cm', '', '', ''),
(76, 4, 3, 'KDC Pharmacie 79 cm', '<ol style=\"margin:0px;padding:0px;color:#232323;font-family:\'Work Sans\', sans-serif;font-size:12px;background-color:#f0f0f0;\">\n<li style=\"color:#7a7a7a;margin:0px;\"><a href=\"http://leds.tn/fr/29-kdc-pharmacie-79-cm\" style=\"background-color:transparent;color:#232323;line-height:25px;font-size:14px;\"><span style=\"color:#1e1e1e;\">KDC Pharmacie 79 cm</span></a></li>\n</ol>', 'kdc-pharmacie-79-cm', 'KDC Pharmacie 79 cm', '', 'KDC Pharmacie 79 cm'),
(77, 1, 1, 'Pharmacie Double Face', '<ul class=\"category-top-menu\" style=\"margin:0px;list-style:none;padding:0px;color:#232323;font-family:\'Work Sans\', sans-serif;font-size:13px;\">\n<li><a class=\"text-uppercase h6\" href=\"http://leds.tn/fr/23-pharmacie-double-face\" style=\"background-color:transparent;color:#222222;margin:0px 0px 20px;font-family:inherit;font-weight:600;line-height:20px;font-size:20px;padding:0px;text-transform:capitalize;\">Pharmacie Double Face</a></li>\n</ul>', 'pharmacie-double-face', 'Pharmacie Double Face', '', 'Pharmacie Double Face'),
(77, 1, 2, 'Pharmacie Double Face', '', 'pharmacie-double-face', '', '', ''),
(77, 1, 3, 'Pharmacie Double Face', '<ul class=\"category-top-menu\" style=\"margin:0px;list-style:none;padding:0px;color:#232323;font-family:\'Work Sans\', sans-serif;font-size:13px;\">\n<li><a class=\"text-uppercase h6\" href=\"http://leds.tn/fr/23-pharmacie-double-face\" style=\"background-color:transparent;color:#222222;margin:0px 0px 20px;font-family:inherit;font-weight:600;line-height:20px;font-size:20px;padding:0px;text-transform:capitalize;\">Pharmacie Double Face</a></li>\n</ul>', 'pharmacie-double-face', 'Pharmacie Double Face', '', 'Pharmacie Double Face'),
(77, 2, 1, 'Pharmacie Double Face', '<ul class=\"category-top-menu\" style=\"margin:0px;list-style:none;padding:0px;color:#232323;font-family:\'Work Sans\', sans-serif;font-size:13px;\">\n<li><a class=\"text-uppercase h6\" href=\"http://leds.tn/fr/23-pharmacie-double-face\" style=\"background-color:transparent;color:#222222;margin:0px 0px 20px;font-family:inherit;font-weight:600;line-height:20px;font-size:20px;padding:0px;text-transform:capitalize;\">Pharmacie Double Face</a></li>\n</ul>', 'pharmacie-double-face', 'Pharmacie Double Face', '', 'Pharmacie Double Face'),
(77, 2, 2, 'Pharmacie Double Face', '', 'pharmacie-double-face', '', '', ''),
(77, 2, 3, 'Pharmacie Double Face', '<ul class=\"category-top-menu\" style=\"margin:0px;list-style:none;padding:0px;color:#232323;font-family:\'Work Sans\', sans-serif;font-size:13px;\">\n<li><a class=\"text-uppercase h6\" href=\"http://leds.tn/fr/23-pharmacie-double-face\" style=\"background-color:transparent;color:#222222;margin:0px 0px 20px;font-family:inherit;font-weight:600;line-height:20px;font-size:20px;padding:0px;text-transform:capitalize;\">Pharmacie Double Face</a></li>\n</ul>', 'pharmacie-double-face', 'Pharmacie Double Face', '', 'Pharmacie Double Face'),
(77, 3, 1, 'Pharmacie Double Face', '<ul class=\"category-top-menu\" style=\"margin:0px;list-style:none;padding:0px;color:#232323;font-family:\'Work Sans\', sans-serif;font-size:13px;\">\n<li><a class=\"text-uppercase h6\" href=\"http://leds.tn/fr/23-pharmacie-double-face\" style=\"background-color:transparent;color:#222222;margin:0px 0px 20px;font-family:inherit;font-weight:600;line-height:20px;font-size:20px;padding:0px;text-transform:capitalize;\">Pharmacie Double Face</a></li>\n</ul>', 'pharmacie-double-face', 'Pharmacie Double Face', '', 'Pharmacie Double Face'),
(77, 3, 2, 'Pharmacie Double Face', '', 'pharmacie-double-face', '', '', ''),
(77, 3, 3, 'Pharmacie Double Face', '<ul class=\"category-top-menu\" style=\"margin:0px;list-style:none;padding:0px;color:#232323;font-family:\'Work Sans\', sans-serif;font-size:13px;\">\n<li><a class=\"text-uppercase h6\" href=\"http://leds.tn/fr/23-pharmacie-double-face\" style=\"background-color:transparent;color:#222222;margin:0px 0px 20px;font-family:inherit;font-weight:600;line-height:20px;font-size:20px;padding:0px;text-transform:capitalize;\">Pharmacie Double Face</a></li>\n</ul>', 'pharmacie-double-face', 'Pharmacie Double Face', '', 'Pharmacie Double Face'),
(77, 4, 1, 'Pharmacie Double Face', '<ul class=\"category-top-menu\" style=\"margin:0px;list-style:none;padding:0px;color:#232323;font-family:\'Work Sans\', sans-serif;font-size:13px;\">\n<li><a class=\"text-uppercase h6\" href=\"http://leds.tn/fr/23-pharmacie-double-face\" style=\"background-color:transparent;color:#222222;margin:0px 0px 20px;font-family:inherit;font-weight:600;line-height:20px;font-size:20px;padding:0px;text-transform:capitalize;\">Pharmacie Double Face</a></li>\n</ul>', 'pharmacie-double-face', 'Pharmacie Double Face', '', 'Pharmacie Double Face'),
(77, 4, 2, 'Pharmacie Double Face', '', 'pharmacie-double-face', '', '', ''),
(77, 4, 3, 'Pharmacie Double Face', '<ul class=\"category-top-menu\" style=\"margin:0px;list-style:none;padding:0px;color:#232323;font-family:\'Work Sans\', sans-serif;font-size:13px;\">\n<li><a class=\"text-uppercase h6\" href=\"http://leds.tn/fr/23-pharmacie-double-face\" style=\"background-color:transparent;color:#222222;margin:0px 0px 20px;font-family:inherit;font-weight:600;line-height:20px;font-size:20px;padding:0px;text-transform:capitalize;\">Pharmacie Double Face</a></li>\n</ul>', 'pharmacie-double-face', 'Pharmacie Double Face', '', 'Pharmacie Double Face'),
(78, 1, 1, 'Enseignes Pharmacie Simple Face', '<p><span style=\"color:#232323;font-family:\'Work Sans\', sans-serif;font-size:15px;\">Enseignes Pharmacie Simple Face</span></p>', 'enseignes-pharmacie-simple-face', 'Enseignes Pharmacie Simple Face', '', 'Enseignes Pharmacie Simple Face'),
(78, 1, 2, 'Enseignes Pharmacie Simple Face', '', 'enseignes-pharmacie-simple-face', '', '', ''),
(78, 1, 3, 'Enseignes Pharmacie Simple Face', '<p><span style=\"color:#232323;font-family:\'Work Sans\', sans-serif;font-size:15px;\">Enseignes Pharmacie Simple Face</span></p>', 'enseignes-pharmacie-simple-face', 'Enseignes Pharmacie Simple Face', '', 'Enseignes Pharmacie Simple Face'),
(78, 2, 1, 'Enseignes Pharmacie Simple Face', '<p><span style=\"color:#232323;font-family:\'Work Sans\', sans-serif;font-size:15px;\">Enseignes Pharmacie Simple Face</span></p>', 'enseignes-pharmacie-simple-face', 'Enseignes Pharmacie Simple Face', '', 'Enseignes Pharmacie Simple Face'),
(78, 2, 2, 'Enseignes Pharmacie Simple Face', '', 'enseignes-pharmacie-simple-face', '', '', ''),
(78, 2, 3, 'Enseignes Pharmacie Simple Face', '<p><span style=\"color:#232323;font-family:\'Work Sans\', sans-serif;font-size:15px;\">Enseignes Pharmacie Simple Face</span></p>', 'enseignes-pharmacie-simple-face', 'Enseignes Pharmacie Simple Face', '', 'Enseignes Pharmacie Simple Face'),
(78, 3, 1, 'Enseignes Pharmacie Simple Face', '<p><span style=\"color:#232323;font-family:\'Work Sans\', sans-serif;font-size:15px;\">Enseignes Pharmacie Simple Face</span></p>', 'enseignes-pharmacie-simple-face', 'Enseignes Pharmacie Simple Face', '', 'Enseignes Pharmacie Simple Face'),
(78, 3, 2, 'Enseignes Pharmacie Simple Face', '', 'enseignes-pharmacie-simple-face', '', '', ''),
(78, 3, 3, 'Enseignes Pharmacie Simple Face', '<p><span style=\"color:#232323;font-family:\'Work Sans\', sans-serif;font-size:15px;\">Enseignes Pharmacie Simple Face</span></p>', 'enseignes-pharmacie-simple-face', 'Enseignes Pharmacie Simple Face', '', 'Enseignes Pharmacie Simple Face'),
(78, 4, 1, 'Enseignes Pharmacie Simple Face', '<p><span style=\"color:#232323;font-family:\'Work Sans\', sans-serif;font-size:15px;\">Enseignes Pharmacie Simple Face</span></p>', 'enseignes-pharmacie-simple-face', 'Enseignes Pharmacie Simple Face', '', 'Enseignes Pharmacie Simple Face'),
(78, 4, 2, 'Enseignes Pharmacie Simple Face', '', 'enseignes-pharmacie-simple-face', '', '', ''),
(78, 4, 3, 'Enseignes Pharmacie Simple Face', '<p><span style=\"color:#232323;font-family:\'Work Sans\', sans-serif;font-size:15px;\">Enseignes Pharmacie Simple Face</span></p>', 'enseignes-pharmacie-simple-face', 'Enseignes Pharmacie Simple Face', '', 'Enseignes Pharmacie Simple Face'),
(80, 1, 1, ' Façade Spécial', '<p>Façade Spécial</p>', 'facade-special', ' Façade Spécial', '', ' Façade Spécial'),
(80, 1, 2, ' Façade Spécial', '', 'facade-special', '', '', ''),
(80, 1, 3, ' Façade Spécial', '<p>Façade Spécial</p>', 'facade-special', ' Façade Spécial', '', ' Façade Spécial'),
(80, 2, 1, ' Façade Spécial', '<p>Façade Spécial</p>', 'facade-special', ' Façade Spécial', '', ' Façade Spécial'),
(80, 2, 2, ' Façade Spécial', '', 'facade-special', '', '', ''),
(80, 2, 3, ' Façade Spécial', '<p>Façade Spécial</p>', 'facade-special', ' Façade Spécial', '', ' Façade Spécial'),
(80, 3, 1, ' Façade Spécial', '<p>Façade Spécial</p>', 'facade-special', ' Façade Spécial', '', ' Façade Spécial'),
(80, 3, 2, ' Façade Spécial', '', 'facade-special', '', '', ''),
(80, 3, 3, ' Façade Spécial', '<p>Façade Spécial</p>', 'facade-special', ' Façade Spécial', '', ' Façade Spécial'),
(80, 4, 1, ' Façade Spécial', '<p>Façade Spécial</p>', 'facade-special', ' Façade Spécial', '', ' Façade Spécial'),
(80, 4, 2, ' Façade Spécial', '', 'facade-special', '', '', ''),
(80, 4, 3, ' Façade Spécial', '<p>Façade Spécial</p>', 'facade-special', ' Façade Spécial', '', ' Façade Spécial'),
(82, 1, 1, ' KDC Pharmacie 82 cm', '', 'kdc-pharmacie-82-cm', '', '', ''),
(82, 1, 2, ' KDC Pharmacie 82 cm', '<ol style=\"margin:0px;padding:0px;color:rgb(35,35,35);font-family:\'Work Sans\', sans-serif;font-size:12px;background-color:rgb(240,240,240);\"><li> \n</li><li style=\"color:rgb(122,122,122);margin:0px;\"><a href=\"http://leds.tn/fr/86-kdc-pharmacie-92-cm\" style=\"background-color:transparent;color:rgb(35,35,35);line-height:25px;font-size:14px;\"><span style=\"color:rgb(30,30,30);\">KDC Pharmacie 82 cm</span></a></li>\n</ol>', 'kdc-pharmacie-82-cm', ' KDC Pharmacie 82 cm', '', ' KDC Pharmacie 92 cm'),
(82, 1, 3, ' KDC Pharmacie 82 cm', '', 'kdc-pharmacie-82-cm', '', '', ''),
(82, 2, 1, ' KDC Pharmacie 82 cm', '', 'kdc-pharmacie-82-cm', '', '', ''),
(82, 2, 2, ' KDC Pharmacie 82 cm', '<ol style=\"margin:0px;padding:0px;color:rgb(35,35,35);font-family:\'Work Sans\', sans-serif;font-size:12px;background-color:rgb(240,240,240);\"><li> \n</li><li style=\"color:rgb(122,122,122);margin:0px;\"><a href=\"http://leds.tn/fr/86-kdc-pharmacie-92-cm\" style=\"background-color:transparent;color:rgb(35,35,35);line-height:25px;font-size:14px;\"><span style=\"color:rgb(30,30,30);\">KDC Pharmacie 82 cm</span></a></li>\n</ol>', 'kdc-pharmacie-82-cm', ' KDC Pharmacie 82 cm', '', ' KDC Pharmacie 92 cm'),
(82, 2, 3, ' KDC Pharmacie 82 cm', '', 'kdc-pharmacie-82-cm', '', '', ''),
(82, 3, 1, ' KDC Pharmacie 82 cm', '', 'kdc-pharmacie-82-cm', '', '', ''),
(82, 3, 2, ' KDC Pharmacie 82 cm', '<ol style=\"margin:0px;padding:0px;color:rgb(35,35,35);font-family:\'Work Sans\', sans-serif;font-size:12px;background-color:rgb(240,240,240);\"><li> \n</li><li style=\"color:rgb(122,122,122);margin:0px;\"><a href=\"http://leds.tn/fr/86-kdc-pharmacie-92-cm\" style=\"background-color:transparent;color:rgb(35,35,35);line-height:25px;font-size:14px;\"><span style=\"color:rgb(30,30,30);\">KDC Pharmacie 82 cm</span></a></li>\n</ol>', 'kdc-pharmacie-82-cm', ' KDC Pharmacie 82 cm', '', ' KDC Pharmacie 92 cm'),
(82, 3, 3, ' KDC Pharmacie 82 cm', '', 'kdc-pharmacie-82-cm', '', '', ''),
(82, 4, 1, ' KDC Pharmacie 82 cm', '', 'kdc-pharmacie-82-cm', '', '', ''),
(82, 4, 2, ' KDC Pharmacie 82 cm', '<ol style=\"margin:0px;padding:0px;color:rgb(35,35,35);font-family:\'Work Sans\', sans-serif;font-size:12px;background-color:rgb(240,240,240);\"><li> \n</li><li style=\"color:rgb(122,122,122);margin:0px;\"><a href=\"http://leds.tn/fr/86-kdc-pharmacie-92-cm\" style=\"background-color:transparent;color:rgb(35,35,35);line-height:25px;font-size:14px;\"><span style=\"color:rgb(30,30,30);\">KDC Pharmacie 82 cm</span></a></li>\n</ol>', 'kdc-pharmacie-82-cm', ' KDC Pharmacie 82 cm', '', ' KDC Pharmacie 92 cm'),
(82, 4, 3, ' KDC Pharmacie 82 cm', '', 'kdc-pharmacie-82-cm', '', '', ''),
(83, 1, 1, ' KDC Pharmacie 92 cm', '', 'kdc-pharmacie-92-cm', '', '', ''),
(83, 1, 2, ' KDC Pharmacie 92 cm', '<ol style=\"margin:0px;padding:0px;color:#232323;font-family:\'Work Sans\', sans-serif;font-size:12px;background-color:#f0f0f0;\"><li> \n</li><li style=\"color:#7a7a7a;margin:0px;\"><a href=\"http://leds.tn/fr/86-kdc-pharmacie-92-cm\" style=\"background-color:transparent;color:#232323;line-height:25px;font-size:14px;\"><span style=\"color:#1e1e1e;\">KDC Pharmacie 92 cm</span></a></li>\n</ol>', 'kdc-pharmacie-92-cm', ' KDC Pharmacie 92 cm', '', ''),
(83, 1, 3, ' KDC Pharmacie 92 cm', '', 'kdc-pharmacie-92-cm', '', '', ''),
(83, 2, 1, ' KDC Pharmacie 92 cm', '', 'kdc-pharmacie-92-cm', '', '', ''),
(83, 2, 2, ' KDC Pharmacie 92 cm', '<ol style=\"margin:0px;padding:0px;color:#232323;font-family:\'Work Sans\', sans-serif;font-size:12px;background-color:#f0f0f0;\"><li> \n</li><li style=\"color:#7a7a7a;margin:0px;\"><a href=\"http://leds.tn/fr/86-kdc-pharmacie-92-cm\" style=\"background-color:transparent;color:#232323;line-height:25px;font-size:14px;\"><span style=\"color:#1e1e1e;\">KDC Pharmacie 92 cm</span></a></li>\n</ol>', 'kdc-pharmacie-92-cm', ' KDC Pharmacie 92 cm', '', ''),
(83, 2, 3, ' KDC Pharmacie 92 cm', '', 'kdc-pharmacie-92-cm', '', '', ''),
(83, 3, 1, ' KDC Pharmacie 92 cm', '', 'kdc-pharmacie-92-cm', '', '', ''),
(83, 3, 2, ' KDC Pharmacie 92 cm', '<ol style=\"margin:0px;padding:0px;color:#232323;font-family:\'Work Sans\', sans-serif;font-size:12px;background-color:#f0f0f0;\"><li> \n</li><li style=\"color:#7a7a7a;margin:0px;\"><a href=\"http://leds.tn/fr/86-kdc-pharmacie-92-cm\" style=\"background-color:transparent;color:#232323;line-height:25px;font-size:14px;\"><span style=\"color:#1e1e1e;\">KDC Pharmacie 92 cm</span></a></li>\n</ol>', 'kdc-pharmacie-92-cm', ' KDC Pharmacie 92 cm', '', ''),
(83, 3, 3, ' KDC Pharmacie 92 cm', '', 'kdc-pharmacie-92-cm', '', '', ''),
(83, 4, 1, ' KDC Pharmacie 92 cm', '', 'kdc-pharmacie-92-cm', '', '', ''),
(83, 4, 2, ' KDC Pharmacie 92 cm', '<ol style=\"margin:0px;padding:0px;color:#232323;font-family:\'Work Sans\', sans-serif;font-size:12px;background-color:#f0f0f0;\"><li> \n</li><li style=\"color:#7a7a7a;margin:0px;\"><a href=\"http://leds.tn/fr/86-kdc-pharmacie-92-cm\" style=\"background-color:transparent;color:#232323;line-height:25px;font-size:14px;\"><span style=\"color:#1e1e1e;\">KDC Pharmacie 92 cm</span></a></li>\n</ol>', 'kdc-pharmacie-92-cm', ' KDC Pharmacie 92 cm', '', ''),
(83, 4, 3, ' KDC Pharmacie 92 cm', '', 'kdc-pharmacie-92-cm', '', '', ''),
(84, 1, 1, ' KDC Pharmacie 102 cm', '', 'kdc-pharmacie-102-cm', '', '', ''),
(84, 1, 2, ' KDC Pharmacie 102 cm', '<ol style=\"margin:0px;padding:0px;color:#232323;font-family:\'Work Sans\', sans-serif;font-size:12px;background-color:#f0f0f0;\"><li> \n</li><li style=\"color:#7a7a7a;margin:0px;\"><a href=\"http://leds.tn/fr/87-kdc-pharmacie-102-cm\" style=\"background-color:transparent;color:#232323;line-height:25px;font-size:14px;\"><span style=\"color:#1e1e1e;\">KDC Pharmacie 102 cm</span></a></li>\n</ol>', 'kdc-pharmacie-102-cm', ' KDC Pharmacie 102 cm', '', ' KDC Pharmacie 102 cm'),
(84, 1, 3, ' KDC Pharmacie 102 cm', '', 'kdc-pharmacie-102-cm', '', '', ''),
(84, 2, 1, ' KDC Pharmacie 102 cm', '', 'kdc-pharmacie-102-cm', '', '', ''),
(84, 2, 2, ' KDC Pharmacie 102 cm', '<ol style=\"margin:0px;padding:0px;color:#232323;font-family:\'Work Sans\', sans-serif;font-size:12px;background-color:#f0f0f0;\"><li> \n</li><li style=\"color:#7a7a7a;margin:0px;\"><a href=\"http://leds.tn/fr/87-kdc-pharmacie-102-cm\" style=\"background-color:transparent;color:#232323;line-height:25px;font-size:14px;\"><span style=\"color:#1e1e1e;\">KDC Pharmacie 102 cm</span></a></li>\n</ol>', 'kdc-pharmacie-102-cm', ' KDC Pharmacie 102 cm', '', ' KDC Pharmacie 102 cm'),
(84, 2, 3, ' KDC Pharmacie 102 cm', '', 'kdc-pharmacie-102-cm', '', '', ''),
(84, 3, 1, ' KDC Pharmacie 102 cm', '', 'kdc-pharmacie-102-cm', '', '', ''),
(84, 3, 2, ' KDC Pharmacie 102 cm', '<ol style=\"margin:0px;padding:0px;color:#232323;font-family:\'Work Sans\', sans-serif;font-size:12px;background-color:#f0f0f0;\"><li> \n</li><li style=\"color:#7a7a7a;margin:0px;\"><a href=\"http://leds.tn/fr/87-kdc-pharmacie-102-cm\" style=\"background-color:transparent;color:#232323;line-height:25px;font-size:14px;\"><span style=\"color:#1e1e1e;\">KDC Pharmacie 102 cm</span></a></li>\n</ol>', 'kdc-pharmacie-102-cm', ' KDC Pharmacie 102 cm', '', ' KDC Pharmacie 102 cm'),
(84, 3, 3, ' KDC Pharmacie 102 cm', '', 'kdc-pharmacie-102-cm', '', '', ''),
(84, 4, 1, ' KDC Pharmacie 102 cm', '', 'kdc-pharmacie-102-cm', '', '', ''),
(84, 4, 2, ' KDC Pharmacie 102 cm', '<ol style=\"margin:0px;padding:0px;color:#232323;font-family:\'Work Sans\', sans-serif;font-size:12px;background-color:#f0f0f0;\"><li> \n</li><li style=\"color:#7a7a7a;margin:0px;\"><a href=\"http://leds.tn/fr/87-kdc-pharmacie-102-cm\" style=\"background-color:transparent;color:#232323;line-height:25px;font-size:14px;\"><span style=\"color:#1e1e1e;\">KDC Pharmacie 102 cm</span></a></li>\n</ol>', 'kdc-pharmacie-102-cm', ' KDC Pharmacie 102 cm', '', ' KDC Pharmacie 102 cm'),
(84, 4, 3, ' KDC Pharmacie 102 cm', '', 'kdc-pharmacie-102-cm', '', '', ''),
(85, 1, 1, 'KDC Pharmacie  125 cm', '', 'kdc-pharmacie-125-cm', '', '', ''),
(85, 1, 2, 'KDC Pharmacie  125 cm', '<p><span style=\"color:#232323;font-family:\'Work Sans\', sans-serif;font-size:15px;\">KDC Pharmacie  125 cm</span></p>', 'kdc-pharmacie-125-cm', 'KDC Pharmacie  125 cm', '', 'KDC Pharmacie  125 cm'),
(85, 1, 3, 'KDC Pharmacie  125 cm', '', 'kdc-pharmacie-125-cm', '', '', ''),
(85, 2, 1, 'KDC Pharmacie  125 cm', '', 'kdc-pharmacie-125-cm', '', '', ''),
(85, 2, 2, 'KDC Pharmacie  125 cm', '<p><span style=\"color:#232323;font-family:\'Work Sans\', sans-serif;font-size:15px;\">KDC Pharmacie  125 cm</span></p>', 'kdc-pharmacie-125-cm', 'KDC Pharmacie  125 cm', '', 'KDC Pharmacie  125 cm'),
(85, 2, 3, 'KDC Pharmacie  125 cm', '', 'kdc-pharmacie-125-cm', '', '', ''),
(85, 3, 1, 'KDC Pharmacie  125 cm', '', 'kdc-pharmacie-125-cm', '', '', ''),
(85, 3, 2, 'KDC Pharmacie  125 cm', '<p><span style=\"color:#232323;font-family:\'Work Sans\', sans-serif;font-size:15px;\">KDC Pharmacie  125 cm</span></p>', 'kdc-pharmacie-125-cm', 'KDC Pharmacie  125 cm', '', 'KDC Pharmacie  125 cm'),
(85, 3, 3, 'KDC Pharmacie  125 cm', '', 'kdc-pharmacie-125-cm', '', '', ''),
(85, 4, 1, 'KDC Pharmacie  125 cm', '', 'kdc-pharmacie-125-cm', '', '', ''),
(85, 4, 2, 'KDC Pharmacie  125 cm', '<p><span style=\"color:#232323;font-family:\'Work Sans\', sans-serif;font-size:15px;\">KDC Pharmacie  125 cm</span></p>', 'kdc-pharmacie-125-cm', 'KDC Pharmacie  125 cm', '', 'KDC Pharmacie  125 cm'),
(85, 4, 3, 'KDC Pharmacie  125 cm', '', 'kdc-pharmacie-125-cm', '', '', ''),
(86, 1, 1, 'KDC Pharmacie 150 cm', '', 'kdc-pharmacie-150-cm', '', '', ''),
(86, 1, 2, 'KDC Pharmacie 150 cm', '<ol style=\"margin:0px;padding:0px;color:#232323;font-family:\'Work Sans\', sans-serif;font-size:12px;background-color:#f0f0f0;\">\n<li style=\"color:#7a7a7a;margin:0px;\"><a href=\"http://leds.tn/fr/93-kdc-pharmacie-150-cm\" style=\"background-color:transparent;color:#232323;line-height:25px;font-size:14px;\"><span style=\"color:#1e1e1e;\">KDC Pharmacie 150 cm</span></a></li>\n</ol>', 'kdc-pharmacie-150-cm', 'KDC Pharmacie 150 cm', '', 'KDC Pharmacie 150 cm'),
(86, 1, 3, 'KDC Pharmacie 150 cm', '', 'kdc-pharmacie-150-cm', '', '', ''),
(86, 2, 1, 'KDC Pharmacie 150 cm', '', 'kdc-pharmacie-150-cm', '', '', ''),
(86, 2, 2, 'KDC Pharmacie 150 cm', '<ol style=\"margin:0px;padding:0px;color:#232323;font-family:\'Work Sans\', sans-serif;font-size:12px;background-color:#f0f0f0;\">\n<li style=\"color:#7a7a7a;margin:0px;\"><a href=\"http://leds.tn/fr/93-kdc-pharmacie-150-cm\" style=\"background-color:transparent;color:#232323;line-height:25px;font-size:14px;\"><span style=\"color:#1e1e1e;\">KDC Pharmacie 150 cm</span></a></li>\n</ol>', 'kdc-pharmacie-150-cm', 'KDC Pharmacie 150 cm', '', 'KDC Pharmacie 150 cm'),
(86, 2, 3, 'KDC Pharmacie 150 cm', '', 'kdc-pharmacie-150-cm', '', '', ''),
(86, 3, 1, 'KDC Pharmacie 150 cm', '', 'kdc-pharmacie-150-cm', '', '', ''),
(86, 3, 2, 'KDC Pharmacie 150 cm', '<ol style=\"margin:0px;padding:0px;color:#232323;font-family:\'Work Sans\', sans-serif;font-size:12px;background-color:#f0f0f0;\">\n<li style=\"color:#7a7a7a;margin:0px;\"><a href=\"http://leds.tn/fr/93-kdc-pharmacie-150-cm\" style=\"background-color:transparent;color:#232323;line-height:25px;font-size:14px;\"><span style=\"color:#1e1e1e;\">KDC Pharmacie 150 cm</span></a></li>\n</ol>', 'kdc-pharmacie-150-cm', 'KDC Pharmacie 150 cm', '', 'KDC Pharmacie 150 cm'),
(86, 3, 3, 'KDC Pharmacie 150 cm', '', 'kdc-pharmacie-150-cm', '', '', ''),
(86, 4, 1, 'KDC Pharmacie 150 cm', '', 'kdc-pharmacie-150-cm', '', '', ''),
(86, 4, 2, 'KDC Pharmacie 150 cm', '<ol style=\"margin:0px;padding:0px;color:#232323;font-family:\'Work Sans\', sans-serif;font-size:12px;background-color:#f0f0f0;\">\n<li style=\"color:#7a7a7a;margin:0px;\"><a href=\"http://leds.tn/fr/93-kdc-pharmacie-150-cm\" style=\"background-color:transparent;color:#232323;line-height:25px;font-size:14px;\"><span style=\"color:#1e1e1e;\">KDC Pharmacie 150 cm</span></a></li>\n</ol>', 'kdc-pharmacie-150-cm', 'KDC Pharmacie 150 cm', '', 'KDC Pharmacie 150 cm'),
(86, 4, 3, 'KDC Pharmacie 150 cm', '', 'kdc-pharmacie-150-cm', '', '', ''),
(87, 1, 1, ' Enseigne parapharmacie', '', 'enseigne-parapharmacie', '', '', ''),
(87, 1, 2, ' Enseigne parapharmacie', '<ol itemscope=\"\" itemtype=\"http://schema.org/BreadcrumbList\" style=\"box-sizing: inherit; margin: 0px; padding: 0px; color: #232323; font-family: \'Work Sans\', sans-serif; font-size: 12px; background-color: #f0f0f0;\"> \r\n<li itemprop=\"itemListElement\" itemscope=\"\" itemtype=\"http://schema.org/ListItem\" style=\"box-sizing: inherit; display: inline; content: \'/\'; color: #7a7a7a; margin: 0px;\"><a itemprop=\"item\" href=\"http://leds.tn/fr/11-enseigne-parapharmacie\" style=\"box-sizing: inherit; background-color: transparent; color: #232323; text-decoration-line: none; touch-action: manipulation; transition: all 300ms ease 0s; display: inline-block; position: relative; line-height: 25px; font-size: 14px; outline: 0px !important; box-shadow: none !important;\"><span itemprop=\"name\" style=\"box-sizing: inherit; color: #1e1e1e;\">Enseigne parapharmacie</span></a></li>\r\n</ol>', 'enseigne-parapharmacie', ' Enseigne parapharmacie', '', ' Enseigne parapharmacie'),
(87, 1, 3, ' Enseigne parapharmacie', '', 'enseigne-parapharmacie', '', '', ''),
(87, 2, 1, ' Enseigne parapharmacie', '', 'enseigne-parapharmacie', '', '', ''),
(87, 2, 2, ' Enseigne parapharmacie', '<ol itemscope=\"\" itemtype=\"http://schema.org/BreadcrumbList\" style=\"box-sizing: inherit; margin: 0px; padding: 0px; color: #232323; font-family: \'Work Sans\', sans-serif; font-size: 12px; background-color: #f0f0f0;\"> \r\n<li itemprop=\"itemListElement\" itemscope=\"\" itemtype=\"http://schema.org/ListItem\" style=\"box-sizing: inherit; display: inline; content: \'/\'; color: #7a7a7a; margin: 0px;\"><a itemprop=\"item\" href=\"http://leds.tn/fr/11-enseigne-parapharmacie\" style=\"box-sizing: inherit; background-color: transparent; color: #232323; text-decoration-line: none; touch-action: manipulation; transition: all 300ms ease 0s; display: inline-block; position: relative; line-height: 25px; font-size: 14px; outline: 0px !important; box-shadow: none !important;\"><span itemprop=\"name\" style=\"box-sizing: inherit; color: #1e1e1e;\">Enseigne parapharmacie</span></a></li>\r\n</ol>', 'enseigne-parapharmacie', ' Enseigne parapharmacie', '', ' Enseigne parapharmacie'),
(87, 2, 3, ' Enseigne parapharmacie', '', 'enseigne-parapharmacie', '', '', ''),
(87, 3, 1, ' Enseigne parapharmacie', '', 'enseigne-parapharmacie', '', '', ''),
(87, 3, 2, ' Enseigne parapharmacie', '<ol itemscope=\"\" itemtype=\"http://schema.org/BreadcrumbList\" style=\"box-sizing: inherit; margin: 0px; padding: 0px; color: #232323; font-family: \'Work Sans\', sans-serif; font-size: 12px; background-color: #f0f0f0;\"> \r\n<li itemprop=\"itemListElement\" itemscope=\"\" itemtype=\"http://schema.org/ListItem\" style=\"box-sizing: inherit; display: inline; content: \'/\'; color: #7a7a7a; margin: 0px;\"><a itemprop=\"item\" href=\"http://leds.tn/fr/11-enseigne-parapharmacie\" style=\"box-sizing: inherit; background-color: transparent; color: #232323; text-decoration-line: none; touch-action: manipulation; transition: all 300ms ease 0s; display: inline-block; position: relative; line-height: 25px; font-size: 14px; outline: 0px !important; box-shadow: none !important;\"><span itemprop=\"name\" style=\"box-sizing: inherit; color: #1e1e1e;\">Enseigne parapharmacie</span></a></li>\r\n</ol>', 'enseigne-parapharmacie', ' Enseigne parapharmacie', '', ' Enseigne parapharmacie'),
(87, 3, 3, ' Enseigne parapharmacie', '', 'enseigne-parapharmacie', '', '', ''),
(87, 4, 1, ' Enseigne parapharmacie', '', 'enseigne-parapharmacie', '', '', ''),
(87, 4, 2, ' Enseigne parapharmacie', '<ol itemscope=\"\" itemtype=\"http://schema.org/BreadcrumbList\" style=\"box-sizing: inherit; margin: 0px; padding: 0px; color: #232323; font-family: \'Work Sans\', sans-serif; font-size: 12px; background-color: #f0f0f0;\"> \r\n<li itemprop=\"itemListElement\" itemscope=\"\" itemtype=\"http://schema.org/ListItem\" style=\"box-sizing: inherit; display: inline; content: \'/\'; color: #7a7a7a; margin: 0px;\"><a itemprop=\"item\" href=\"http://leds.tn/fr/11-enseigne-parapharmacie\" style=\"box-sizing: inherit; background-color: transparent; color: #232323; text-decoration-line: none; touch-action: manipulation; transition: all 300ms ease 0s; display: inline-block; position: relative; line-height: 25px; font-size: 14px; outline: 0px !important; box-shadow: none !important;\"><span itemprop=\"name\" style=\"box-sizing: inherit; color: #1e1e1e;\">Enseigne parapharmacie</span></a></li>\r\n</ol>', 'enseigne-parapharmacie', ' Enseigne parapharmacie', '', ' Enseigne parapharmacie'),
(87, 4, 3, ' Enseigne parapharmacie', '', 'enseigne-parapharmacie', '', '', ''),
(88, 1, 1, 'Enseigne Laboratoire', '', 'enseigne-laboratoire', '', '', ''),
(88, 1, 2, 'Enseigne Laboratoire', '<ol itemscope=\"\" itemtype=\"http://schema.org/BreadcrumbList\" style=\"box-sizing: inherit; margin: 0px; padding: 0px; color: #232323; font-family: \'Work Sans\', sans-serif; font-size: 12px; background-color: #f0f0f0;\">\r\n<li itemprop=\"itemListElement\" itemscope=\"\" itemtype=\"http://schema.org/ListItem\" style=\"box-sizing: inherit; display: inline; content: \'/\'; color: #7a7a7a; margin: 0px;\"><a itemprop=\"item\" href=\"http://leds.tn/fr/80-enseigne-laboratoire\" style=\"box-sizing: inherit; background-color: transparent; color: #232323; text-decoration-line: none; touch-action: manipulation; transition: all 300ms ease 0s; outline-offset: -2px; display: inline-block; position: relative; line-height: 25px; font-size: 14px; outline: 0px !important; box-shadow: none !important;\"><span itemprop=\"name\" style=\"box-sizing: inherit; color: #1e1e1e;\">Enseigne Laboratoire</span></a></li>\r\n</ol>', 'enseigne-laboratoire', 'Enseigne Laboratoire', '', 'Enseigne Laboratoire'),
(88, 1, 3, 'Enseigne Laboratoire', '', 'enseigne-laboratoire', '', '', ''),
(88, 2, 1, 'Enseigne Laboratoire', '', 'enseigne-laboratoire', '', '', '');
INSERT INTO `ps_category_lang` (`id_category`, `id_shop`, `id_lang`, `name`, `description`, `link_rewrite`, `meta_title`, `meta_keywords`, `meta_description`) VALUES
(88, 2, 2, 'Enseigne Laboratoire', '<ol itemscope=\"\" itemtype=\"http://schema.org/BreadcrumbList\" style=\"box-sizing: inherit; margin: 0px; padding: 0px; color: #232323; font-family: \'Work Sans\', sans-serif; font-size: 12px; background-color: #f0f0f0;\">\r\n<li itemprop=\"itemListElement\" itemscope=\"\" itemtype=\"http://schema.org/ListItem\" style=\"box-sizing: inherit; display: inline; content: \'/\'; color: #7a7a7a; margin: 0px;\"><a itemprop=\"item\" href=\"http://leds.tn/fr/80-enseigne-laboratoire\" style=\"box-sizing: inherit; background-color: transparent; color: #232323; text-decoration-line: none; touch-action: manipulation; transition: all 300ms ease 0s; outline-offset: -2px; display: inline-block; position: relative; line-height: 25px; font-size: 14px; outline: 0px !important; box-shadow: none !important;\"><span itemprop=\"name\" style=\"box-sizing: inherit; color: #1e1e1e;\">Enseigne Laboratoire</span></a></li>\r\n</ol>', 'enseigne-laboratoire', 'Enseigne Laboratoire', '', 'Enseigne Laboratoire'),
(88, 2, 3, 'Enseigne Laboratoire', '', 'enseigne-laboratoire', '', '', ''),
(88, 3, 1, 'Enseigne Laboratoire', '', 'enseigne-laboratoire', '', '', ''),
(88, 3, 2, 'Enseigne Laboratoire', '<ol itemscope=\"\" itemtype=\"http://schema.org/BreadcrumbList\" style=\"box-sizing: inherit; margin: 0px; padding: 0px; color: #232323; font-family: \'Work Sans\', sans-serif; font-size: 12px; background-color: #f0f0f0;\">\r\n<li itemprop=\"itemListElement\" itemscope=\"\" itemtype=\"http://schema.org/ListItem\" style=\"box-sizing: inherit; display: inline; content: \'/\'; color: #7a7a7a; margin: 0px;\"><a itemprop=\"item\" href=\"http://leds.tn/fr/80-enseigne-laboratoire\" style=\"box-sizing: inherit; background-color: transparent; color: #232323; text-decoration-line: none; touch-action: manipulation; transition: all 300ms ease 0s; outline-offset: -2px; display: inline-block; position: relative; line-height: 25px; font-size: 14px; outline: 0px !important; box-shadow: none !important;\"><span itemprop=\"name\" style=\"box-sizing: inherit; color: #1e1e1e;\">Enseigne Laboratoire</span></a></li>\r\n</ol>', 'enseigne-laboratoire', 'Enseigne Laboratoire', '', 'Enseigne Laboratoire'),
(88, 3, 3, 'Enseigne Laboratoire', '', 'enseigne-laboratoire', '', '', ''),
(88, 4, 1, 'Enseigne Laboratoire', '', 'enseigne-laboratoire', '', '', ''),
(88, 4, 2, 'Enseigne Laboratoire', '<ol itemscope=\"\" itemtype=\"http://schema.org/BreadcrumbList\" style=\"box-sizing: inherit; margin: 0px; padding: 0px; color: #232323; font-family: \'Work Sans\', sans-serif; font-size: 12px; background-color: #f0f0f0;\">\r\n<li itemprop=\"itemListElement\" itemscope=\"\" itemtype=\"http://schema.org/ListItem\" style=\"box-sizing: inherit; display: inline; content: \'/\'; color: #7a7a7a; margin: 0px;\"><a itemprop=\"item\" href=\"http://leds.tn/fr/80-enseigne-laboratoire\" style=\"box-sizing: inherit; background-color: transparent; color: #232323; text-decoration-line: none; touch-action: manipulation; transition: all 300ms ease 0s; outline-offset: -2px; display: inline-block; position: relative; line-height: 25px; font-size: 14px; outline: 0px !important; box-shadow: none !important;\"><span itemprop=\"name\" style=\"box-sizing: inherit; color: #1e1e1e;\">Enseigne Laboratoire</span></a></li>\r\n</ol>', 'enseigne-laboratoire', 'Enseigne Laboratoire', '', 'Enseigne Laboratoire'),
(88, 4, 3, 'Enseigne Laboratoire', '', 'enseigne-laboratoire', '', '', ''),
(89, 1, 1, 'Enseigne Paramédical', '', 'enseigne-paramedical', '', '', ''),
(89, 1, 2, 'Enseigne Paramédical', '<ul class=\"category-top-menu\" style=\"box-sizing: inherit; margin: 0px; list-style: none; padding: 0px; color: #232323; font-family: \'Work Sans\', sans-serif; font-size: 13px;\">\r\n<li style=\"box-sizing: inherit;\"><a class=\"text-uppercase h6\" href=\"http://leds.tn/fr/109-enseigne-paramedical\" style=\"box-sizing: inherit; background-color: transparent; color: #222222; text-decoration-line: none; touch-action: manipulation; transition: all 300ms ease 0s; margin: 0px 0px 20px; font-family: inherit; font-weight: 600; line-height: 20px; font-size: 20px; padding: 0px; position: relative; display: inline-block; text-transform: capitalize !important;\">Enseigne Paramédical</a></li>\r\n</ul>', 'enseigne-paramedical', 'Enseigne Paramédical', '', 'Enseigne Paramédical'),
(89, 1, 3, 'Enseigne Paramédical', '', 'enseigne-paramedical', '', '', ''),
(89, 2, 1, 'Enseigne Paramédical', '', 'enseigne-paramedical', '', '', ''),
(89, 2, 2, 'Enseigne Paramédical', '<ul class=\"category-top-menu\" style=\"box-sizing: inherit; margin: 0px; list-style: none; padding: 0px; color: #232323; font-family: \'Work Sans\', sans-serif; font-size: 13px;\">\r\n<li style=\"box-sizing: inherit;\"><a class=\"text-uppercase h6\" href=\"http://leds.tn/fr/109-enseigne-paramedical\" style=\"box-sizing: inherit; background-color: transparent; color: #222222; text-decoration-line: none; touch-action: manipulation; transition: all 300ms ease 0s; margin: 0px 0px 20px; font-family: inherit; font-weight: 600; line-height: 20px; font-size: 20px; padding: 0px; position: relative; display: inline-block; text-transform: capitalize !important;\">Enseigne Paramédical</a></li>\r\n</ul>', 'enseigne-paramedical', 'Enseigne Paramédical', '', 'Enseigne Paramédical'),
(89, 2, 3, 'Enseigne Paramédical', '', 'enseigne-paramedical', '', '', ''),
(89, 3, 1, 'Enseigne Paramédical', '', 'enseigne-paramedical', '', '', ''),
(89, 3, 2, 'Enseigne Paramédical', '<ul class=\"category-top-menu\" style=\"box-sizing: inherit; margin: 0px; list-style: none; padding: 0px; color: #232323; font-family: \'Work Sans\', sans-serif; font-size: 13px;\">\r\n<li style=\"box-sizing: inherit;\"><a class=\"text-uppercase h6\" href=\"http://leds.tn/fr/109-enseigne-paramedical\" style=\"box-sizing: inherit; background-color: transparent; color: #222222; text-decoration-line: none; touch-action: manipulation; transition: all 300ms ease 0s; margin: 0px 0px 20px; font-family: inherit; font-weight: 600; line-height: 20px; font-size: 20px; padding: 0px; position: relative; display: inline-block; text-transform: capitalize !important;\">Enseigne Paramédical</a></li>\r\n</ul>', 'enseigne-paramedical', 'Enseigne Paramédical', '', 'Enseigne Paramédical'),
(89, 3, 3, 'Enseigne Paramédical', '', 'enseigne-paramedical', '', '', ''),
(89, 4, 1, 'Enseigne Paramédical', '', 'enseigne-paramedical', '', '', ''),
(89, 4, 2, 'Enseigne Paramédical', '<ul class=\"category-top-menu\" style=\"box-sizing: inherit; margin: 0px; list-style: none; padding: 0px; color: #232323; font-family: \'Work Sans\', sans-serif; font-size: 13px;\">\r\n<li style=\"box-sizing: inherit;\"><a class=\"text-uppercase h6\" href=\"http://leds.tn/fr/109-enseigne-paramedical\" style=\"box-sizing: inherit; background-color: transparent; color: #222222; text-decoration-line: none; touch-action: manipulation; transition: all 300ms ease 0s; margin: 0px 0px 20px; font-family: inherit; font-weight: 600; line-height: 20px; font-size: 20px; padding: 0px; position: relative; display: inline-block; text-transform: capitalize !important;\">Enseigne Paramédical</a></li>\r\n</ul>', 'enseigne-paramedical', 'Enseigne Paramédical', '', 'Enseigne Paramédical'),
(89, 4, 3, 'Enseigne Paramédical', '', 'enseigne-paramedical', '', '', ''),
(90, 1, 1, 'Enseigne Radiologie', '', 'enseigne-radiologie', '', '', ''),
(90, 1, 2, 'Enseigne Radiologie', '<ol itemscope=\"\" itemtype=\"http://schema.org/BreadcrumbList\" style=\"box-sizing: inherit; margin: 0px; padding: 0px; color: #232323; font-family: \'Work Sans\', sans-serif; font-size: 12px; background-color: #f0f0f0;\">\r\n<li itemprop=\"itemListElement\" itemscope=\"\" itemtype=\"http://schema.org/ListItem\" style=\"box-sizing: inherit; display: inline; content: \'/\'; color: #7a7a7a; margin: 0px;\"><a itemprop=\"item\" href=\"http://leds.tn/fr/110-enseigne-radiologie\" style=\"box-sizing: inherit; background-color: transparent; color: #232323; text-decoration-line: none; touch-action: manipulation; transition: all 300ms ease 0s; display: inline-block; position: relative; line-height: 25px; font-size: 14px; outline: 0px !important; box-shadow: none !important;\"><span itemprop=\"name\" style=\"box-sizing: inherit; color: #1e1e1e;\">Enseigne Radiologie</span></a></li>\r\n</ol>', 'enseigne-radiologie', 'Enseigne Radiologie', '', 'Enseigne Radiologie'),
(90, 1, 3, 'Enseigne Radiologie', '', 'enseigne-radiologie', '', '', ''),
(90, 2, 1, 'Enseigne Radiologie', '', 'enseigne-radiologie', '', '', ''),
(90, 2, 2, 'Enseigne Radiologie', '<ol itemscope=\"\" itemtype=\"http://schema.org/BreadcrumbList\" style=\"box-sizing: inherit; margin: 0px; padding: 0px; color: #232323; font-family: \'Work Sans\', sans-serif; font-size: 12px; background-color: #f0f0f0;\">\r\n<li itemprop=\"itemListElement\" itemscope=\"\" itemtype=\"http://schema.org/ListItem\" style=\"box-sizing: inherit; display: inline; content: \'/\'; color: #7a7a7a; margin: 0px;\"><a itemprop=\"item\" href=\"http://leds.tn/fr/110-enseigne-radiologie\" style=\"box-sizing: inherit; background-color: transparent; color: #232323; text-decoration-line: none; touch-action: manipulation; transition: all 300ms ease 0s; display: inline-block; position: relative; line-height: 25px; font-size: 14px; outline: 0px !important; box-shadow: none !important;\"><span itemprop=\"name\" style=\"box-sizing: inherit; color: #1e1e1e;\">Enseigne Radiologie</span></a></li>\r\n</ol>', 'enseigne-radiologie', 'Enseigne Radiologie', '', 'Enseigne Radiologie'),
(90, 2, 3, 'Enseigne Radiologie', '', 'enseigne-radiologie', '', '', ''),
(90, 3, 1, 'Enseigne Radiologie', '', 'enseigne-radiologie', '', '', ''),
(90, 3, 2, 'Enseigne Radiologie', '<ol itemscope=\"\" itemtype=\"http://schema.org/BreadcrumbList\" style=\"box-sizing: inherit; margin: 0px; padding: 0px; color: #232323; font-family: \'Work Sans\', sans-serif; font-size: 12px; background-color: #f0f0f0;\">\r\n<li itemprop=\"itemListElement\" itemscope=\"\" itemtype=\"http://schema.org/ListItem\" style=\"box-sizing: inherit; display: inline; content: \'/\'; color: #7a7a7a; margin: 0px;\"><a itemprop=\"item\" href=\"http://leds.tn/fr/110-enseigne-radiologie\" style=\"box-sizing: inherit; background-color: transparent; color: #232323; text-decoration-line: none; touch-action: manipulation; transition: all 300ms ease 0s; display: inline-block; position: relative; line-height: 25px; font-size: 14px; outline: 0px !important; box-shadow: none !important;\"><span itemprop=\"name\" style=\"box-sizing: inherit; color: #1e1e1e;\">Enseigne Radiologie</span></a></li>\r\n</ol>', 'enseigne-radiologie', 'Enseigne Radiologie', '', 'Enseigne Radiologie'),
(90, 3, 3, 'Enseigne Radiologie', '', 'enseigne-radiologie', '', '', ''),
(90, 4, 1, 'Enseigne Radiologie', '', 'enseigne-radiologie', '', '', ''),
(90, 4, 2, 'Enseigne Radiologie', '<ol itemscope=\"\" itemtype=\"http://schema.org/BreadcrumbList\" style=\"box-sizing: inherit; margin: 0px; padding: 0px; color: #232323; font-family: \'Work Sans\', sans-serif; font-size: 12px; background-color: #f0f0f0;\">\r\n<li itemprop=\"itemListElement\" itemscope=\"\" itemtype=\"http://schema.org/ListItem\" style=\"box-sizing: inherit; display: inline; content: \'/\'; color: #7a7a7a; margin: 0px;\"><a itemprop=\"item\" href=\"http://leds.tn/fr/110-enseigne-radiologie\" style=\"box-sizing: inherit; background-color: transparent; color: #232323; text-decoration-line: none; touch-action: manipulation; transition: all 300ms ease 0s; display: inline-block; position: relative; line-height: 25px; font-size: 14px; outline: 0px !important; box-shadow: none !important;\"><span itemprop=\"name\" style=\"box-sizing: inherit; color: #1e1e1e;\">Enseigne Radiologie</span></a></li>\r\n</ol>', 'enseigne-radiologie', 'Enseigne Radiologie', '', 'Enseigne Radiologie'),
(90, 4, 3, 'Enseigne Radiologie', '', 'enseigne-radiologie', '', '', ''),
(91, 1, 1, 'Enseigne Divers Médical', '', 'enseigne-divers-medical', '', '', ''),
(91, 1, 2, 'Enseigne Divers Médical', '<ul class=\"category-top-menu\" style=\"box-sizing: inherit; margin: 0px; list-style: none; padding: 0px; color: #232323; font-family: \'Work Sans\', sans-serif; font-size: 13px;\">\r\n<li style=\"box-sizing: inherit;\"><a class=\"text-uppercase h6\" href=\"http://leds.tn/fr/112-enseigne-divers-medical\" style=\"box-sizing: inherit; background-color: transparent; color: #222222; text-decoration-line: none; touch-action: manipulation; transition: all 300ms ease 0s; margin: 0px 0px 20px; font-family: inherit; font-weight: 600; line-height: 20px; font-size: 20px; padding: 0px; outline-offset: -2px; position: relative; display: inline-block; text-transform: capitalize !important; outline: 0px !important; box-shadow: none !important;\">Enseigne Divers Médical</a></li>\r\n</ul>', 'enseigne-divers-medical', 'Enseigne Divers Médical', '', 'Enseigne Divers Médical'),
(91, 1, 3, 'Enseigne Divers Médical', '', 'enseigne-divers-medical', '', '', ''),
(91, 2, 1, 'Enseigne Divers Médical', '', 'enseigne-divers-medical', '', '', ''),
(91, 2, 2, 'Enseigne Divers Médical', '<ul class=\"category-top-menu\" style=\"box-sizing: inherit; margin: 0px; list-style: none; padding: 0px; color: #232323; font-family: \'Work Sans\', sans-serif; font-size: 13px;\">\r\n<li style=\"box-sizing: inherit;\"><a class=\"text-uppercase h6\" href=\"http://leds.tn/fr/112-enseigne-divers-medical\" style=\"box-sizing: inherit; background-color: transparent; color: #222222; text-decoration-line: none; touch-action: manipulation; transition: all 300ms ease 0s; margin: 0px 0px 20px; font-family: inherit; font-weight: 600; line-height: 20px; font-size: 20px; padding: 0px; outline-offset: -2px; position: relative; display: inline-block; text-transform: capitalize !important; outline: 0px !important; box-shadow: none !important;\">Enseigne Divers Médical</a></li>\r\n</ul>', 'enseigne-divers-medical', 'Enseigne Divers Médical', '', 'Enseigne Divers Médical'),
(91, 2, 3, 'Enseigne Divers Médical', '', 'enseigne-divers-medical', '', '', ''),
(91, 3, 1, 'Enseigne Divers Médical', '', 'enseigne-divers-medical', '', '', ''),
(91, 3, 2, 'Enseigne Divers Médical', '<ul class=\"category-top-menu\" style=\"box-sizing: inherit; margin: 0px; list-style: none; padding: 0px; color: #232323; font-family: \'Work Sans\', sans-serif; font-size: 13px;\">\r\n<li style=\"box-sizing: inherit;\"><a class=\"text-uppercase h6\" href=\"http://leds.tn/fr/112-enseigne-divers-medical\" style=\"box-sizing: inherit; background-color: transparent; color: #222222; text-decoration-line: none; touch-action: manipulation; transition: all 300ms ease 0s; margin: 0px 0px 20px; font-family: inherit; font-weight: 600; line-height: 20px; font-size: 20px; padding: 0px; outline-offset: -2px; position: relative; display: inline-block; text-transform: capitalize !important; outline: 0px !important; box-shadow: none !important;\">Enseigne Divers Médical</a></li>\r\n</ul>', 'enseigne-divers-medical', 'Enseigne Divers Médical', '', 'Enseigne Divers Médical'),
(91, 3, 3, 'Enseigne Divers Médical', '', 'enseigne-divers-medical', '', '', ''),
(91, 4, 1, 'Enseigne Divers Médical', '', 'enseigne-divers-medical', '', '', ''),
(91, 4, 2, 'Enseigne Divers Médical', '<ul class=\"category-top-menu\" style=\"box-sizing: inherit; margin: 0px; list-style: none; padding: 0px; color: #232323; font-family: \'Work Sans\', sans-serif; font-size: 13px;\">\r\n<li style=\"box-sizing: inherit;\"><a class=\"text-uppercase h6\" href=\"http://leds.tn/fr/112-enseigne-divers-medical\" style=\"box-sizing: inherit; background-color: transparent; color: #222222; text-decoration-line: none; touch-action: manipulation; transition: all 300ms ease 0s; margin: 0px 0px 20px; font-family: inherit; font-weight: 600; line-height: 20px; font-size: 20px; padding: 0px; outline-offset: -2px; position: relative; display: inline-block; text-transform: capitalize !important; outline: 0px !important; box-shadow: none !important;\">Enseigne Divers Médical</a></li>\r\n</ul>', 'enseigne-divers-medical', 'Enseigne Divers Médical', '', 'Enseigne Divers Médical'),
(91, 4, 3, 'Enseigne Divers Médical', '', 'enseigne-divers-medical', '', '', ''),
(92, 1, 1, 'Drapeau Spécial', '', 'drapeau-special', '', '', ''),
(92, 1, 2, 'Drapeau Spécial', '<p>Drapeau</p>\r\n<p></p>\r\n<p>Drapeau Spécial</p>', 'drapeau-special', 'Drapeau Spécial', '', 'Drapeau Spécial'),
(92, 1, 3, 'Drapeau Spécial', '', 'drapeau-special', '', '', ''),
(92, 2, 1, 'Drapeau Spécial', '', 'drapeau-special', '', '', ''),
(92, 2, 2, 'Drapeau Spécial', '<p>Drapeau</p>\r\n<p></p>\r\n<p>Drapeau Spécial</p>', 'drapeau-special', 'Drapeau Spécial', '', 'Drapeau Spécial'),
(92, 2, 3, 'Drapeau Spécial', '', 'drapeau-special', '', '', ''),
(92, 3, 1, 'Drapeau Spécial', '', 'drapeau-special', '', '', ''),
(92, 3, 2, 'Drapeau Spécial', '<p>Drapeau</p>\r\n<p></p>\r\n<p>Drapeau Spécial</p>', 'drapeau-special', 'Drapeau Spécial', '', 'Drapeau Spécial'),
(92, 3, 3, 'Drapeau Spécial', '', 'drapeau-special', '', '', ''),
(92, 4, 1, 'Drapeau Spécial', '', 'drapeau-special', '', '', ''),
(92, 4, 2, 'Drapeau Spécial', '<p>Drapeau</p>\r\n<p></p>\r\n<p>Drapeau Spécial</p>', 'drapeau-special', 'Drapeau Spécial', '', 'Drapeau Spécial'),
(92, 4, 3, 'Drapeau Spécial', '', 'drapeau-special', '', '', ''),
(93, 1, 1, 'Drapeau 50', '', 'drapeau-50', '', '', ''),
(93, 1, 2, 'Drapeau 50 cm', '<p>Drapeau 50 cm</p>', 'drapeau-50-cm', 'Drapeau 50 cm', '', 'Drapeau 50 cm'),
(93, 1, 3, 'Drapeau 50', '', 'drapeau-50', '', '', ''),
(93, 2, 1, 'Drapeau 50', '', 'drapeau-50', '', '', ''),
(93, 2, 2, 'Drapeau 50 cm', '<p>Drapeau 50 cm</p>', 'drapeau-50-cm', 'Drapeau 50 cm', '', 'Drapeau 50 cm'),
(93, 2, 3, 'Drapeau 50', '', 'drapeau-50', '', '', ''),
(93, 3, 1, 'Drapeau 50', '', 'drapeau-50', '', '', ''),
(93, 3, 2, 'Drapeau 50 cm', '<p>Drapeau 50 cm</p>', 'drapeau-50-cm', 'Drapeau 50 cm', '', 'Drapeau 50 cm'),
(93, 3, 3, 'Drapeau 50', '', 'drapeau-50', '', '', ''),
(93, 4, 1, 'Drapeau 50', '', 'drapeau-50', '', '', ''),
(93, 4, 2, 'Drapeau 50 cm', '<p>Drapeau 50 cm</p>', 'drapeau-50-cm', 'Drapeau 50 cm', '', 'Drapeau 50 cm'),
(93, 4, 3, 'Drapeau 50', '', 'drapeau-50', '', '', ''),
(94, 1, 1, 'Drapeau 100 cm', '', 'drapeau-100-cm', '', '', ''),
(94, 1, 2, 'Drapeau 100 cm', '<p>Drapeau 100 cm</p>', 'drapeau-100-cm', 'Drapeau 100 cm', '', 'Drapeau 100 cm'),
(94, 1, 3, 'Drapeau 100 cm', '', 'drapeau-100-cm', '', '', ''),
(94, 2, 1, 'Drapeau 100 cm', '', 'drapeau-100-cm', '', '', ''),
(94, 2, 2, 'Drapeau 100 cm', '<p>Drapeau 100 cm</p>', 'drapeau-100-cm', 'Drapeau 100 cm', '', 'Drapeau 100 cm'),
(94, 2, 3, 'Drapeau 100 cm', '', 'drapeau-100-cm', '', '', ''),
(94, 3, 1, 'Drapeau 100 cm', '', 'drapeau-100-cm', '', '', ''),
(94, 3, 2, 'Drapeau 100 cm', '<p>Drapeau 100 cm</p>', 'drapeau-100-cm', 'Drapeau 100 cm', '', 'Drapeau 100 cm'),
(94, 3, 3, 'Drapeau 100 cm', '', 'drapeau-100-cm', '', '', ''),
(94, 4, 1, 'Drapeau 100 cm', '', 'drapeau-100-cm', '', '', ''),
(94, 4, 2, 'Drapeau 100 cm', '<p>Drapeau 100 cm</p>', 'drapeau-100-cm', 'Drapeau 100 cm', '', 'Drapeau 100 cm'),
(94, 4, 3, 'Drapeau 100 cm', '', 'drapeau-100-cm', '', '', ''),
(95, 1, 1, 'Drapeau 150 cm', '', 'drapeau-150-cm', '', '', ''),
(95, 1, 2, 'Drapeau 150 cm', '<p>Drapeau 150 cm</p>', 'drapeau-150-cm', 'Drapeau 150 cm', '', 'Drapeau 150 cm'),
(95, 1, 3, 'Drapeau 150 cm', '', 'drapeau-150-cm', '', '', ''),
(95, 2, 1, 'Drapeau 150 cm', '', 'drapeau-150-cm', '', '', ''),
(95, 2, 2, 'Drapeau 150 cm', '<p>Drapeau 150 cm</p>', 'drapeau-150-cm', 'Drapeau 150 cm', '', 'Drapeau 150 cm'),
(95, 2, 3, 'Drapeau 150 cm', '', 'drapeau-150-cm', '', '', ''),
(95, 3, 1, 'Drapeau 150 cm', '', 'drapeau-150-cm', '', '', ''),
(95, 3, 2, 'Drapeau 150 cm', '<p>Drapeau 150 cm</p>', 'drapeau-150-cm', 'Drapeau 150 cm', '', 'Drapeau 150 cm'),
(95, 3, 3, 'Drapeau 150 cm', '', 'drapeau-150-cm', '', '', ''),
(95, 4, 1, 'Drapeau 150 cm', '', 'drapeau-150-cm', '', '', ''),
(95, 4, 2, 'Drapeau 150 cm', '<p>Drapeau 150 cm</p>', 'drapeau-150-cm', 'Drapeau 150 cm', '', 'Drapeau 150 cm'),
(95, 4, 3, 'Drapeau 150 cm', '', 'drapeau-150-cm', '', '', ''),
(96, 1, 1, 'Drapeau 200 cm', '', 'drapeau-200-cm', '', '', ''),
(96, 1, 2, 'Drapeau 200 cm', '<p>Drapeau 200 cm</p>', 'drapeau-200-cm', 'Drapeau 200 cm', '', 'Drapeau 200 cm'),
(96, 1, 3, 'Drapeau 200 cm', '', 'drapeau-200-cm', '', '', ''),
(96, 2, 1, 'Drapeau 200 cm', '', 'drapeau-200-cm', '', '', ''),
(96, 2, 2, 'Drapeau 200 cm', '<p>Drapeau 200 cm</p>', 'drapeau-200-cm', 'Drapeau 200 cm', '', 'Drapeau 200 cm'),
(96, 2, 3, 'Drapeau 200 cm', '', 'drapeau-200-cm', '', '', ''),
(96, 3, 1, 'Drapeau 200 cm', '', 'drapeau-200-cm', '', '', ''),
(96, 3, 2, 'Drapeau 200 cm', '<p>Drapeau 200 cm</p>', 'drapeau-200-cm', 'Drapeau 200 cm', '', 'Drapeau 200 cm'),
(96, 3, 3, 'Drapeau 200 cm', '', 'drapeau-200-cm', '', '', ''),
(96, 4, 1, 'Drapeau 200 cm', '', 'drapeau-200-cm', '', '', ''),
(96, 4, 2, 'Drapeau 200 cm', '<p>Drapeau 200 cm</p>', 'drapeau-200-cm', 'Drapeau 200 cm', '', 'Drapeau 200 cm'),
(96, 4, 3, 'Drapeau 200 cm', '', 'drapeau-200-cm', '', '', ''),
(97, 1, 1, 'Drapeau 200 cm', '', 'drapeau-200-cm', '', '', ''),
(97, 1, 2, 'Drapeau 200 cm', '<p>Drapeau 200 cm</p>', 'drapeau-200-cm', 'Drapeau 200 cm', '', 'Drapeau 200 cm'),
(97, 1, 3, 'Drapeau 200 cm', '', 'drapeau-200-cm', '', '', ''),
(97, 2, 1, 'Drapeau 200 cm', '', 'drapeau-200-cm', '', '', ''),
(97, 2, 2, 'Drapeau 200 cm', '<p>Drapeau 200 cm</p>', 'drapeau-200-cm', 'Drapeau 200 cm', '', 'Drapeau 200 cm'),
(97, 2, 3, 'Drapeau 200 cm', '', 'drapeau-200-cm', '', '', ''),
(97, 3, 1, 'Drapeau 200 cm', '', 'drapeau-200-cm', '', '', ''),
(97, 3, 2, 'Drapeau 200 cm', '<p>Drapeau 200 cm</p>', 'drapeau-200-cm', 'Drapeau 200 cm', '', 'Drapeau 200 cm'),
(97, 3, 3, 'Drapeau 200 cm', '', 'drapeau-200-cm', '', '', ''),
(97, 4, 1, 'Drapeau 200 cm', '', 'drapeau-200-cm', '', '', ''),
(97, 4, 2, 'Drapeau 200 cm', '<p>Drapeau 200 cm</p>', 'drapeau-200-cm', 'Drapeau 200 cm', '', 'Drapeau 200 cm'),
(97, 4, 3, 'Drapeau 200 cm', '', 'drapeau-200-cm', '', '', ''),
(98, 1, 1, 'Drapeau 250 cm', '', 'drapeau-250-cm', '', '', ''),
(98, 1, 2, 'Drapeau 250 cm', '<p>Drapeau 250 cm</p>', 'drapeau-250-cm', 'Drapeau 250 cm', '', 'Drapeau 250 cm'),
(98, 1, 3, 'Drapeau 250 cm', '', 'drapeau-250-cm', '', '', ''),
(98, 2, 1, 'Drapeau 250 cm', '', 'drapeau-250-cm', '', '', ''),
(98, 2, 2, 'Drapeau 250 cm', '<p>Drapeau 250 cm</p>', 'drapeau-250-cm', 'Drapeau 250 cm', '', 'Drapeau 250 cm'),
(98, 2, 3, 'Drapeau 250 cm', '', 'drapeau-250-cm', '', '', ''),
(98, 3, 1, 'Drapeau 250 cm', '', 'drapeau-250-cm', '', '', ''),
(98, 3, 2, 'Drapeau 250 cm', '<p>Drapeau 250 cm</p>', 'drapeau-250-cm', 'Drapeau 250 cm', '', 'Drapeau 250 cm'),
(98, 3, 3, 'Drapeau 250 cm', '', 'drapeau-250-cm', '', '', ''),
(98, 4, 1, 'Drapeau 250 cm', '', 'drapeau-250-cm', '', '', ''),
(98, 4, 2, 'Drapeau 250 cm', '<p>Drapeau 250 cm</p>', 'drapeau-250-cm', 'Drapeau 250 cm', '', 'Drapeau 250 cm'),
(98, 4, 3, 'Drapeau 250 cm', '', 'drapeau-250-cm', '', '', ''),
(99, 1, 1, 'Drapeau 300 cm', '', 'drapeau-300-cm', '', '', ''),
(99, 1, 2, 'Drapeau 300 cm', '<p>Drapeau 300 cm</p>', 'drapeau-300-cm', 'Drapeau 300 cm', '', 'Drapeau 300 cm'),
(99, 1, 3, 'Drapeau 300 cm', '', 'drapeau-300-cm', '', '', ''),
(99, 2, 1, 'Drapeau 300 cm', '', 'drapeau-300-cm', '', '', ''),
(99, 2, 2, 'Drapeau 300 cm', '<p>Drapeau 300 cm</p>', 'drapeau-300-cm', 'Drapeau 300 cm', '', 'Drapeau 300 cm'),
(99, 2, 3, 'Drapeau 300 cm', '', 'drapeau-300-cm', '', '', ''),
(99, 3, 1, 'Drapeau 300 cm', '', 'drapeau-300-cm', '', '', ''),
(99, 3, 2, 'Drapeau 300 cm', '<p>Drapeau 300 cm</p>', 'drapeau-300-cm', 'Drapeau 300 cm', '', 'Drapeau 300 cm'),
(99, 3, 3, 'Drapeau 300 cm', '', 'drapeau-300-cm', '', '', ''),
(99, 4, 1, 'Drapeau 300 cm', '', 'drapeau-300-cm', '', '', ''),
(99, 4, 2, 'Drapeau 300 cm', '<p>Drapeau 300 cm</p>', 'drapeau-300-cm', 'Drapeau 300 cm', '', 'Drapeau 300 cm'),
(99, 4, 3, 'Drapeau 300 cm', '', 'drapeau-300-cm', '', '', ''),
(100, 1, 1, 'Enseigne parapharmacie', '', 'enseigne-parapharmacie', '', '', ''),
(100, 1, 2, 'Enseigne parapharmacie', '<ol itemscope=\"\" itemtype=\"http://schema.org/BreadcrumbList\" style=\"box-sizing: inherit; margin: 0px; padding: 0px; color: #232323; font-family: \'Work Sans\', sans-serif; font-size: 12px; background-color: #f0f0f0;\">\r\n<li itemprop=\"itemListElement\" itemscope=\"\" itemtype=\"http://schema.org/ListItem\" style=\"box-sizing: inherit; display: inline; content: \'/\'; color: #7a7a7a; margin: 0px;\"><a itemprop=\"item\" href=\"http://leds.tn/fr/11-enseigne-parapharmacie\" style=\"box-sizing: inherit; background-color: transparent; color: #232323; text-decoration-line: none; touch-action: manipulation; transition: all 300ms ease 0s; outline-offset: -2px; display: inline-block; position: relative; line-height: 25px; font-size: 14px; outline: 0px !important; box-shadow: none !important;\"><span itemprop=\"name\" style=\"box-sizing: inherit; color: #1e1e1e;\">Enseigne parapharmacie</span></a></li>\r\n</ol>', 'enseigne-parapharmacie', 'Enseigne parapharmacie', '', 'Enseigne parapharmacie'),
(100, 1, 3, 'Enseigne parapharmacie', '', 'enseigne-parapharmacie', '', '', ''),
(100, 2, 1, 'Enseigne parapharmacie', '', 'enseigne-parapharmacie', '', '', ''),
(100, 2, 2, 'Enseigne parapharmacie', '<ol itemscope=\"\" itemtype=\"http://schema.org/BreadcrumbList\" style=\"box-sizing: inherit; margin: 0px; padding: 0px; color: #232323; font-family: \'Work Sans\', sans-serif; font-size: 12px; background-color: #f0f0f0;\">\r\n<li itemprop=\"itemListElement\" itemscope=\"\" itemtype=\"http://schema.org/ListItem\" style=\"box-sizing: inherit; display: inline; content: \'/\'; color: #7a7a7a; margin: 0px;\"><a itemprop=\"item\" href=\"http://leds.tn/fr/11-enseigne-parapharmacie\" style=\"box-sizing: inherit; background-color: transparent; color: #232323; text-decoration-line: none; touch-action: manipulation; transition: all 300ms ease 0s; outline-offset: -2px; display: inline-block; position: relative; line-height: 25px; font-size: 14px; outline: 0px !important; box-shadow: none !important;\"><span itemprop=\"name\" style=\"box-sizing: inherit; color: #1e1e1e;\">Enseigne parapharmacie</span></a></li>\r\n</ol>', 'enseigne-parapharmacie', 'Enseigne parapharmacie', '', 'Enseigne parapharmacie'),
(100, 2, 3, 'Enseigne parapharmacie', '', 'enseigne-parapharmacie', '', '', ''),
(100, 3, 1, 'Enseigne parapharmacie', '', 'enseigne-parapharmacie', '', '', ''),
(100, 3, 2, 'Enseigne parapharmacie', '<ol itemscope=\"\" itemtype=\"http://schema.org/BreadcrumbList\" style=\"box-sizing: inherit; margin: 0px; padding: 0px; color: #232323; font-family: \'Work Sans\', sans-serif; font-size: 12px; background-color: #f0f0f0;\">\r\n<li itemprop=\"itemListElement\" itemscope=\"\" itemtype=\"http://schema.org/ListItem\" style=\"box-sizing: inherit; display: inline; content: \'/\'; color: #7a7a7a; margin: 0px;\"><a itemprop=\"item\" href=\"http://leds.tn/fr/11-enseigne-parapharmacie\" style=\"box-sizing: inherit; background-color: transparent; color: #232323; text-decoration-line: none; touch-action: manipulation; transition: all 300ms ease 0s; outline-offset: -2px; display: inline-block; position: relative; line-height: 25px; font-size: 14px; outline: 0px !important; box-shadow: none !important;\"><span itemprop=\"name\" style=\"box-sizing: inherit; color: #1e1e1e;\">Enseigne parapharmacie</span></a></li>\r\n</ol>', 'enseigne-parapharmacie', 'Enseigne parapharmacie', '', 'Enseigne parapharmacie'),
(100, 3, 3, 'Enseigne parapharmacie', '', 'enseigne-parapharmacie', '', '', ''),
(100, 4, 1, 'Enseigne parapharmacie', '', 'enseigne-parapharmacie', '', '', ''),
(100, 4, 2, 'Enseigne parapharmacie', '<ol itemscope=\"\" itemtype=\"http://schema.org/BreadcrumbList\" style=\"box-sizing: inherit; margin: 0px; padding: 0px; color: #232323; font-family: \'Work Sans\', sans-serif; font-size: 12px; background-color: #f0f0f0;\">\r\n<li itemprop=\"itemListElement\" itemscope=\"\" itemtype=\"http://schema.org/ListItem\" style=\"box-sizing: inherit; display: inline; content: \'/\'; color: #7a7a7a; margin: 0px;\"><a itemprop=\"item\" href=\"http://leds.tn/fr/11-enseigne-parapharmacie\" style=\"box-sizing: inherit; background-color: transparent; color: #232323; text-decoration-line: none; touch-action: manipulation; transition: all 300ms ease 0s; outline-offset: -2px; display: inline-block; position: relative; line-height: 25px; font-size: 14px; outline: 0px !important; box-shadow: none !important;\"><span itemprop=\"name\" style=\"box-sizing: inherit; color: #1e1e1e;\">Enseigne parapharmacie</span></a></li>\r\n</ol>', 'enseigne-parapharmacie', 'Enseigne parapharmacie', '', 'Enseigne parapharmacie'),
(100, 4, 3, 'Enseigne parapharmacie', '', 'enseigne-parapharmacie', '', '', ''),
(101, 1, 1, 'Drapeau & Double Face', '', 'drapeau-double-face', '', '', ''),
(101, 1, 2, 'Drapeau & Double Face', '<ol itemscope=\"\" itemtype=\"http://schema.org/BreadcrumbList\" style=\"box-sizing: inherit; margin: 0px; padding: 0px; color: #232323; font-family: \'Work Sans\', sans-serif; font-size: 12px; background-color: #f0f0f0;\">\r\n<li itemprop=\"itemListElement\" itemscope=\"\" itemtype=\"http://schema.org/ListItem\" style=\"box-sizing: inherit; display: inline; content: \'/\'; color: #7a7a7a; margin: 0px;\"><a itemprop=\"item\" href=\"http://leds.tn/fr/106-drapeau-double-face\" style=\"box-sizing: inherit; background-color: transparent; color: #232323; text-decoration-line: none; touch-action: manipulation; transition: all 300ms ease 0s; outline-offset: -2px; display: inline-block; position: relative; line-height: 25px; font-size: 14px; outline: 0px !important; box-shadow: none !important;\"><span itemprop=\"name\" style=\"box-sizing: inherit; color: #1e1e1e;\">Drapeau & Double Face</span></a></li>\r\n</ol>', 'drapeau-double-face', 'Drapeau & Double Face', '', 'Drapeau & Double Face'),
(101, 1, 3, 'Drapeau & Double Face', '', 'drapeau-double-face', '', '', ''),
(101, 2, 1, 'Drapeau & Double Face', '', 'drapeau-double-face', '', '', ''),
(101, 2, 2, 'Drapeau & Double Face', '<ol itemscope=\"\" itemtype=\"http://schema.org/BreadcrumbList\" style=\"box-sizing: inherit; margin: 0px; padding: 0px; color: #232323; font-family: \'Work Sans\', sans-serif; font-size: 12px; background-color: #f0f0f0;\">\r\n<li itemprop=\"itemListElement\" itemscope=\"\" itemtype=\"http://schema.org/ListItem\" style=\"box-sizing: inherit; display: inline; content: \'/\'; color: #7a7a7a; margin: 0px;\"><a itemprop=\"item\" href=\"http://leds.tn/fr/106-drapeau-double-face\" style=\"box-sizing: inherit; background-color: transparent; color: #232323; text-decoration-line: none; touch-action: manipulation; transition: all 300ms ease 0s; outline-offset: -2px; display: inline-block; position: relative; line-height: 25px; font-size: 14px; outline: 0px !important; box-shadow: none !important;\"><span itemprop=\"name\" style=\"box-sizing: inherit; color: #1e1e1e;\">Drapeau & Double Face</span></a></li>\r\n</ol>', 'drapeau-double-face', 'Drapeau & Double Face', '', 'Drapeau & Double Face'),
(101, 2, 3, 'Drapeau & Double Face', '', 'drapeau-double-face', '', '', ''),
(101, 3, 1, 'Drapeau & Double Face', '', 'drapeau-double-face', '', '', ''),
(101, 3, 2, 'Drapeau & Double Face', '<ol itemscope=\"\" itemtype=\"http://schema.org/BreadcrumbList\" style=\"box-sizing: inherit; margin: 0px; padding: 0px; color: #232323; font-family: \'Work Sans\', sans-serif; font-size: 12px; background-color: #f0f0f0;\">\r\n<li itemprop=\"itemListElement\" itemscope=\"\" itemtype=\"http://schema.org/ListItem\" style=\"box-sizing: inherit; display: inline; content: \'/\'; color: #7a7a7a; margin: 0px;\"><a itemprop=\"item\" href=\"http://leds.tn/fr/106-drapeau-double-face\" style=\"box-sizing: inherit; background-color: transparent; color: #232323; text-decoration-line: none; touch-action: manipulation; transition: all 300ms ease 0s; outline-offset: -2px; display: inline-block; position: relative; line-height: 25px; font-size: 14px; outline: 0px !important; box-shadow: none !important;\"><span itemprop=\"name\" style=\"box-sizing: inherit; color: #1e1e1e;\">Drapeau & Double Face</span></a></li>\r\n</ol>', 'drapeau-double-face', 'Drapeau & Double Face', '', 'Drapeau & Double Face'),
(101, 3, 3, 'Drapeau & Double Face', '', 'drapeau-double-face', '', '', ''),
(101, 4, 1, 'Drapeau & Double Face', '', 'drapeau-double-face', '', '', ''),
(101, 4, 2, 'Drapeau & Double Face', '<ol itemscope=\"\" itemtype=\"http://schema.org/BreadcrumbList\" style=\"box-sizing: inherit; margin: 0px; padding: 0px; color: #232323; font-family: \'Work Sans\', sans-serif; font-size: 12px; background-color: #f0f0f0;\">\r\n<li itemprop=\"itemListElement\" itemscope=\"\" itemtype=\"http://schema.org/ListItem\" style=\"box-sizing: inherit; display: inline; content: \'/\'; color: #7a7a7a; margin: 0px;\"><a itemprop=\"item\" href=\"http://leds.tn/fr/106-drapeau-double-face\" style=\"box-sizing: inherit; background-color: transparent; color: #232323; text-decoration-line: none; touch-action: manipulation; transition: all 300ms ease 0s; outline-offset: -2px; display: inline-block; position: relative; line-height: 25px; font-size: 14px; outline: 0px !important; box-shadow: none !important;\"><span itemprop=\"name\" style=\"box-sizing: inherit; color: #1e1e1e;\">Drapeau & Double Face</span></a></li>\r\n</ol>', 'drapeau-double-face', 'Drapeau & Double Face', '', 'Drapeau & Double Face'),
(101, 4, 3, 'Drapeau & Double Face', '', 'drapeau-double-face', '', '', ''),
(102, 1, 1, ' Façade & Simple Face', '', 'facade-simple-face', '', '', ''),
(102, 1, 2, ' Façade & Simple Face', '<ol itemscope=\"\" itemtype=\"http://schema.org/BreadcrumbList\" style=\"box-sizing: inherit; margin: 0px; padding: 0px; color: #232323; font-family: \'Work Sans\', sans-serif; font-size: 12px; background-color: #f0f0f0;\"> \r\n<li itemprop=\"itemListElement\" itemscope=\"\" itemtype=\"http://schema.org/ListItem\" style=\"box-sizing: inherit; display: inline; content: \'/\'; color: #7a7a7a; margin: 0px;\"><a itemprop=\"item\" href=\"http://leds.tn/fr/107-facade-simple-face\" style=\"box-sizing: inherit; background-color: transparent; color: #232323; text-decoration-line: none; touch-action: manipulation; transition: all 300ms ease 0s; outline-offset: -2px; display: inline-block; position: relative; line-height: 25px; font-size: 14px; outline: 0px !important; box-shadow: none !important;\"><span itemprop=\"name\" style=\"box-sizing: inherit; color: #1e1e1e;\">Façade & Simple Face</span></a></li>\r\n</ol>', 'facade-simple-face', ' Façade & Simple Face', '', ' Façade & Simple Face'),
(102, 1, 3, ' Façade & Simple Face', '', 'facade-simple-face', '', '', ''),
(102, 2, 1, ' Façade & Simple Face', '', 'facade-simple-face', '', '', ''),
(102, 2, 2, ' Façade & Simple Face', '<ol itemscope=\"\" itemtype=\"http://schema.org/BreadcrumbList\" style=\"box-sizing: inherit; margin: 0px; padding: 0px; color: #232323; font-family: \'Work Sans\', sans-serif; font-size: 12px; background-color: #f0f0f0;\"> \r\n<li itemprop=\"itemListElement\" itemscope=\"\" itemtype=\"http://schema.org/ListItem\" style=\"box-sizing: inherit; display: inline; content: \'/\'; color: #7a7a7a; margin: 0px;\"><a itemprop=\"item\" href=\"http://leds.tn/fr/107-facade-simple-face\" style=\"box-sizing: inherit; background-color: transparent; color: #232323; text-decoration-line: none; touch-action: manipulation; transition: all 300ms ease 0s; outline-offset: -2px; display: inline-block; position: relative; line-height: 25px; font-size: 14px; outline: 0px !important; box-shadow: none !important;\"><span itemprop=\"name\" style=\"box-sizing: inherit; color: #1e1e1e;\">Façade & Simple Face</span></a></li>\r\n</ol>', 'facade-simple-face', ' Façade & Simple Face', '', ' Façade & Simple Face'),
(102, 2, 3, ' Façade & Simple Face', '', 'facade-simple-face', '', '', ''),
(102, 3, 1, ' Façade & Simple Face', '', 'facade-simple-face', '', '', ''),
(102, 3, 2, ' Façade & Simple Face', '<ol itemscope=\"\" itemtype=\"http://schema.org/BreadcrumbList\" style=\"box-sizing: inherit; margin: 0px; padding: 0px; color: #232323; font-family: \'Work Sans\', sans-serif; font-size: 12px; background-color: #f0f0f0;\"> \r\n<li itemprop=\"itemListElement\" itemscope=\"\" itemtype=\"http://schema.org/ListItem\" style=\"box-sizing: inherit; display: inline; content: \'/\'; color: #7a7a7a; margin: 0px;\"><a itemprop=\"item\" href=\"http://leds.tn/fr/107-facade-simple-face\" style=\"box-sizing: inherit; background-color: transparent; color: #232323; text-decoration-line: none; touch-action: manipulation; transition: all 300ms ease 0s; outline-offset: -2px; display: inline-block; position: relative; line-height: 25px; font-size: 14px; outline: 0px !important; box-shadow: none !important;\"><span itemprop=\"name\" style=\"box-sizing: inherit; color: #1e1e1e;\">Façade & Simple Face</span></a></li>\r\n</ol>', 'facade-simple-face', ' Façade & Simple Face', '', ' Façade & Simple Face'),
(102, 3, 3, ' Façade & Simple Face', '', 'facade-simple-face', '', '', ''),
(102, 4, 1, ' Façade & Simple Face', '', 'facade-simple-face', '', '', ''),
(102, 4, 2, ' Façade & Simple Face', '<ol itemscope=\"\" itemtype=\"http://schema.org/BreadcrumbList\" style=\"box-sizing: inherit; margin: 0px; padding: 0px; color: #232323; font-family: \'Work Sans\', sans-serif; font-size: 12px; background-color: #f0f0f0;\"> \r\n<li itemprop=\"itemListElement\" itemscope=\"\" itemtype=\"http://schema.org/ListItem\" style=\"box-sizing: inherit; display: inline; content: \'/\'; color: #7a7a7a; margin: 0px;\"><a itemprop=\"item\" href=\"http://leds.tn/fr/107-facade-simple-face\" style=\"box-sizing: inherit; background-color: transparent; color: #232323; text-decoration-line: none; touch-action: manipulation; transition: all 300ms ease 0s; outline-offset: -2px; display: inline-block; position: relative; line-height: 25px; font-size: 14px; outline: 0px !important; box-shadow: none !important;\"><span itemprop=\"name\" style=\"box-sizing: inherit; color: #1e1e1e;\">Façade & Simple Face</span></a></li>\r\n</ol>', 'facade-simple-face', ' Façade & Simple Face', '', ' Façade & Simple Face'),
(102, 4, 3, ' Façade & Simple Face', '', 'facade-simple-face', '', '', ''),
(103, 1, 1, 'Enseigne Laboratoire', '', 'enseigne-laboratoire', '', '', ''),
(103, 1, 2, 'Enseigne Laboratoire', '<ol itemscope=\"\" itemtype=\"http://schema.org/BreadcrumbList\" style=\"box-sizing: inherit; margin: 0px; padding: 0px; color: #232323; font-family: \'Work Sans\', sans-serif; font-size: 12px; background-color: #f0f0f0;\">\r\n<li itemprop=\"itemListElement\" itemscope=\"\" itemtype=\"http://schema.org/ListItem\" style=\"box-sizing: inherit; display: inline; content: \'/\'; color: #7a7a7a; margin: 0px;\"><a itemprop=\"item\" href=\"http://leds.tn/fr/80-enseigne-laboratoire\" style=\"box-sizing: inherit; background-color: transparent; color: #232323; text-decoration-line: none; touch-action: manipulation; transition: all 300ms ease 0s; outline-offset: -2px; display: inline-block; position: relative; line-height: 25px; font-size: 14px; outline: 0px !important; box-shadow: none !important;\"><span itemprop=\"name\" style=\"box-sizing: inherit; color: #1e1e1e;\">Enseigne Laboratoire</span></a></li>\r\n</ol>', 'enseigne-laboratoire', '', '', 'Enseigne Laboratoire'),
(103, 1, 3, 'Enseigne Laboratoire', '', 'enseigne-laboratoire', '', '', ''),
(103, 2, 1, 'Enseigne Laboratoire', '', 'enseigne-laboratoire', '', '', ''),
(103, 2, 2, 'Enseigne Laboratoire', '<ol itemscope=\"\" itemtype=\"http://schema.org/BreadcrumbList\" style=\"box-sizing: inherit; margin: 0px; padding: 0px; color: #232323; font-family: \'Work Sans\', sans-serif; font-size: 12px; background-color: #f0f0f0;\">\r\n<li itemprop=\"itemListElement\" itemscope=\"\" itemtype=\"http://schema.org/ListItem\" style=\"box-sizing: inherit; display: inline; content: \'/\'; color: #7a7a7a; margin: 0px;\"><a itemprop=\"item\" href=\"http://leds.tn/fr/80-enseigne-laboratoire\" style=\"box-sizing: inherit; background-color: transparent; color: #232323; text-decoration-line: none; touch-action: manipulation; transition: all 300ms ease 0s; outline-offset: -2px; display: inline-block; position: relative; line-height: 25px; font-size: 14px; outline: 0px !important; box-shadow: none !important;\"><span itemprop=\"name\" style=\"box-sizing: inherit; color: #1e1e1e;\">Enseigne Laboratoire</span></a></li>\r\n</ol>', 'enseigne-laboratoire', '', '', 'Enseigne Laboratoire'),
(103, 2, 3, 'Enseigne Laboratoire', '', 'enseigne-laboratoire', '', '', ''),
(103, 3, 1, 'Enseigne Laboratoire', '', 'enseigne-laboratoire', '', '', ''),
(103, 3, 2, 'Enseigne Laboratoire', '<ol itemscope=\"\" itemtype=\"http://schema.org/BreadcrumbList\" style=\"box-sizing: inherit; margin: 0px; padding: 0px; color: #232323; font-family: \'Work Sans\', sans-serif; font-size: 12px; background-color: #f0f0f0;\">\r\n<li itemprop=\"itemListElement\" itemscope=\"\" itemtype=\"http://schema.org/ListItem\" style=\"box-sizing: inherit; display: inline; content: \'/\'; color: #7a7a7a; margin: 0px;\"><a itemprop=\"item\" href=\"http://leds.tn/fr/80-enseigne-laboratoire\" style=\"box-sizing: inherit; background-color: transparent; color: #232323; text-decoration-line: none; touch-action: manipulation; transition: all 300ms ease 0s; outline-offset: -2px; display: inline-block; position: relative; line-height: 25px; font-size: 14px; outline: 0px !important; box-shadow: none !important;\"><span itemprop=\"name\" style=\"box-sizing: inherit; color: #1e1e1e;\">Enseigne Laboratoire</span></a></li>\r\n</ol>', 'enseigne-laboratoire', '', '', 'Enseigne Laboratoire'),
(103, 3, 3, 'Enseigne Laboratoire', '', 'enseigne-laboratoire', '', '', ''),
(103, 4, 1, 'Enseigne Laboratoire', '', 'enseigne-laboratoire', '', '', ''),
(103, 4, 2, 'Enseigne Laboratoire', '<ol itemscope=\"\" itemtype=\"http://schema.org/BreadcrumbList\" style=\"box-sizing: inherit; margin: 0px; padding: 0px; color: #232323; font-family: \'Work Sans\', sans-serif; font-size: 12px; background-color: #f0f0f0;\">\r\n<li itemprop=\"itemListElement\" itemscope=\"\" itemtype=\"http://schema.org/ListItem\" style=\"box-sizing: inherit; display: inline; content: \'/\'; color: #7a7a7a; margin: 0px;\"><a itemprop=\"item\" href=\"http://leds.tn/fr/80-enseigne-laboratoire\" style=\"box-sizing: inherit; background-color: transparent; color: #232323; text-decoration-line: none; touch-action: manipulation; transition: all 300ms ease 0s; outline-offset: -2px; display: inline-block; position: relative; line-height: 25px; font-size: 14px; outline: 0px !important; box-shadow: none !important;\"><span itemprop=\"name\" style=\"box-sizing: inherit; color: #1e1e1e;\">Enseigne Laboratoire</span></a></li>\r\n</ol>', 'enseigne-laboratoire', '', '', 'Enseigne Laboratoire'),
(103, 4, 3, 'Enseigne Laboratoire', '', 'enseigne-laboratoire', '', '', ''),
(104, 1, 1, 'laboratoire-double-face', '', 'laboratoire-double-face', '', '', ''),
(104, 1, 2, 'laboratoire-double-face', '<p>laboratoire-double-face</p>', 'laboratoire-double-face', 'laboratoire-double-face', '', 'laboratoire-double-face'),
(104, 1, 3, 'laboratoire-double-face', '', 'laboratoire-double-face', '', '', ''),
(104, 2, 1, 'laboratoire-double-face', '', 'laboratoire-double-face', '', '', ''),
(104, 2, 2, 'laboratoire-double-face', '<p>laboratoire-double-face</p>', 'laboratoire-double-face', 'laboratoire-double-face', '', 'laboratoire-double-face'),
(104, 2, 3, 'laboratoire-double-face', '', 'laboratoire-double-face', '', '', ''),
(104, 3, 1, 'laboratoire-double-face', '', 'laboratoire-double-face', '', '', ''),
(104, 3, 2, 'laboratoire-double-face', '<p>laboratoire-double-face</p>', 'laboratoire-double-face', 'laboratoire-double-face', '', 'laboratoire-double-face'),
(104, 3, 3, 'laboratoire-double-face', '', 'laboratoire-double-face', '', '', ''),
(104, 4, 1, 'laboratoire-double-face', '', 'laboratoire-double-face', '', '', ''),
(104, 4, 2, 'laboratoire-double-face', '<p>laboratoire-double-face</p>', 'laboratoire-double-face', 'laboratoire-double-face', '', 'laboratoire-double-face'),
(104, 4, 3, 'laboratoire-double-face', '', 'laboratoire-double-face', '', '', '');

-- --------------------------------------------------------

--
-- Structure de la table `ps_category_product`
--

CREATE TABLE `ps_category_product` (
  `id_category` int(10) UNSIGNED NOT NULL,
  `id_product` int(10) UNSIGNED NOT NULL,
  `position` int(10) UNSIGNED NOT NULL DEFAULT '0'
) ENGINE=InnoDB DEFAULT CHARSET=utf8;

--
-- Déchargement des données de la table `ps_category_product`
--

INSERT INTO `ps_category_product` (`id_category`, `id_product`, `position`) VALUES
(2, 28, 0),
(2, 29, 1),
(2, 31, 2),
(2, 33, 3),
(2, 34, 4),
(2, 35, 5),
(73, 28, 0),
(73, 29, 1),
(73, 31, 2),
(73, 34, 3),
(73, 35, 4),
(74, 28, 0),
(74, 29, 1),
(74, 31, 2),
(74, 34, 3),
(74, 35, 4),
(76, 28, 0),
(76, 29, 1),
(76, 31, 2),
(86, 34, 0),
(86, 35, 1);

-- --------------------------------------------------------

--
-- Structure de la table `ps_category_shop`
--

CREATE TABLE `ps_category_shop` (
  `id_category` int(11) NOT NULL,
  `id_shop` int(11) NOT NULL,
  `position` int(10) UNSIGNED NOT NULL DEFAULT '0'
) ENGINE=InnoDB DEFAULT CHARSET=utf8;

--
-- Déchargement des données de la table `ps_category_shop`
--

INSERT INTO `ps_category_shop` (`id_category`, `id_shop`, `position`) VALUES
(1, 1, 0),
(1, 2, 0),
(1, 3, 0),
(1, 4, 0),
(2, 1, 0),
(2, 2, 0),
(2, 3, 0),
(2, 4, 0),
(37, 2, 1),
(37, 3, 1),
(37, 4, 1),
(38, 2, 2),
(38, 3, 2),
(38, 4, 2),
(40, 2, 1),
(40, 3, 1),
(40, 4, 1),
(41, 2, 2),
(41, 3, 2),
(41, 4, 2),
(42, 2, 3),
(42, 3, 3),
(42, 4, 3),
(43, 2, 4),
(43, 3, 4),
(43, 4, 4),
(44, 2, 5),
(44, 3, 5),
(44, 4, 5),
(45, 2, 6),
(45, 3, 6),
(45, 4, 6),
(46, 2, 7),
(46, 3, 7),
(46, 4, 7),
(47, 2, 1),
(47, 3, 1),
(47, 4, 1),
(48, 2, 2),
(48, 3, 2),
(48, 4, 2),
(49, 2, 3),
(49, 3, 3),
(49, 4, 3),
(73, 1, 0),
(73, 2, 11),
(73, 3, 11),
(73, 4, 10),
(74, 1, 0),
(74, 2, 0),
(74, 3, 0),
(74, 4, 0),
(75, 1, 0),
(75, 2, 0),
(75, 3, 0),
(75, 4, 0),
(76, 1, 1),
(76, 2, 1),
(76, 3, 1),
(76, 4, 1),
(77, 1, 1),
(77, 2, 1),
(77, 3, 1),
(77, 4, 1),
(78, 1, 2),
(78, 2, 2),
(78, 3, 2),
(78, 4, 2),
(80, 1, 0),
(80, 2, 0),
(80, 3, 0),
(80, 4, 0),
(82, 1, 2),
(82, 2, 2),
(82, 3, 2),
(82, 4, 2),
(83, 1, 3),
(83, 2, 3),
(83, 3, 3),
(83, 4, 3),
(84, 1, 4),
(84, 2, 4),
(84, 3, 4),
(84, 4, 4),
(85, 1, 5),
(85, 2, 5),
(85, 3, 5),
(85, 4, 5),
(86, 1, 6),
(86, 2, 6),
(86, 3, 6),
(86, 4, 6),
(87, 1, 1),
(87, 2, 12),
(87, 3, 12),
(87, 4, 11),
(88, 1, 2),
(88, 2, 13),
(88, 3, 13),
(88, 4, 12),
(89, 1, 3),
(89, 2, 14),
(89, 3, 14),
(89, 4, 13),
(90, 1, 4),
(90, 2, 15),
(90, 3, 15),
(90, 4, 14),
(91, 1, 5),
(91, 2, 16),
(91, 3, 16),
(91, 4, 15),
(92, 1, 0),
(92, 2, 0),
(92, 3, 0),
(92, 4, 0),
(93, 1, 1),
(93, 2, 1),
(93, 3, 1),
(93, 4, 1),
(94, 1, 2),
(94, 2, 2),
(94, 3, 2),
(94, 4, 2),
(95, 1, 3),
(95, 2, 3),
(95, 3, 3),
(95, 4, 3),
(96, 1, 4),
(96, 2, 4),
(96, 3, 4),
(96, 4, 4),
(97, 1, 5),
(97, 2, 5),
(97, 3, 5),
(97, 4, 5),
(98, 1, 6),
(98, 2, 6),
(98, 3, 6),
(98, 4, 6),
(99, 1, 7),
(99, 2, 7),
(99, 3, 7),
(99, 4, 7),
(100, 1, 0),
(100, 2, 0),
(100, 3, 0),
(100, 4, 0),
(101, 1, 1),
(101, 2, 1),
(101, 3, 1),
(101, 4, 1),
(102, 1, 2),
(102, 2, 2),
(102, 3, 2),
(102, 4, 2),
(103, 1, 0),
(103, 2, 0),
(103, 3, 0),
(103, 4, 0),
(104, 1, 1),
(104, 2, 1),
(104, 3, 1),
(104, 4, 1);

-- --------------------------------------------------------

--
-- Structure de la table `ps_cms`
--

CREATE TABLE `ps_cms` (
  `id_cms` int(10) UNSIGNED NOT NULL,
  `id_cms_category` int(10) UNSIGNED NOT NULL,
  `position` int(10) UNSIGNED NOT NULL DEFAULT '0',
  `active` tinyint(1) UNSIGNED NOT NULL DEFAULT '0',
  `indexation` tinyint(1) UNSIGNED NOT NULL DEFAULT '1'
) ENGINE=InnoDB DEFAULT CHARSET=utf8;

--
-- Déchargement des données de la table `ps_cms`
--

INSERT INTO `ps_cms` (`id_cms`, `id_cms_category`, `position`, `active`, `indexation`) VALUES
(1, 1, 0, 1, 0),
(2, 1, 1, 1, 0),
(3, 1, 2, 1, 0),
(4, 1, 3, 1, 0),
(5, 1, 4, 1, 0);

-- --------------------------------------------------------

--
-- Structure de la table `ps_cms_category`
--

CREATE TABLE `ps_cms_category` (
  `id_cms_category` int(10) UNSIGNED NOT NULL,
  `id_parent` int(10) UNSIGNED NOT NULL,
  `level_depth` tinyint(3) UNSIGNED NOT NULL DEFAULT '0',
  `active` tinyint(1) UNSIGNED NOT NULL DEFAULT '0',
  `date_add` datetime NOT NULL,
  `date_upd` datetime NOT NULL,
  `position` int(10) UNSIGNED NOT NULL DEFAULT '0'
) ENGINE=InnoDB DEFAULT CHARSET=utf8;

--
-- Déchargement des données de la table `ps_cms_category`
--

INSERT INTO `ps_cms_category` (`id_cms_category`, `id_parent`, `level_depth`, `active`, `date_add`, `date_upd`, `position`) VALUES
(1, 0, 1, 1, '2018-10-24 09:07:39', '2018-10-24 09:07:39', 0);

-- --------------------------------------------------------

--
-- Structure de la table `ps_cms_category_lang`
--

CREATE TABLE `ps_cms_category_lang` (
  `id_cms_category` int(10) UNSIGNED NOT NULL,
  `id_lang` int(10) UNSIGNED NOT NULL,
  `id_shop` int(10) UNSIGNED NOT NULL DEFAULT '1',
  `name` varchar(128) NOT NULL,
  `description` text,
  `link_rewrite` varchar(128) NOT NULL,
  `meta_title` varchar(128) DEFAULT NULL,
  `meta_keywords` varchar(255) DEFAULT NULL,
  `meta_description` varchar(255) DEFAULT NULL
) ENGINE=InnoDB DEFAULT CHARSET=utf8;

--
-- Déchargement des données de la table `ps_cms_category_lang`
--

INSERT INTO `ps_cms_category_lang` (`id_cms_category`, `id_lang`, `id_shop`, `name`, `description`, `link_rewrite`, `meta_title`, `meta_keywords`, `meta_description`) VALUES
(1, 1, 1, 'Home', NULL, 'home', NULL, NULL, NULL),
(1, 2, 1, 'Accueil', NULL, 'accueil', NULL, NULL, NULL),
(1, 3, 1, 'الصفحة الرئيسية', NULL, 'الصفحة-الرئيسية', NULL, NULL, NULL),
(1, 1, 2, 'Home', NULL, 'home', NULL, NULL, NULL),
(1, 2, 2, 'Accueil', NULL, 'accueil', NULL, NULL, NULL),
(1, 3, 2, 'الصفحة الرئيسية', NULL, 'الصفحة-الرئيسية', NULL, NULL, NULL),
(1, 1, 3, 'Home', NULL, 'home', NULL, NULL, NULL),
(1, 2, 3, 'Accueil', NULL, 'accueil', NULL, NULL, NULL),
(1, 3, 3, 'الصفحة الرئيسية', NULL, 'الصفحة-الرئيسية', NULL, NULL, NULL),
(1, 1, 4, 'Home', NULL, 'home', NULL, NULL, NULL),
(1, 2, 4, 'Accueil', NULL, 'accueil', NULL, NULL, NULL),
(1, 3, 4, 'الصفحة الرئيسية', NULL, 'الصفحة-الرئيسية', NULL, NULL, NULL);

-- --------------------------------------------------------

--
-- Structure de la table `ps_cms_category_shop`
--

CREATE TABLE `ps_cms_category_shop` (
  `id_cms_category` int(10) UNSIGNED NOT NULL,
  `id_shop` int(11) UNSIGNED NOT NULL
) ENGINE=InnoDB DEFAULT CHARSET=utf8;

--
-- Déchargement des données de la table `ps_cms_category_shop`
--

INSERT INTO `ps_cms_category_shop` (`id_cms_category`, `id_shop`) VALUES
(1, 1),
(1, 2),
(1, 3),
(1, 4);

-- --------------------------------------------------------

--
-- Structure de la table `ps_cms_lang`
--

CREATE TABLE `ps_cms_lang` (
  `id_cms` int(10) UNSIGNED NOT NULL,
  `id_lang` int(10) UNSIGNED NOT NULL,
  `id_shop` int(10) UNSIGNED NOT NULL DEFAULT '1',
  `meta_title` varchar(128) NOT NULL,
  `meta_description` varchar(255) DEFAULT NULL,
  `meta_keywords` varchar(255) DEFAULT NULL,
  `content` longtext,
  `link_rewrite` varchar(128) NOT NULL
) ENGINE=InnoDB DEFAULT CHARSET=utf8;

--
-- Déchargement des données de la table `ps_cms_lang`
--

INSERT INTO `ps_cms_lang` (`id_cms`, `id_lang`, `id_shop`, `meta_title`, `meta_description`, `meta_keywords`, `content`, `link_rewrite`) VALUES
(1, 1, 1, 'Delivery', 'Our terms and conditions of delivery', 'conditions, delivery, delay, shipment, pack', '<h2>Shipments and returns</h2><h3>Your pack shipment</h3><p>Packages are generally dispatched within 2 days after receipt of payment and are shipped via UPS with tracking and drop-off without signature. If you prefer delivery by UPS Extra with required signature, an additional cost will be applied, so please contact us before choosing this method. Whichever shipment choice you make, we will provide you with a link to track your package online.</p><p>Shipping fees include handling and packing fees as well as postage costs. Handling fees are fixed, whereas transport fees vary according to total weight of the shipment. We advise you to group your items in one order. We cannot group two distinct orders placed separately, and shipping fees will apply to each of them. Your package will be dispatched at your own risk, but special care is taken to protect fragile objects.<br /><br />Boxes are amply sized and your items are well-protected.</p>', 'delivery'),
(1, 2, 1, 'Delivery', 'Our terms and conditions of delivery', 'conditions, delivery, delay, shipment, pack', '<h2>Shipments and returns</h2><h3>Your pack shipment</h3><p>Packages are generally dispatched within 2 days after receipt of payment and are shipped via UPS with tracking and drop-off without signature. If you prefer delivery by UPS Extra with required signature, an additional cost will be applied, so please contact us before choosing this method. Whichever shipment choice you make, we will provide you with a link to track your package online.</p><p>Shipping fees include handling and packing fees as well as postage costs. Handling fees are fixed, whereas transport fees vary according to total weight of the shipment. We advise you to group your items in one order. We cannot group two distinct orders placed separately, and shipping fees will apply to each of them. Your package will be dispatched at your own risk, but special care is taken to protect fragile objects.<br /><br />Boxes are amply sized and your items are well-protected.</p>', 'delivery'),
(1, 3, 1, 'Delivery', 'Our terms and conditions of delivery', 'conditions, delivery, delay, shipment, pack', '<h2>Shipments and returns</h2><h3>Your pack shipment</h3><p>Packages are generally dispatched within 2 days after receipt of payment and are shipped via UPS with tracking and drop-off without signature. If you prefer delivery by UPS Extra with required signature, an additional cost will be applied, so please contact us before choosing this method. Whichever shipment choice you make, we will provide you with a link to track your package online.</p><p>Shipping fees include handling and packing fees as well as postage costs. Handling fees are fixed, whereas transport fees vary according to total weight of the shipment. We advise you to group your items in one order. We cannot group two distinct orders placed separately, and shipping fees will apply to each of them. Your package will be dispatched at your own risk, but special care is taken to protect fragile objects.<br /><br />Boxes are amply sized and your items are well-protected.</p>', 'delivery'),
(1, 1, 2, 'Delivery', 'Our terms and conditions of delivery', 'conditions, delivery, delay, shipment, pack', '<h2>Shipments and returns</h2><h3>Your pack shipment</h3><p>Packages are generally dispatched within 2 days after receipt of payment and are shipped via UPS with tracking and drop-off without signature. If you prefer delivery by UPS Extra with required signature, an additional cost will be applied, so please contact us before choosing this method. Whichever shipment choice you make, we will provide you with a link to track your package online.</p><p>Shipping fees include handling and packing fees as well as postage costs. Handling fees are fixed, whereas transport fees vary according to total weight of the shipment. We advise you to group your items in one order. We cannot group two distinct orders placed separately, and shipping fees will apply to each of them. Your package will be dispatched at your own risk, but special care is taken to protect fragile objects.<br /><br />Boxes are amply sized and your items are well-protected.</p>', 'delivery'),
(1, 2, 2, 'Delivery', 'Our terms and conditions of delivery', 'conditions, delivery, delay, shipment, pack', '<h2>Shipments and returns</h2><h3>Your pack shipment</h3><p>Packages are generally dispatched within 2 days after receipt of payment and are shipped via UPS with tracking and drop-off without signature. If you prefer delivery by UPS Extra with required signature, an additional cost will be applied, so please contact us before choosing this method. Whichever shipment choice you make, we will provide you with a link to track your package online.</p><p>Shipping fees include handling and packing fees as well as postage costs. Handling fees are fixed, whereas transport fees vary according to total weight of the shipment. We advise you to group your items in one order. We cannot group two distinct orders placed separately, and shipping fees will apply to each of them. Your package will be dispatched at your own risk, but special care is taken to protect fragile objects.<br /><br />Boxes are amply sized and your items are well-protected.</p>', 'delivery'),
(1, 3, 2, 'Delivery', 'Our terms and conditions of delivery', 'conditions, delivery, delay, shipment, pack', '<h2>Shipments and returns</h2><h3>Your pack shipment</h3><p>Packages are generally dispatched within 2 days after receipt of payment and are shipped via UPS with tracking and drop-off without signature. If you prefer delivery by UPS Extra with required signature, an additional cost will be applied, so please contact us before choosing this method. Whichever shipment choice you make, we will provide you with a link to track your package online.</p><p>Shipping fees include handling and packing fees as well as postage costs. Handling fees are fixed, whereas transport fees vary according to total weight of the shipment. We advise you to group your items in one order. We cannot group two distinct orders placed separately, and shipping fees will apply to each of them. Your package will be dispatched at your own risk, but special care is taken to protect fragile objects.<br /><br />Boxes are amply sized and your items are well-protected.</p>', 'delivery'),
(1, 1, 3, 'Delivery', 'Our terms and conditions of delivery', 'conditions, delivery, delay, shipment, pack', '<h2>Shipments and returns</h2><h3>Your pack shipment</h3><p>Packages are generally dispatched within 2 days after receipt of payment and are shipped via UPS with tracking and drop-off without signature. If you prefer delivery by UPS Extra with required signature, an additional cost will be applied, so please contact us before choosing this method. Whichever shipment choice you make, we will provide you with a link to track your package online.</p><p>Shipping fees include handling and packing fees as well as postage costs. Handling fees are fixed, whereas transport fees vary according to total weight of the shipment. We advise you to group your items in one order. We cannot group two distinct orders placed separately, and shipping fees will apply to each of them. Your package will be dispatched at your own risk, but special care is taken to protect fragile objects.<br /><br />Boxes are amply sized and your items are well-protected.</p>', 'delivery'),
(1, 2, 3, 'Delivery', 'Our terms and conditions of delivery', 'conditions, delivery, delay, shipment, pack', '<h2>Shipments and returns</h2><h3>Your pack shipment</h3><p>Packages are generally dispatched within 2 days after receipt of payment and are shipped via UPS with tracking and drop-off without signature. If you prefer delivery by UPS Extra with required signature, an additional cost will be applied, so please contact us before choosing this method. Whichever shipment choice you make, we will provide you with a link to track your package online.</p><p>Shipping fees include handling and packing fees as well as postage costs. Handling fees are fixed, whereas transport fees vary according to total weight of the shipment. We advise you to group your items in one order. We cannot group two distinct orders placed separately, and shipping fees will apply to each of them. Your package will be dispatched at your own risk, but special care is taken to protect fragile objects.<br /><br />Boxes are amply sized and your items are well-protected.</p>', 'delivery'),
(1, 3, 3, 'Delivery', 'Our terms and conditions of delivery', 'conditions, delivery, delay, shipment, pack', '<h2>Shipments and returns</h2><h3>Your pack shipment</h3><p>Packages are generally dispatched within 2 days after receipt of payment and are shipped via UPS with tracking and drop-off without signature. If you prefer delivery by UPS Extra with required signature, an additional cost will be applied, so please contact us before choosing this method. Whichever shipment choice you make, we will provide you with a link to track your package online.</p><p>Shipping fees include handling and packing fees as well as postage costs. Handling fees are fixed, whereas transport fees vary according to total weight of the shipment. We advise you to group your items in one order. We cannot group two distinct orders placed separately, and shipping fees will apply to each of them. Your package will be dispatched at your own risk, but special care is taken to protect fragile objects.<br /><br />Boxes are amply sized and your items are well-protected.</p>', 'delivery'),
(1, 1, 4, 'Delivery', 'Our terms and conditions of delivery', 'conditions, delivery, delay, shipment, pack', '<h2>Shipments and returns</h2><h3>Your pack shipment</h3><p>Packages are generally dispatched within 2 days after receipt of payment and are shipped via UPS with tracking and drop-off without signature. If you prefer delivery by UPS Extra with required signature, an additional cost will be applied, so please contact us before choosing this method. Whichever shipment choice you make, we will provide you with a link to track your package online.</p><p>Shipping fees include handling and packing fees as well as postage costs. Handling fees are fixed, whereas transport fees vary according to total weight of the shipment. We advise you to group your items in one order. We cannot group two distinct orders placed separately, and shipping fees will apply to each of them. Your package will be dispatched at your own risk, but special care is taken to protect fragile objects.<br /><br />Boxes are amply sized and your items are well-protected.</p>', 'delivery'),
(1, 2, 4, 'Delivery', 'Our terms and conditions of delivery', 'conditions, delivery, delay, shipment, pack', '<h2>Shipments and returns</h2><h3>Your pack shipment</h3><p>Packages are generally dispatched within 2 days after receipt of payment and are shipped via UPS with tracking and drop-off without signature. If you prefer delivery by UPS Extra with required signature, an additional cost will be applied, so please contact us before choosing this method. Whichever shipment choice you make, we will provide you with a link to track your package online.</p><p>Shipping fees include handling and packing fees as well as postage costs. Handling fees are fixed, whereas transport fees vary according to total weight of the shipment. We advise you to group your items in one order. We cannot group two distinct orders placed separately, and shipping fees will apply to each of them. Your package will be dispatched at your own risk, but special care is taken to protect fragile objects.<br /><br />Boxes are amply sized and your items are well-protected.</p>', 'delivery'),
(1, 3, 4, 'Delivery', 'Our terms and conditions of delivery', 'conditions, delivery, delay, shipment, pack', '<h2>Shipments and returns</h2><h3>Your pack shipment</h3><p>Packages are generally dispatched within 2 days after receipt of payment and are shipped via UPS with tracking and drop-off without signature. If you prefer delivery by UPS Extra with required signature, an additional cost will be applied, so please contact us before choosing this method. Whichever shipment choice you make, we will provide you with a link to track your package online.</p><p>Shipping fees include handling and packing fees as well as postage costs. Handling fees are fixed, whereas transport fees vary according to total weight of the shipment. We advise you to group your items in one order. We cannot group two distinct orders placed separately, and shipping fees will apply to each of them. Your package will be dispatched at your own risk, but special care is taken to protect fragile objects.<br /><br />Boxes are amply sized and your items are well-protected.</p>', 'delivery'),
(2, 1, 1, 'Legal Notice', 'Legal notice', 'notice, legal, credits', '<h2>Legal</h2><h3>Credits</h3><p>Concept and production:</p><p>This Online store was created using <a href=\"http://www.prestashop.com\">Prestashop Shopping Cart Software</a>,check out PrestaShop\'s <a href=\"http://www.prestashop.com/blog/en/\">ecommerce blog</a> for news and advices about selling online and running your ecommerce website.</p>', 'legal-notice'),
(2, 2, 1, 'Legal Notice', 'Legal notice', 'notice, legal, credits', '<h2>Legal</h2><h3>Credits</h3><p>Concept and production:</p><p>This Online store was created using <a href=\"http://www.prestashop.com\">Prestashop Shopping Cart Software</a>,check out PrestaShop\'s <a href=\"http://www.prestashop.com/blog/en/\">ecommerce blog</a> for news and advices about selling online and running your ecommerce website.</p>', 'legal-notice'),
(2, 3, 1, 'Legal Notice', 'Legal notice', 'notice, legal, credits', '<h2>Legal</h2><h3>Credits</h3><p>Concept and production:</p><p>This Online store was created using <a href=\"http://www.prestashop.com\">Prestashop Shopping Cart Software</a>,check out PrestaShop\'s <a href=\"http://www.prestashop.com/blog/en/\">ecommerce blog</a> for news and advices about selling online and running your ecommerce website.</p>', 'legal-notice'),
(2, 1, 2, 'Legal Notice', 'Legal notice', 'notice, legal, credits', '<h2>Legal</h2><h3>Credits</h3><p>Concept and production:</p><p>This Online store was created using <a href=\"http://www.prestashop.com\">Prestashop Shopping Cart Software</a>,check out PrestaShop\'s <a href=\"http://www.prestashop.com/blog/en/\">ecommerce blog</a> for news and advices about selling online and running your ecommerce website.</p>', 'legal-notice'),
(2, 2, 2, 'Legal Notice', 'Legal notice', 'notice, legal, credits', '<h2>Legal</h2><h3>Credits</h3><p>Concept and production:</p><p>This Online store was created using <a href=\"http://www.prestashop.com\">Prestashop Shopping Cart Software</a>,check out PrestaShop\'s <a href=\"http://www.prestashop.com/blog/en/\">ecommerce blog</a> for news and advices about selling online and running your ecommerce website.</p>', 'legal-notice'),
(2, 3, 2, 'Legal Notice', 'Legal notice', 'notice, legal, credits', '<h2>Legal</h2><h3>Credits</h3><p>Concept and production:</p><p>This Online store was created using <a href=\"http://www.prestashop.com\">Prestashop Shopping Cart Software</a>,check out PrestaShop\'s <a href=\"http://www.prestashop.com/blog/en/\">ecommerce blog</a> for news and advices about selling online and running your ecommerce website.</p>', 'legal-notice'),
(2, 1, 3, 'Legal Notice', 'Legal notice', 'notice, legal, credits', '<h2>Legal</h2><h3>Credits</h3><p>Concept and production:</p><p>This Online store was created using <a href=\"http://www.prestashop.com\">Prestashop Shopping Cart Software</a>,check out PrestaShop\'s <a href=\"http://www.prestashop.com/blog/en/\">ecommerce blog</a> for news and advices about selling online and running your ecommerce website.</p>', 'legal-notice'),
(2, 2, 3, 'Legal Notice', 'Legal notice', 'notice, legal, credits', '<h2>Legal</h2><h3>Credits</h3><p>Concept and production:</p><p>This Online store was created using <a href=\"http://www.prestashop.com\">Prestashop Shopping Cart Software</a>,check out PrestaShop\'s <a href=\"http://www.prestashop.com/blog/en/\">ecommerce blog</a> for news and advices about selling online and running your ecommerce website.</p>', 'legal-notice'),
(2, 3, 3, 'Legal Notice', 'Legal notice', 'notice, legal, credits', '<h2>Legal</h2><h3>Credits</h3><p>Concept and production:</p><p>This Online store was created using <a href=\"http://www.prestashop.com\">Prestashop Shopping Cart Software</a>,check out PrestaShop\'s <a href=\"http://www.prestashop.com/blog/en/\">ecommerce blog</a> for news and advices about selling online and running your ecommerce website.</p>', 'legal-notice'),
(2, 1, 4, 'Legal Notice', 'Legal notice', 'notice, legal, credits', '<h2>Legal</h2><h3>Credits</h3><p>Concept and production:</p><p>This Online store was created using <a href=\"http://www.prestashop.com\">Prestashop Shopping Cart Software</a>,check out PrestaShop\'s <a href=\"http://www.prestashop.com/blog/en/\">ecommerce blog</a> for news and advices about selling online and running your ecommerce website.</p>', 'legal-notice'),
(2, 2, 4, 'Legal Notice', 'Legal notice', 'notice, legal, credits', '<h2>Legal</h2><h3>Credits</h3><p>Concept and production:</p><p>This Online store was created using <a href=\"http://www.prestashop.com\">Prestashop Shopping Cart Software</a>,check out PrestaShop\'s <a href=\"http://www.prestashop.com/blog/en/\">ecommerce blog</a> for news and advices about selling online and running your ecommerce website.</p>', 'legal-notice'),
(2, 3, 4, 'Legal Notice', 'Legal notice', 'notice, legal, credits', '<h2>Legal</h2><h3>Credits</h3><p>Concept and production:</p><p>This Online store was created using <a href=\"http://www.prestashop.com\">Prestashop Shopping Cart Software</a>,check out PrestaShop\'s <a href=\"http://www.prestashop.com/blog/en/\">ecommerce blog</a> for news and advices about selling online and running your ecommerce website.</p>', 'legal-notice'),
(3, 1, 1, 'Terms and conditions of use', 'Our terms and conditions of use', 'conditions, terms, use, sell', '<h1 class=\"page-heading\">Terms and conditions of use</h1>\n<h3 class=\"page-subheading\">Rule 1</h3>\n<p class=\"bottom-indent\">Lorem ipsum dolor sit amet conse ctetur adipisicing elit, sed do eiusmod tempor incididunt ut labore et dolore magna aliqua. Ut enim ad minim veniam, quis nostrud exercitation ullamco laboris nisi ut aliquip ex ea commodo consequat. Duis aute irure dolor in reprehenderit in voluptate velit esse cillum dolore eu fugiat nulla pariatur. Excepteur sint occaecat cupidatat non proident, sunt in culpa qui officia deserunt mollit anim id est laborum.</p>\n<h3 class=\"page-subheading\">Rule 2</h3>\n<p class=\"bottom-indent\">Sed do eiusmod tempor incididunt ut labore et dolore magna aliqua. Ut enim ad minim veniam, quis nostrud exercitation ullamco laboris nisi ut aliquip ex ea commodo consequat. Duis aute irure dolor in reprehenderit in voluptate velit esse cillum dolore eu fugiat nulla pariatur. Excepteur sint occaecat cupidatat non proident, sunt in culpa qui officia deserunt mollit anim id est laborum. Lorem ipsum dolor sit amet conse ctetur adipisicing elit, sed do eiusmod tempor incididunt ut labore et dolore magna aliqua. Ut enim ad minim veniam&#1102;</p>\n<h3 class=\"page-subheading\">Rule 3</h3>\n<p class=\"bottom-indent\">Tempor incididunt ut labore et dolore magna aliqua. Ut enim ad minim veniam, quis nostrud exercitation ullamco laboris nisi ut aliquip ex ea commodo consequat. Duis aute irure dolor in reprehenderit in voluptate velit esse cillum dolore eu fugiat nulla pariatur. Excepteur sint occaecat cupidatat non proident, sunt in culpa qui officia deserunt mollit anim id est laborum. Lorem ipsum dolor sit amet conse ctetur adipisicing elit, sed do eiusmod tempor incididunt ut labore et dolore magna aliqua. Ut enim ad minim veniam&#1102;</p>', 'terms-and-conditions-of-use'),
(3, 2, 1, 'Terms and conditions of use', 'Our terms and conditions of use', 'conditions, terms, use, sell', '<h1 class=\"page-heading\">Terms and conditions of use</h1>\n<h3 class=\"page-subheading\">Rule 1</h3>\n<p class=\"bottom-indent\">Lorem ipsum dolor sit amet conse ctetur adipisicing elit, sed do eiusmod tempor incididunt ut labore et dolore magna aliqua. Ut enim ad minim veniam, quis nostrud exercitation ullamco laboris nisi ut aliquip ex ea commodo consequat. Duis aute irure dolor in reprehenderit in voluptate velit esse cillum dolore eu fugiat nulla pariatur. Excepteur sint occaecat cupidatat non proident, sunt in culpa qui officia deserunt mollit anim id est laborum.</p>\n<h3 class=\"page-subheading\">Rule 2</h3>\n<p class=\"bottom-indent\">Sed do eiusmod tempor incididunt ut labore et dolore magna aliqua. Ut enim ad minim veniam, quis nostrud exercitation ullamco laboris nisi ut aliquip ex ea commodo consequat. Duis aute irure dolor in reprehenderit in voluptate velit esse cillum dolore eu fugiat nulla pariatur. Excepteur sint occaecat cupidatat non proident, sunt in culpa qui officia deserunt mollit anim id est laborum. Lorem ipsum dolor sit amet conse ctetur adipisicing elit, sed do eiusmod tempor incididunt ut labore et dolore magna aliqua. Ut enim ad minim veniam&#1102;</p>\n<h3 class=\"page-subheading\">Rule 3</h3>\n<p class=\"bottom-indent\">Tempor incididunt ut labore et dolore magna aliqua. Ut enim ad minim veniam, quis nostrud exercitation ullamco laboris nisi ut aliquip ex ea commodo consequat. Duis aute irure dolor in reprehenderit in voluptate velit esse cillum dolore eu fugiat nulla pariatur. Excepteur sint occaecat cupidatat non proident, sunt in culpa qui officia deserunt mollit anim id est laborum. Lorem ipsum dolor sit amet conse ctetur adipisicing elit, sed do eiusmod tempor incididunt ut labore et dolore magna aliqua. Ut enim ad minim veniam&#1102;</p>', 'terms-and-conditions-of-use'),
(3, 3, 1, 'Terms and conditions of use', 'Our terms and conditions of use', 'conditions, terms, use, sell', '<h1 class=\"page-heading\">Terms and conditions of use</h1>\n<h3 class=\"page-subheading\">Rule 1</h3>\n<p class=\"bottom-indent\">Lorem ipsum dolor sit amet conse ctetur adipisicing elit, sed do eiusmod tempor incididunt ut labore et dolore magna aliqua. Ut enim ad minim veniam, quis nostrud exercitation ullamco laboris nisi ut aliquip ex ea commodo consequat. Duis aute irure dolor in reprehenderit in voluptate velit esse cillum dolore eu fugiat nulla pariatur. Excepteur sint occaecat cupidatat non proident, sunt in culpa qui officia deserunt mollit anim id est laborum.</p>\n<h3 class=\"page-subheading\">Rule 2</h3>\n<p class=\"bottom-indent\">Sed do eiusmod tempor incididunt ut labore et dolore magna aliqua. Ut enim ad minim veniam, quis nostrud exercitation ullamco laboris nisi ut aliquip ex ea commodo consequat. Duis aute irure dolor in reprehenderit in voluptate velit esse cillum dolore eu fugiat nulla pariatur. Excepteur sint occaecat cupidatat non proident, sunt in culpa qui officia deserunt mollit anim id est laborum. Lorem ipsum dolor sit amet conse ctetur adipisicing elit, sed do eiusmod tempor incididunt ut labore et dolore magna aliqua. Ut enim ad minim veniam&#1102;</p>\n<h3 class=\"page-subheading\">Rule 3</h3>\n<p class=\"bottom-indent\">Tempor incididunt ut labore et dolore magna aliqua. Ut enim ad minim veniam, quis nostrud exercitation ullamco laboris nisi ut aliquip ex ea commodo consequat. Duis aute irure dolor in reprehenderit in voluptate velit esse cillum dolore eu fugiat nulla pariatur. Excepteur sint occaecat cupidatat non proident, sunt in culpa qui officia deserunt mollit anim id est laborum. Lorem ipsum dolor sit amet conse ctetur adipisicing elit, sed do eiusmod tempor incididunt ut labore et dolore magna aliqua. Ut enim ad minim veniam&#1102;</p>', 'terms-and-conditions-of-use'),
(3, 1, 2, 'Terms and conditions of use', 'Our terms and conditions of use', 'conditions, terms, use, sell', '<h1 class=\"page-heading\">Terms and conditions of use</h1>\n<h3 class=\"page-subheading\">Rule 1</h3>\n<p class=\"bottom-indent\">Lorem ipsum dolor sit amet conse ctetur adipisicing elit, sed do eiusmod tempor incididunt ut labore et dolore magna aliqua. Ut enim ad minim veniam, quis nostrud exercitation ullamco laboris nisi ut aliquip ex ea commodo consequat. Duis aute irure dolor in reprehenderit in voluptate velit esse cillum dolore eu fugiat nulla pariatur. Excepteur sint occaecat cupidatat non proident, sunt in culpa qui officia deserunt mollit anim id est laborum.</p>\n<h3 class=\"page-subheading\">Rule 2</h3>\n<p class=\"bottom-indent\">Sed do eiusmod tempor incididunt ut labore et dolore magna aliqua. Ut enim ad minim veniam, quis nostrud exercitation ullamco laboris nisi ut aliquip ex ea commodo consequat. Duis aute irure dolor in reprehenderit in voluptate velit esse cillum dolore eu fugiat nulla pariatur. Excepteur sint occaecat cupidatat non proident, sunt in culpa qui officia deserunt mollit anim id est laborum. Lorem ipsum dolor sit amet conse ctetur adipisicing elit, sed do eiusmod tempor incididunt ut labore et dolore magna aliqua. Ut enim ad minim veniam&#1102;</p>\n<h3 class=\"page-subheading\">Rule 3</h3>\n<p class=\"bottom-indent\">Tempor incididunt ut labore et dolore magna aliqua. Ut enim ad minim veniam, quis nostrud exercitation ullamco laboris nisi ut aliquip ex ea commodo consequat. Duis aute irure dolor in reprehenderit in voluptate velit esse cillum dolore eu fugiat nulla pariatur. Excepteur sint occaecat cupidatat non proident, sunt in culpa qui officia deserunt mollit anim id est laborum. Lorem ipsum dolor sit amet conse ctetur adipisicing elit, sed do eiusmod tempor incididunt ut labore et dolore magna aliqua. Ut enim ad minim veniam&#1102;</p>', 'terms-and-conditions-of-use'),
(3, 2, 2, 'Terms and conditions of use', 'Our terms and conditions of use', 'conditions, terms, use, sell', '<h1 class=\"page-heading\">Terms and conditions of use</h1>\n<h3 class=\"page-subheading\">Rule 1</h3>\n<p class=\"bottom-indent\">Lorem ipsum dolor sit amet conse ctetur adipisicing elit, sed do eiusmod tempor incididunt ut labore et dolore magna aliqua. Ut enim ad minim veniam, quis nostrud exercitation ullamco laboris nisi ut aliquip ex ea commodo consequat. Duis aute irure dolor in reprehenderit in voluptate velit esse cillum dolore eu fugiat nulla pariatur. Excepteur sint occaecat cupidatat non proident, sunt in culpa qui officia deserunt mollit anim id est laborum.</p>\n<h3 class=\"page-subheading\">Rule 2</h3>\n<p class=\"bottom-indent\">Sed do eiusmod tempor incididunt ut labore et dolore magna aliqua. Ut enim ad minim veniam, quis nostrud exercitation ullamco laboris nisi ut aliquip ex ea commodo consequat. Duis aute irure dolor in reprehenderit in voluptate velit esse cillum dolore eu fugiat nulla pariatur. Excepteur sint occaecat cupidatat non proident, sunt in culpa qui officia deserunt mollit anim id est laborum. Lorem ipsum dolor sit amet conse ctetur adipisicing elit, sed do eiusmod tempor incididunt ut labore et dolore magna aliqua. Ut enim ad minim veniam&#1102;</p>\n<h3 class=\"page-subheading\">Rule 3</h3>\n<p class=\"bottom-indent\">Tempor incididunt ut labore et dolore magna aliqua. Ut enim ad minim veniam, quis nostrud exercitation ullamco laboris nisi ut aliquip ex ea commodo consequat. Duis aute irure dolor in reprehenderit in voluptate velit esse cillum dolore eu fugiat nulla pariatur. Excepteur sint occaecat cupidatat non proident, sunt in culpa qui officia deserunt mollit anim id est laborum. Lorem ipsum dolor sit amet conse ctetur adipisicing elit, sed do eiusmod tempor incididunt ut labore et dolore magna aliqua. Ut enim ad minim veniam&#1102;</p>', 'terms-and-conditions-of-use'),
(3, 3, 2, 'Terms and conditions of use', 'Our terms and conditions of use', 'conditions, terms, use, sell', '<h1 class=\"page-heading\">Terms and conditions of use</h1>\n<h3 class=\"page-subheading\">Rule 1</h3>\n<p class=\"bottom-indent\">Lorem ipsum dolor sit amet conse ctetur adipisicing elit, sed do eiusmod tempor incididunt ut labore et dolore magna aliqua. Ut enim ad minim veniam, quis nostrud exercitation ullamco laboris nisi ut aliquip ex ea commodo consequat. Duis aute irure dolor in reprehenderit in voluptate velit esse cillum dolore eu fugiat nulla pariatur. Excepteur sint occaecat cupidatat non proident, sunt in culpa qui officia deserunt mollit anim id est laborum.</p>\n<h3 class=\"page-subheading\">Rule 2</h3>\n<p class=\"bottom-indent\">Sed do eiusmod tempor incididunt ut labore et dolore magna aliqua. Ut enim ad minim veniam, quis nostrud exercitation ullamco laboris nisi ut aliquip ex ea commodo consequat. Duis aute irure dolor in reprehenderit in voluptate velit esse cillum dolore eu fugiat nulla pariatur. Excepteur sint occaecat cupidatat non proident, sunt in culpa qui officia deserunt mollit anim id est laborum. Lorem ipsum dolor sit amet conse ctetur adipisicing elit, sed do eiusmod tempor incididunt ut labore et dolore magna aliqua. Ut enim ad minim veniam&#1102;</p>\n<h3 class=\"page-subheading\">Rule 3</h3>\n<p class=\"bottom-indent\">Tempor incididunt ut labore et dolore magna aliqua. Ut enim ad minim veniam, quis nostrud exercitation ullamco laboris nisi ut aliquip ex ea commodo consequat. Duis aute irure dolor in reprehenderit in voluptate velit esse cillum dolore eu fugiat nulla pariatur. Excepteur sint occaecat cupidatat non proident, sunt in culpa qui officia deserunt mollit anim id est laborum. Lorem ipsum dolor sit amet conse ctetur adipisicing elit, sed do eiusmod tempor incididunt ut labore et dolore magna aliqua. Ut enim ad minim veniam&#1102;</p>', 'terms-and-conditions-of-use'),
(3, 1, 3, 'Terms and conditions of use', 'Our terms and conditions of use', 'conditions, terms, use, sell', '<h1 class=\"page-heading\">Terms and conditions of use</h1>\n<h3 class=\"page-subheading\">Rule 1</h3>\n<p class=\"bottom-indent\">Lorem ipsum dolor sit amet conse ctetur adipisicing elit, sed do eiusmod tempor incididunt ut labore et dolore magna aliqua. Ut enim ad minim veniam, quis nostrud exercitation ullamco laboris nisi ut aliquip ex ea commodo consequat. Duis aute irure dolor in reprehenderit in voluptate velit esse cillum dolore eu fugiat nulla pariatur. Excepteur sint occaecat cupidatat non proident, sunt in culpa qui officia deserunt mollit anim id est laborum.</p>\n<h3 class=\"page-subheading\">Rule 2</h3>\n<p class=\"bottom-indent\">Sed do eiusmod tempor incididunt ut labore et dolore magna aliqua. Ut enim ad minim veniam, quis nostrud exercitation ullamco laboris nisi ut aliquip ex ea commodo consequat. Duis aute irure dolor in reprehenderit in voluptate velit esse cillum dolore eu fugiat nulla pariatur. Excepteur sint occaecat cupidatat non proident, sunt in culpa qui officia deserunt mollit anim id est laborum. Lorem ipsum dolor sit amet conse ctetur adipisicing elit, sed do eiusmod tempor incididunt ut labore et dolore magna aliqua. Ut enim ad minim veniam&#1102;</p>\n<h3 class=\"page-subheading\">Rule 3</h3>\n<p class=\"bottom-indent\">Tempor incididunt ut labore et dolore magna aliqua. Ut enim ad minim veniam, quis nostrud exercitation ullamco laboris nisi ut aliquip ex ea commodo consequat. Duis aute irure dolor in reprehenderit in voluptate velit esse cillum dolore eu fugiat nulla pariatur. Excepteur sint occaecat cupidatat non proident, sunt in culpa qui officia deserunt mollit anim id est laborum. Lorem ipsum dolor sit amet conse ctetur adipisicing elit, sed do eiusmod tempor incididunt ut labore et dolore magna aliqua. Ut enim ad minim veniam&#1102;</p>', 'terms-and-conditions-of-use'),
(3, 2, 3, 'Terms and conditions of use', 'Our terms and conditions of use', 'conditions, terms, use, sell', '<h1 class=\"page-heading\">Terms and conditions of use</h1>\n<h3 class=\"page-subheading\">Rule 1</h3>\n<p class=\"bottom-indent\">Lorem ipsum dolor sit amet conse ctetur adipisicing elit, sed do eiusmod tempor incididunt ut labore et dolore magna aliqua. Ut enim ad minim veniam, quis nostrud exercitation ullamco laboris nisi ut aliquip ex ea commodo consequat. Duis aute irure dolor in reprehenderit in voluptate velit esse cillum dolore eu fugiat nulla pariatur. Excepteur sint occaecat cupidatat non proident, sunt in culpa qui officia deserunt mollit anim id est laborum.</p>\n<h3 class=\"page-subheading\">Rule 2</h3>\n<p class=\"bottom-indent\">Sed do eiusmod tempor incididunt ut labore et dolore magna aliqua. Ut enim ad minim veniam, quis nostrud exercitation ullamco laboris nisi ut aliquip ex ea commodo consequat. Duis aute irure dolor in reprehenderit in voluptate velit esse cillum dolore eu fugiat nulla pariatur. Excepteur sint occaecat cupidatat non proident, sunt in culpa qui officia deserunt mollit anim id est laborum. Lorem ipsum dolor sit amet conse ctetur adipisicing elit, sed do eiusmod tempor incididunt ut labore et dolore magna aliqua. Ut enim ad minim veniam&#1102;</p>\n<h3 class=\"page-subheading\">Rule 3</h3>\n<p class=\"bottom-indent\">Tempor incididunt ut labore et dolore magna aliqua. Ut enim ad minim veniam, quis nostrud exercitation ullamco laboris nisi ut aliquip ex ea commodo consequat. Duis aute irure dolor in reprehenderit in voluptate velit esse cillum dolore eu fugiat nulla pariatur. Excepteur sint occaecat cupidatat non proident, sunt in culpa qui officia deserunt mollit anim id est laborum. Lorem ipsum dolor sit amet conse ctetur adipisicing elit, sed do eiusmod tempor incididunt ut labore et dolore magna aliqua. Ut enim ad minim veniam&#1102;</p>', 'terms-and-conditions-of-use'),
(3, 3, 3, 'Terms and conditions of use', 'Our terms and conditions of use', 'conditions, terms, use, sell', '<h1 class=\"page-heading\">Terms and conditions of use</h1>\n<h3 class=\"page-subheading\">Rule 1</h3>\n<p class=\"bottom-indent\">Lorem ipsum dolor sit amet conse ctetur adipisicing elit, sed do eiusmod tempor incididunt ut labore et dolore magna aliqua. Ut enim ad minim veniam, quis nostrud exercitation ullamco laboris nisi ut aliquip ex ea commodo consequat. Duis aute irure dolor in reprehenderit in voluptate velit esse cillum dolore eu fugiat nulla pariatur. Excepteur sint occaecat cupidatat non proident, sunt in culpa qui officia deserunt mollit anim id est laborum.</p>\n<h3 class=\"page-subheading\">Rule 2</h3>\n<p class=\"bottom-indent\">Sed do eiusmod tempor incididunt ut labore et dolore magna aliqua. Ut enim ad minim veniam, quis nostrud exercitation ullamco laboris nisi ut aliquip ex ea commodo consequat. Duis aute irure dolor in reprehenderit in voluptate velit esse cillum dolore eu fugiat nulla pariatur. Excepteur sint occaecat cupidatat non proident, sunt in culpa qui officia deserunt mollit anim id est laborum. Lorem ipsum dolor sit amet conse ctetur adipisicing elit, sed do eiusmod tempor incididunt ut labore et dolore magna aliqua. Ut enim ad minim veniam&#1102;</p>\n<h3 class=\"page-subheading\">Rule 3</h3>\n<p class=\"bottom-indent\">Tempor incididunt ut labore et dolore magna aliqua. Ut enim ad minim veniam, quis nostrud exercitation ullamco laboris nisi ut aliquip ex ea commodo consequat. Duis aute irure dolor in reprehenderit in voluptate velit esse cillum dolore eu fugiat nulla pariatur. Excepteur sint occaecat cupidatat non proident, sunt in culpa qui officia deserunt mollit anim id est laborum. Lorem ipsum dolor sit amet conse ctetur adipisicing elit, sed do eiusmod tempor incididunt ut labore et dolore magna aliqua. Ut enim ad minim veniam&#1102;</p>', 'terms-and-conditions-of-use'),
(3, 1, 4, 'Terms and conditions of use', 'Our terms and conditions of use', 'conditions, terms, use, sell', '<h1 class=\"page-heading\">Terms and conditions of use</h1>\n<h3 class=\"page-subheading\">Rule 1</h3>\n<p class=\"bottom-indent\">Lorem ipsum dolor sit amet conse ctetur adipisicing elit, sed do eiusmod tempor incididunt ut labore et dolore magna aliqua. Ut enim ad minim veniam, quis nostrud exercitation ullamco laboris nisi ut aliquip ex ea commodo consequat. Duis aute irure dolor in reprehenderit in voluptate velit esse cillum dolore eu fugiat nulla pariatur. Excepteur sint occaecat cupidatat non proident, sunt in culpa qui officia deserunt mollit anim id est laborum.</p>\n<h3 class=\"page-subheading\">Rule 2</h3>\n<p class=\"bottom-indent\">Sed do eiusmod tempor incididunt ut labore et dolore magna aliqua. Ut enim ad minim veniam, quis nostrud exercitation ullamco laboris nisi ut aliquip ex ea commodo consequat. Duis aute irure dolor in reprehenderit in voluptate velit esse cillum dolore eu fugiat nulla pariatur. Excepteur sint occaecat cupidatat non proident, sunt in culpa qui officia deserunt mollit anim id est laborum. Lorem ipsum dolor sit amet conse ctetur adipisicing elit, sed do eiusmod tempor incididunt ut labore et dolore magna aliqua. Ut enim ad minim veniam&#1102;</p>\n<h3 class=\"page-subheading\">Rule 3</h3>\n<p class=\"bottom-indent\">Tempor incididunt ut labore et dolore magna aliqua. Ut enim ad minim veniam, quis nostrud exercitation ullamco laboris nisi ut aliquip ex ea commodo consequat. Duis aute irure dolor in reprehenderit in voluptate velit esse cillum dolore eu fugiat nulla pariatur. Excepteur sint occaecat cupidatat non proident, sunt in culpa qui officia deserunt mollit anim id est laborum. Lorem ipsum dolor sit amet conse ctetur adipisicing elit, sed do eiusmod tempor incididunt ut labore et dolore magna aliqua. Ut enim ad minim veniam&#1102;</p>', 'terms-and-conditions-of-use'),
(3, 2, 4, 'Terms and conditions of use', 'Our terms and conditions of use', 'conditions, terms, use, sell', '<h1 class=\"page-heading\">Terms and conditions of use</h1>\n<h3 class=\"page-subheading\">Rule 1</h3>\n<p class=\"bottom-indent\">Lorem ipsum dolor sit amet conse ctetur adipisicing elit, sed do eiusmod tempor incididunt ut labore et dolore magna aliqua. Ut enim ad minim veniam, quis nostrud exercitation ullamco laboris nisi ut aliquip ex ea commodo consequat. Duis aute irure dolor in reprehenderit in voluptate velit esse cillum dolore eu fugiat nulla pariatur. Excepteur sint occaecat cupidatat non proident, sunt in culpa qui officia deserunt mollit anim id est laborum.</p>\n<h3 class=\"page-subheading\">Rule 2</h3>\n<p class=\"bottom-indent\">Sed do eiusmod tempor incididunt ut labore et dolore magna aliqua. Ut enim ad minim veniam, quis nostrud exercitation ullamco laboris nisi ut aliquip ex ea commodo consequat. Duis aute irure dolor in reprehenderit in voluptate velit esse cillum dolore eu fugiat nulla pariatur. Excepteur sint occaecat cupidatat non proident, sunt in culpa qui officia deserunt mollit anim id est laborum. Lorem ipsum dolor sit amet conse ctetur adipisicing elit, sed do eiusmod tempor incididunt ut labore et dolore magna aliqua. Ut enim ad minim veniam&#1102;</p>\n<h3 class=\"page-subheading\">Rule 3</h3>\n<p class=\"bottom-indent\">Tempor incididunt ut labore et dolore magna aliqua. Ut enim ad minim veniam, quis nostrud exercitation ullamco laboris nisi ut aliquip ex ea commodo consequat. Duis aute irure dolor in reprehenderit in voluptate velit esse cillum dolore eu fugiat nulla pariatur. Excepteur sint occaecat cupidatat non proident, sunt in culpa qui officia deserunt mollit anim id est laborum. Lorem ipsum dolor sit amet conse ctetur adipisicing elit, sed do eiusmod tempor incididunt ut labore et dolore magna aliqua. Ut enim ad minim veniam&#1102;</p>', 'terms-and-conditions-of-use'),
(3, 3, 4, 'Terms and conditions of use', 'Our terms and conditions of use', 'conditions, terms, use, sell', '<h1 class=\"page-heading\">Terms and conditions of use</h1>\n<h3 class=\"page-subheading\">Rule 1</h3>\n<p class=\"bottom-indent\">Lorem ipsum dolor sit amet conse ctetur adipisicing elit, sed do eiusmod tempor incididunt ut labore et dolore magna aliqua. Ut enim ad minim veniam, quis nostrud exercitation ullamco laboris nisi ut aliquip ex ea commodo consequat. Duis aute irure dolor in reprehenderit in voluptate velit esse cillum dolore eu fugiat nulla pariatur. Excepteur sint occaecat cupidatat non proident, sunt in culpa qui officia deserunt mollit anim id est laborum.</p>\n<h3 class=\"page-subheading\">Rule 2</h3>\n<p class=\"bottom-indent\">Sed do eiusmod tempor incididunt ut labore et dolore magna aliqua. Ut enim ad minim veniam, quis nostrud exercitation ullamco laboris nisi ut aliquip ex ea commodo consequat. Duis aute irure dolor in reprehenderit in voluptate velit esse cillum dolore eu fugiat nulla pariatur. Excepteur sint occaecat cupidatat non proident, sunt in culpa qui officia deserunt mollit anim id est laborum. Lorem ipsum dolor sit amet conse ctetur adipisicing elit, sed do eiusmod tempor incididunt ut labore et dolore magna aliqua. Ut enim ad minim veniam&#1102;</p>\n<h3 class=\"page-subheading\">Rule 3</h3>\n<p class=\"bottom-indent\">Tempor incididunt ut labore et dolore magna aliqua. Ut enim ad minim veniam, quis nostrud exercitation ullamco laboris nisi ut aliquip ex ea commodo consequat. Duis aute irure dolor in reprehenderit in voluptate velit esse cillum dolore eu fugiat nulla pariatur. Excepteur sint occaecat cupidatat non proident, sunt in culpa qui officia deserunt mollit anim id est laborum. Lorem ipsum dolor sit amet conse ctetur adipisicing elit, sed do eiusmod tempor incididunt ut labore et dolore magna aliqua. Ut enim ad minim veniam&#1102;</p>', 'terms-and-conditions-of-use'),
(4, 1, 1, 'About us', 'Learn more about us', 'about us, informations', '<h1 class=\"page-heading bottom-indent\">About us</h1>\n<div class=\"row\">\n<div class=\"col-xs-12 col-sm-4\">\n<div class=\"cms-block\">\n<h3 class=\"page-subheading\">Our company</h3>\n<p><strong class=\"dark\">Lorem ipsum dolor sit amet conse ctetur adipisicing elit, sed do eiusmod tempor incididun.</strong></p>\n<p>Lorem ipsum dolor sit amet conse ctetur adipisicing elit, sed do eiusmod tempor incididunt ut labore et dolore magna aliqua. Ut enim ad minim veniam. Lorem ipsum dolor sit amet conse ctetur adipisicing elit.</p>\n<ul class=\"list-1\">\n<li><em class=\"icon-ok\"></em>Top quality products</li>\n<li><em class=\"icon-ok\"></em>Best customer service</li>\n<li><em class=\"icon-ok\"></em>30-days money back guarantee</li>\n</ul>\n</div>\n</div>\n<div class=\"col-xs-12 col-sm-4\">\n<div class=\"cms-box\">\n<h3 class=\"page-subheading\">Our team</h3>\n<img title=\"cms-img\" src=\"../img/cms/cms-img.jpg\" alt=\"cms-img\" width=\"370\" height=\"192\" />\n<p><strong class=\"dark\">Lorem set sint occaecat cupidatat non </strong></p>\n<p>Eiusmod tempor incididunt ut labore et dolore magna aliqua. Ut enim ad minim veniam, quis nostrud exercitation ullamco laboris nisi ut aliquip ex ea commodo.</p>\n</div>\n</div>\n<div class=\"col-xs-12 col-sm-4\">\n<div class=\"cms-box\">\n<h3 class=\"page-subheading\">Testimonials</h3>\n<div class=\"testimonials\">\n<div class=\"inner\"><span class=\"before\">“</span>Lorem ipsum dolor sit amet conse ctetur adipisicing elit, sed do eiusmod tempor incididunt ut labore et dolore magna aliqua. Ut enim ad minim.<span class=\"after\">”</span></div>\n</div>\n<p><strong class=\"dark\">Lorem ipsum dolor sit</strong></p>\n<div class=\"testimonials\">\n<div class=\"inner\"><span class=\"before\">“</span>Excepteur sint occaecat cupidatat non proident, sunt in culpa qui officia deserunt mollit anim id est laborum. Lorem ipsum dolor sit amet conse ctetur adipisicing elit. Lorem ipsum dolor sit amet conse ctetur adipisicing elit, sed do eiusmod.<span class=\"after\">”</span></div>\n</div>\n<p><strong class=\"dark\">Ipsum dolor sit</strong></p>\n</div>\n</div>\n</div>', 'about-us'),
(4, 2, 1, 'About us', 'Learn more about us', 'about us, informations', '<h1 class=\"page-heading bottom-indent\">About us</h1>\n<div class=\"row\">\n<div class=\"col-xs-12 col-sm-4\">\n<div class=\"cms-block\">\n<h3 class=\"page-subheading\">Our company</h3>\n<p><strong class=\"dark\">Lorem ipsum dolor sit amet conse ctetur adipisicing elit, sed do eiusmod tempor incididun.</strong></p>\n<p>Lorem ipsum dolor sit amet conse ctetur adipisicing elit, sed do eiusmod tempor incididunt ut labore et dolore magna aliqua. Ut enim ad minim veniam. Lorem ipsum dolor sit amet conse ctetur adipisicing elit.</p>\n<ul class=\"list-1\">\n<li><em class=\"icon-ok\"></em>Top quality products</li>\n<li><em class=\"icon-ok\"></em>Best customer service</li>\n<li><em class=\"icon-ok\"></em>30-days money back guarantee</li>\n</ul>\n</div>\n</div>\n<div class=\"col-xs-12 col-sm-4\">\n<div class=\"cms-box\">\n<h3 class=\"page-subheading\">Our team</h3>\n<img title=\"cms-img\" src=\"../img/cms/cms-img.jpg\" alt=\"cms-img\" width=\"370\" height=\"192\" />\n<p><strong class=\"dark\">Lorem set sint occaecat cupidatat non </strong></p>\n<p>Eiusmod tempor incididunt ut labore et dolore magna aliqua. Ut enim ad minim veniam, quis nostrud exercitation ullamco laboris nisi ut aliquip ex ea commodo.</p>\n</div>\n</div>\n<div class=\"col-xs-12 col-sm-4\">\n<div class=\"cms-box\">\n<h3 class=\"page-subheading\">Testimonials</h3>\n<div class=\"testimonials\">\n<div class=\"inner\"><span class=\"before\">“</span>Lorem ipsum dolor sit amet conse ctetur adipisicing elit, sed do eiusmod tempor incididunt ut labore et dolore magna aliqua. Ut enim ad minim.<span class=\"after\">”</span></div>\n</div>\n<p><strong class=\"dark\">Lorem ipsum dolor sit</strong></p>\n<div class=\"testimonials\">\n<div class=\"inner\"><span class=\"before\">“</span>Excepteur sint occaecat cupidatat non proident, sunt in culpa qui officia deserunt mollit anim id est laborum. Lorem ipsum dolor sit amet conse ctetur adipisicing elit. Lorem ipsum dolor sit amet conse ctetur adipisicing elit, sed do eiusmod.<span class=\"after\">”</span></div>\n</div>\n<p><strong class=\"dark\">Ipsum dolor sit</strong></p>\n</div>\n</div>\n</div>', 'about-us'),
(4, 3, 1, 'About us', 'Learn more about us', 'about us, informations', '<h1 class=\"page-heading bottom-indent\">About us</h1>\n<div class=\"row\">\n<div class=\"col-xs-12 col-sm-4\">\n<div class=\"cms-block\">\n<h3 class=\"page-subheading\">Our company</h3>\n<p><strong class=\"dark\">Lorem ipsum dolor sit amet conse ctetur adipisicing elit, sed do eiusmod tempor incididun.</strong></p>\n<p>Lorem ipsum dolor sit amet conse ctetur adipisicing elit, sed do eiusmod tempor incididunt ut labore et dolore magna aliqua. Ut enim ad minim veniam. Lorem ipsum dolor sit amet conse ctetur adipisicing elit.</p>\n<ul class=\"list-1\">\n<li><em class=\"icon-ok\"></em>Top quality products</li>\n<li><em class=\"icon-ok\"></em>Best customer service</li>\n<li><em class=\"icon-ok\"></em>30-days money back guarantee</li>\n</ul>\n</div>\n</div>\n<div class=\"col-xs-12 col-sm-4\">\n<div class=\"cms-box\">\n<h3 class=\"page-subheading\">Our team</h3>\n<img title=\"cms-img\" src=\"../img/cms/cms-img.jpg\" alt=\"cms-img\" width=\"370\" height=\"192\" />\n<p><strong class=\"dark\">Lorem set sint occaecat cupidatat non </strong></p>\n<p>Eiusmod tempor incididunt ut labore et dolore magna aliqua. Ut enim ad minim veniam, quis nostrud exercitation ullamco laboris nisi ut aliquip ex ea commodo.</p>\n</div>\n</div>\n<div class=\"col-xs-12 col-sm-4\">\n<div class=\"cms-box\">\n<h3 class=\"page-subheading\">Testimonials</h3>\n<div class=\"testimonials\">\n<div class=\"inner\"><span class=\"before\">“</span>Lorem ipsum dolor sit amet conse ctetur adipisicing elit, sed do eiusmod tempor incididunt ut labore et dolore magna aliqua. Ut enim ad minim.<span class=\"after\">”</span></div>\n</div>\n<p><strong class=\"dark\">Lorem ipsum dolor sit</strong></p>\n<div class=\"testimonials\">\n<div class=\"inner\"><span class=\"before\">“</span>Excepteur sint occaecat cupidatat non proident, sunt in culpa qui officia deserunt mollit anim id est laborum. Lorem ipsum dolor sit amet conse ctetur adipisicing elit. Lorem ipsum dolor sit amet conse ctetur adipisicing elit, sed do eiusmod.<span class=\"after\">”</span></div>\n</div>\n<p><strong class=\"dark\">Ipsum dolor sit</strong></p>\n</div>\n</div>\n</div>', 'about-us');
INSERT INTO `ps_cms_lang` (`id_cms`, `id_lang`, `id_shop`, `meta_title`, `meta_description`, `meta_keywords`, `content`, `link_rewrite`) VALUES
(4, 1, 2, 'About us', 'Learn more about us', 'about us, informations', '<h1 class=\"page-heading bottom-indent\">About us</h1>\n<div class=\"row\">\n<div class=\"col-xs-12 col-sm-4\">\n<div class=\"cms-block\">\n<h3 class=\"page-subheading\">Our company</h3>\n<p><strong class=\"dark\">Lorem ipsum dolor sit amet conse ctetur adipisicing elit, sed do eiusmod tempor incididun.</strong></p>\n<p>Lorem ipsum dolor sit amet conse ctetur adipisicing elit, sed do eiusmod tempor incididunt ut labore et dolore magna aliqua. Ut enim ad minim veniam. Lorem ipsum dolor sit amet conse ctetur adipisicing elit.</p>\n<ul class=\"list-1\">\n<li><em class=\"icon-ok\"></em>Top quality products</li>\n<li><em class=\"icon-ok\"></em>Best customer service</li>\n<li><em class=\"icon-ok\"></em>30-days money back guarantee</li>\n</ul>\n</div>\n</div>\n<div class=\"col-xs-12 col-sm-4\">\n<div class=\"cms-box\">\n<h3 class=\"page-subheading\">Our team</h3>\n<img title=\"cms-img\" src=\"../img/cms/cms-img.jpg\" alt=\"cms-img\" width=\"370\" height=\"192\" />\n<p><strong class=\"dark\">Lorem set sint occaecat cupidatat non </strong></p>\n<p>Eiusmod tempor incididunt ut labore et dolore magna aliqua. Ut enim ad minim veniam, quis nostrud exercitation ullamco laboris nisi ut aliquip ex ea commodo.</p>\n</div>\n</div>\n<div class=\"col-xs-12 col-sm-4\">\n<div class=\"cms-box\">\n<h3 class=\"page-subheading\">Testimonials</h3>\n<div class=\"testimonials\">\n<div class=\"inner\"><span class=\"before\">“</span>Lorem ipsum dolor sit amet conse ctetur adipisicing elit, sed do eiusmod tempor incididunt ut labore et dolore magna aliqua. Ut enim ad minim.<span class=\"after\">”</span></div>\n</div>\n<p><strong class=\"dark\">Lorem ipsum dolor sit</strong></p>\n<div class=\"testimonials\">\n<div class=\"inner\"><span class=\"before\">“</span>Excepteur sint occaecat cupidatat non proident, sunt in culpa qui officia deserunt mollit anim id est laborum. Lorem ipsum dolor sit amet conse ctetur adipisicing elit. Lorem ipsum dolor sit amet conse ctetur adipisicing elit, sed do eiusmod.<span class=\"after\">”</span></div>\n</div>\n<p><strong class=\"dark\">Ipsum dolor sit</strong></p>\n</div>\n</div>\n</div>', 'about-us'),
(4, 2, 2, 'About us', 'Learn more about us', 'about us, informations', '<h1 class=\"page-heading bottom-indent\">About us</h1>\n<div class=\"row\">\n<div class=\"col-xs-12 col-sm-4\">\n<div class=\"cms-block\">\n<h3 class=\"page-subheading\">Our company</h3>\n<p><strong class=\"dark\">Lorem ipsum dolor sit amet conse ctetur adipisicing elit, sed do eiusmod tempor incididun.</strong></p>\n<p>Lorem ipsum dolor sit amet conse ctetur adipisicing elit, sed do eiusmod tempor incididunt ut labore et dolore magna aliqua. Ut enim ad minim veniam. Lorem ipsum dolor sit amet conse ctetur adipisicing elit.</p>\n<ul class=\"list-1\">\n<li><em class=\"icon-ok\"></em>Top quality products</li>\n<li><em class=\"icon-ok\"></em>Best customer service</li>\n<li><em class=\"icon-ok\"></em>30-days money back guarantee</li>\n</ul>\n</div>\n</div>\n<div class=\"col-xs-12 col-sm-4\">\n<div class=\"cms-box\">\n<h3 class=\"page-subheading\">Our team</h3>\n<img title=\"cms-img\" src=\"../img/cms/cms-img.jpg\" alt=\"cms-img\" width=\"370\" height=\"192\" />\n<p><strong class=\"dark\">Lorem set sint occaecat cupidatat non </strong></p>\n<p>Eiusmod tempor incididunt ut labore et dolore magna aliqua. Ut enim ad minim veniam, quis nostrud exercitation ullamco laboris nisi ut aliquip ex ea commodo.</p>\n</div>\n</div>\n<div class=\"col-xs-12 col-sm-4\">\n<div class=\"cms-box\">\n<h3 class=\"page-subheading\">Testimonials</h3>\n<div class=\"testimonials\">\n<div class=\"inner\"><span class=\"before\">“</span>Lorem ipsum dolor sit amet conse ctetur adipisicing elit, sed do eiusmod tempor incididunt ut labore et dolore magna aliqua. Ut enim ad minim.<span class=\"after\">”</span></div>\n</div>\n<p><strong class=\"dark\">Lorem ipsum dolor sit</strong></p>\n<div class=\"testimonials\">\n<div class=\"inner\"><span class=\"before\">“</span>Excepteur sint occaecat cupidatat non proident, sunt in culpa qui officia deserunt mollit anim id est laborum. Lorem ipsum dolor sit amet conse ctetur adipisicing elit. Lorem ipsum dolor sit amet conse ctetur adipisicing elit, sed do eiusmod.<span class=\"after\">”</span></div>\n</div>\n<p><strong class=\"dark\">Ipsum dolor sit</strong></p>\n</div>\n</div>\n</div>', 'about-us'),
(4, 3, 2, 'About us', 'Learn more about us', 'about us, informations', '<h1 class=\"page-heading bottom-indent\">About us</h1>\n<div class=\"row\">\n<div class=\"col-xs-12 col-sm-4\">\n<div class=\"cms-block\">\n<h3 class=\"page-subheading\">Our company</h3>\n<p><strong class=\"dark\">Lorem ipsum dolor sit amet conse ctetur adipisicing elit, sed do eiusmod tempor incididun.</strong></p>\n<p>Lorem ipsum dolor sit amet conse ctetur adipisicing elit, sed do eiusmod tempor incididunt ut labore et dolore magna aliqua. Ut enim ad minim veniam. Lorem ipsum dolor sit amet conse ctetur adipisicing elit.</p>\n<ul class=\"list-1\">\n<li><em class=\"icon-ok\"></em>Top quality products</li>\n<li><em class=\"icon-ok\"></em>Best customer service</li>\n<li><em class=\"icon-ok\"></em>30-days money back guarantee</li>\n</ul>\n</div>\n</div>\n<div class=\"col-xs-12 col-sm-4\">\n<div class=\"cms-box\">\n<h3 class=\"page-subheading\">Our team</h3>\n<img title=\"cms-img\" src=\"../img/cms/cms-img.jpg\" alt=\"cms-img\" width=\"370\" height=\"192\" />\n<p><strong class=\"dark\">Lorem set sint occaecat cupidatat non </strong></p>\n<p>Eiusmod tempor incididunt ut labore et dolore magna aliqua. Ut enim ad minim veniam, quis nostrud exercitation ullamco laboris nisi ut aliquip ex ea commodo.</p>\n</div>\n</div>\n<div class=\"col-xs-12 col-sm-4\">\n<div class=\"cms-box\">\n<h3 class=\"page-subheading\">Testimonials</h3>\n<div class=\"testimonials\">\n<div class=\"inner\"><span class=\"before\">“</span>Lorem ipsum dolor sit amet conse ctetur adipisicing elit, sed do eiusmod tempor incididunt ut labore et dolore magna aliqua. Ut enim ad minim.<span class=\"after\">”</span></div>\n</div>\n<p><strong class=\"dark\">Lorem ipsum dolor sit</strong></p>\n<div class=\"testimonials\">\n<div class=\"inner\"><span class=\"before\">“</span>Excepteur sint occaecat cupidatat non proident, sunt in culpa qui officia deserunt mollit anim id est laborum. Lorem ipsum dolor sit amet conse ctetur adipisicing elit. Lorem ipsum dolor sit amet conse ctetur adipisicing elit, sed do eiusmod.<span class=\"after\">”</span></div>\n</div>\n<p><strong class=\"dark\">Ipsum dolor sit</strong></p>\n</div>\n</div>\n</div>', 'about-us'),
(4, 1, 3, 'About us', 'Learn more about us', 'about us, informations', '<h1 class=\"page-heading bottom-indent\">About us</h1>\n<div class=\"row\">\n<div class=\"col-xs-12 col-sm-4\">\n<div class=\"cms-block\">\n<h3 class=\"page-subheading\">Our company</h3>\n<p><strong class=\"dark\">Lorem ipsum dolor sit amet conse ctetur adipisicing elit, sed do eiusmod tempor incididun.</strong></p>\n<p>Lorem ipsum dolor sit amet conse ctetur adipisicing elit, sed do eiusmod tempor incididunt ut labore et dolore magna aliqua. Ut enim ad minim veniam. Lorem ipsum dolor sit amet conse ctetur adipisicing elit.</p>\n<ul class=\"list-1\">\n<li><em class=\"icon-ok\"></em>Top quality products</li>\n<li><em class=\"icon-ok\"></em>Best customer service</li>\n<li><em class=\"icon-ok\"></em>30-days money back guarantee</li>\n</ul>\n</div>\n</div>\n<div class=\"col-xs-12 col-sm-4\">\n<div class=\"cms-box\">\n<h3 class=\"page-subheading\">Our team</h3>\n<img title=\"cms-img\" src=\"../img/cms/cms-img.jpg\" alt=\"cms-img\" width=\"370\" height=\"192\" />\n<p><strong class=\"dark\">Lorem set sint occaecat cupidatat non </strong></p>\n<p>Eiusmod tempor incididunt ut labore et dolore magna aliqua. Ut enim ad minim veniam, quis nostrud exercitation ullamco laboris nisi ut aliquip ex ea commodo.</p>\n</div>\n</div>\n<div class=\"col-xs-12 col-sm-4\">\n<div class=\"cms-box\">\n<h3 class=\"page-subheading\">Testimonials</h3>\n<div class=\"testimonials\">\n<div class=\"inner\"><span class=\"before\">“</span>Lorem ipsum dolor sit amet conse ctetur adipisicing elit, sed do eiusmod tempor incididunt ut labore et dolore magna aliqua. Ut enim ad minim.<span class=\"after\">”</span></div>\n</div>\n<p><strong class=\"dark\">Lorem ipsum dolor sit</strong></p>\n<div class=\"testimonials\">\n<div class=\"inner\"><span class=\"before\">“</span>Excepteur sint occaecat cupidatat non proident, sunt in culpa qui officia deserunt mollit anim id est laborum. Lorem ipsum dolor sit amet conse ctetur adipisicing elit. Lorem ipsum dolor sit amet conse ctetur adipisicing elit, sed do eiusmod.<span class=\"after\">”</span></div>\n</div>\n<p><strong class=\"dark\">Ipsum dolor sit</strong></p>\n</div>\n</div>\n</div>', 'about-us'),
(4, 2, 3, 'About us', 'Learn more about us', 'about us, informations', '<h1 class=\"page-heading bottom-indent\">About us</h1>\n<div class=\"row\">\n<div class=\"col-xs-12 col-sm-4\">\n<div class=\"cms-block\">\n<h3 class=\"page-subheading\">Our company</h3>\n<p><strong class=\"dark\">Lorem ipsum dolor sit amet conse ctetur adipisicing elit, sed do eiusmod tempor incididun.</strong></p>\n<p>Lorem ipsum dolor sit amet conse ctetur adipisicing elit, sed do eiusmod tempor incididunt ut labore et dolore magna aliqua. Ut enim ad minim veniam. Lorem ipsum dolor sit amet conse ctetur adipisicing elit.</p>\n<ul class=\"list-1\">\n<li><em class=\"icon-ok\"></em>Top quality products</li>\n<li><em class=\"icon-ok\"></em>Best customer service</li>\n<li><em class=\"icon-ok\"></em>30-days money back guarantee</li>\n</ul>\n</div>\n</div>\n<div class=\"col-xs-12 col-sm-4\">\n<div class=\"cms-box\">\n<h3 class=\"page-subheading\">Our team</h3>\n<img title=\"cms-img\" src=\"../img/cms/cms-img.jpg\" alt=\"cms-img\" width=\"370\" height=\"192\" />\n<p><strong class=\"dark\">Lorem set sint occaecat cupidatat non </strong></p>\n<p>Eiusmod tempor incididunt ut labore et dolore magna aliqua. Ut enim ad minim veniam, quis nostrud exercitation ullamco laboris nisi ut aliquip ex ea commodo.</p>\n</div>\n</div>\n<div class=\"col-xs-12 col-sm-4\">\n<div class=\"cms-box\">\n<h3 class=\"page-subheading\">Testimonials</h3>\n<div class=\"testimonials\">\n<div class=\"inner\"><span class=\"before\">“</span>Lorem ipsum dolor sit amet conse ctetur adipisicing elit, sed do eiusmod tempor incididunt ut labore et dolore magna aliqua. Ut enim ad minim.<span class=\"after\">”</span></div>\n</div>\n<p><strong class=\"dark\">Lorem ipsum dolor sit</strong></p>\n<div class=\"testimonials\">\n<div class=\"inner\"><span class=\"before\">“</span>Excepteur sint occaecat cupidatat non proident, sunt in culpa qui officia deserunt mollit anim id est laborum. Lorem ipsum dolor sit amet conse ctetur adipisicing elit. Lorem ipsum dolor sit amet conse ctetur adipisicing elit, sed do eiusmod.<span class=\"after\">”</span></div>\n</div>\n<p><strong class=\"dark\">Ipsum dolor sit</strong></p>\n</div>\n</div>\n</div>', 'about-us'),
(4, 3, 3, 'About us', 'Learn more about us', 'about us, informations', '<h1 class=\"page-heading bottom-indent\">About us</h1>\n<div class=\"row\">\n<div class=\"col-xs-12 col-sm-4\">\n<div class=\"cms-block\">\n<h3 class=\"page-subheading\">Our company</h3>\n<p><strong class=\"dark\">Lorem ipsum dolor sit amet conse ctetur adipisicing elit, sed do eiusmod tempor incididun.</strong></p>\n<p>Lorem ipsum dolor sit amet conse ctetur adipisicing elit, sed do eiusmod tempor incididunt ut labore et dolore magna aliqua. Ut enim ad minim veniam. Lorem ipsum dolor sit amet conse ctetur adipisicing elit.</p>\n<ul class=\"list-1\">\n<li><em class=\"icon-ok\"></em>Top quality products</li>\n<li><em class=\"icon-ok\"></em>Best customer service</li>\n<li><em class=\"icon-ok\"></em>30-days money back guarantee</li>\n</ul>\n</div>\n</div>\n<div class=\"col-xs-12 col-sm-4\">\n<div class=\"cms-box\">\n<h3 class=\"page-subheading\">Our team</h3>\n<img title=\"cms-img\" src=\"../img/cms/cms-img.jpg\" alt=\"cms-img\" width=\"370\" height=\"192\" />\n<p><strong class=\"dark\">Lorem set sint occaecat cupidatat non </strong></p>\n<p>Eiusmod tempor incididunt ut labore et dolore magna aliqua. Ut enim ad minim veniam, quis nostrud exercitation ullamco laboris nisi ut aliquip ex ea commodo.</p>\n</div>\n</div>\n<div class=\"col-xs-12 col-sm-4\">\n<div class=\"cms-box\">\n<h3 class=\"page-subheading\">Testimonials</h3>\n<div class=\"testimonials\">\n<div class=\"inner\"><span class=\"before\">“</span>Lorem ipsum dolor sit amet conse ctetur adipisicing elit, sed do eiusmod tempor incididunt ut labore et dolore magna aliqua. Ut enim ad minim.<span class=\"after\">”</span></div>\n</div>\n<p><strong class=\"dark\">Lorem ipsum dolor sit</strong></p>\n<div class=\"testimonials\">\n<div class=\"inner\"><span class=\"before\">“</span>Excepteur sint occaecat cupidatat non proident, sunt in culpa qui officia deserunt mollit anim id est laborum. Lorem ipsum dolor sit amet conse ctetur adipisicing elit. Lorem ipsum dolor sit amet conse ctetur adipisicing elit, sed do eiusmod.<span class=\"after\">”</span></div>\n</div>\n<p><strong class=\"dark\">Ipsum dolor sit</strong></p>\n</div>\n</div>\n</div>', 'about-us'),
(4, 1, 4, 'About us', 'Learn more about us', 'about us, informations', '<h1 class=\"page-heading bottom-indent\">About us</h1>\n<div class=\"row\">\n<div class=\"col-xs-12 col-sm-4\">\n<div class=\"cms-block\">\n<h3 class=\"page-subheading\">Our company</h3>\n<p><strong class=\"dark\">Lorem ipsum dolor sit amet conse ctetur adipisicing elit, sed do eiusmod tempor incididun.</strong></p>\n<p>Lorem ipsum dolor sit amet conse ctetur adipisicing elit, sed do eiusmod tempor incididunt ut labore et dolore magna aliqua. Ut enim ad minim veniam. Lorem ipsum dolor sit amet conse ctetur adipisicing elit.</p>\n<ul class=\"list-1\">\n<li><em class=\"icon-ok\"></em>Top quality products</li>\n<li><em class=\"icon-ok\"></em>Best customer service</li>\n<li><em class=\"icon-ok\"></em>30-days money back guarantee</li>\n</ul>\n</div>\n</div>\n<div class=\"col-xs-12 col-sm-4\">\n<div class=\"cms-box\">\n<h3 class=\"page-subheading\">Our team</h3>\n<img title=\"cms-img\" src=\"../img/cms/cms-img.jpg\" alt=\"cms-img\" width=\"370\" height=\"192\" />\n<p><strong class=\"dark\">Lorem set sint occaecat cupidatat non </strong></p>\n<p>Eiusmod tempor incididunt ut labore et dolore magna aliqua. Ut enim ad minim veniam, quis nostrud exercitation ullamco laboris nisi ut aliquip ex ea commodo.</p>\n</div>\n</div>\n<div class=\"col-xs-12 col-sm-4\">\n<div class=\"cms-box\">\n<h3 class=\"page-subheading\">Testimonials</h3>\n<div class=\"testimonials\">\n<div class=\"inner\"><span class=\"before\">“</span>Lorem ipsum dolor sit amet conse ctetur adipisicing elit, sed do eiusmod tempor incididunt ut labore et dolore magna aliqua. Ut enim ad minim.<span class=\"after\">”</span></div>\n</div>\n<p><strong class=\"dark\">Lorem ipsum dolor sit</strong></p>\n<div class=\"testimonials\">\n<div class=\"inner\"><span class=\"before\">“</span>Excepteur sint occaecat cupidatat non proident, sunt in culpa qui officia deserunt mollit anim id est laborum. Lorem ipsum dolor sit amet conse ctetur adipisicing elit. Lorem ipsum dolor sit amet conse ctetur adipisicing elit, sed do eiusmod.<span class=\"after\">”</span></div>\n</div>\n<p><strong class=\"dark\">Ipsum dolor sit</strong></p>\n</div>\n</div>\n</div>', 'about-us'),
(4, 2, 4, 'About us', 'Learn more about us', 'about us, informations', '<h1 class=\"page-heading bottom-indent\">About us</h1>\n<div class=\"row\">\n<div class=\"col-xs-12 col-sm-4\">\n<div class=\"cms-block\">\n<h3 class=\"page-subheading\">Our company</h3>\n<p><strong class=\"dark\">Lorem ipsum dolor sit amet conse ctetur adipisicing elit, sed do eiusmod tempor incididun.</strong></p>\n<p>Lorem ipsum dolor sit amet conse ctetur adipisicing elit, sed do eiusmod tempor incididunt ut labore et dolore magna aliqua. Ut enim ad minim veniam. Lorem ipsum dolor sit amet conse ctetur adipisicing elit.</p>\n<ul class=\"list-1\">\n<li><em class=\"icon-ok\"></em>Top quality products</li>\n<li><em class=\"icon-ok\"></em>Best customer service</li>\n<li><em class=\"icon-ok\"></em>30-days money back guarantee</li>\n</ul>\n</div>\n</div>\n<div class=\"col-xs-12 col-sm-4\">\n<div class=\"cms-box\">\n<h3 class=\"page-subheading\">Our team</h3>\n<img title=\"cms-img\" src=\"../img/cms/cms-img.jpg\" alt=\"cms-img\" width=\"370\" height=\"192\" />\n<p><strong class=\"dark\">Lorem set sint occaecat cupidatat non </strong></p>\n<p>Eiusmod tempor incididunt ut labore et dolore magna aliqua. Ut enim ad minim veniam, quis nostrud exercitation ullamco laboris nisi ut aliquip ex ea commodo.</p>\n</div>\n</div>\n<div class=\"col-xs-12 col-sm-4\">\n<div class=\"cms-box\">\n<h3 class=\"page-subheading\">Testimonials</h3>\n<div class=\"testimonials\">\n<div class=\"inner\"><span class=\"before\">“</span>Lorem ipsum dolor sit amet conse ctetur adipisicing elit, sed do eiusmod tempor incididunt ut labore et dolore magna aliqua. Ut enim ad minim.<span class=\"after\">”</span></div>\n</div>\n<p><strong class=\"dark\">Lorem ipsum dolor sit</strong></p>\n<div class=\"testimonials\">\n<div class=\"inner\"><span class=\"before\">“</span>Excepteur sint occaecat cupidatat non proident, sunt in culpa qui officia deserunt mollit anim id est laborum. Lorem ipsum dolor sit amet conse ctetur adipisicing elit. Lorem ipsum dolor sit amet conse ctetur adipisicing elit, sed do eiusmod.<span class=\"after\">”</span></div>\n</div>\n<p><strong class=\"dark\">Ipsum dolor sit</strong></p>\n</div>\n</div>\n</div>', 'about-us'),
(4, 3, 4, 'About us', 'Learn more about us', 'about us, informations', '<h1 class=\"page-heading bottom-indent\">About us</h1>\n<div class=\"row\">\n<div class=\"col-xs-12 col-sm-4\">\n<div class=\"cms-block\">\n<h3 class=\"page-subheading\">Our company</h3>\n<p><strong class=\"dark\">Lorem ipsum dolor sit amet conse ctetur adipisicing elit, sed do eiusmod tempor incididun.</strong></p>\n<p>Lorem ipsum dolor sit amet conse ctetur adipisicing elit, sed do eiusmod tempor incididunt ut labore et dolore magna aliqua. Ut enim ad minim veniam. Lorem ipsum dolor sit amet conse ctetur adipisicing elit.</p>\n<ul class=\"list-1\">\n<li><em class=\"icon-ok\"></em>Top quality products</li>\n<li><em class=\"icon-ok\"></em>Best customer service</li>\n<li><em class=\"icon-ok\"></em>30-days money back guarantee</li>\n</ul>\n</div>\n</div>\n<div class=\"col-xs-12 col-sm-4\">\n<div class=\"cms-box\">\n<h3 class=\"page-subheading\">Our team</h3>\n<img title=\"cms-img\" src=\"../img/cms/cms-img.jpg\" alt=\"cms-img\" width=\"370\" height=\"192\" />\n<p><strong class=\"dark\">Lorem set sint occaecat cupidatat non </strong></p>\n<p>Eiusmod tempor incididunt ut labore et dolore magna aliqua. Ut enim ad minim veniam, quis nostrud exercitation ullamco laboris nisi ut aliquip ex ea commodo.</p>\n</div>\n</div>\n<div class=\"col-xs-12 col-sm-4\">\n<div class=\"cms-box\">\n<h3 class=\"page-subheading\">Testimonials</h3>\n<div class=\"testimonials\">\n<div class=\"inner\"><span class=\"before\">“</span>Lorem ipsum dolor sit amet conse ctetur adipisicing elit, sed do eiusmod tempor incididunt ut labore et dolore magna aliqua. Ut enim ad minim.<span class=\"after\">”</span></div>\n</div>\n<p><strong class=\"dark\">Lorem ipsum dolor sit</strong></p>\n<div class=\"testimonials\">\n<div class=\"inner\"><span class=\"before\">“</span>Excepteur sint occaecat cupidatat non proident, sunt in culpa qui officia deserunt mollit anim id est laborum. Lorem ipsum dolor sit amet conse ctetur adipisicing elit. Lorem ipsum dolor sit amet conse ctetur adipisicing elit, sed do eiusmod.<span class=\"after\">”</span></div>\n</div>\n<p><strong class=\"dark\">Ipsum dolor sit</strong></p>\n</div>\n</div>\n</div>', 'about-us'),
(5, 1, 1, 'Secure payment', 'Our secure payment method', 'secure payment, ssl, visa, mastercard, paypal', '<h2>Secure payment</h2>\r\n<h3>Our secure payment</h3><p>With SSL</p>\r\n<h3>Using Visa/Mastercard/Paypal</h3><p>About this service</p>', 'secure-payment'),
(5, 2, 1, 'Secure payment', 'Our secure payment method', 'secure payment, ssl, visa, mastercard, paypal', '<h2>Secure payment</h2>\r\n<h3>Our secure payment</h3><p>With SSL</p>\r\n<h3>Using Visa/Mastercard/Paypal</h3><p>About this service</p>', 'secure-payment'),
(5, 3, 1, 'Secure payment', 'Our secure payment method', 'secure payment, ssl, visa, mastercard, paypal', '<h2>Secure payment</h2>\r\n<h3>Our secure payment</h3><p>With SSL</p>\r\n<h3>Using Visa/Mastercard/Paypal</h3><p>About this service</p>', 'secure-payment'),
(5, 1, 2, 'Secure payment', 'Our secure payment method', 'secure payment, ssl, visa, mastercard, paypal', '<h2>Secure payment</h2>\r\n<h3>Our secure payment</h3><p>With SSL</p>\r\n<h3>Using Visa/Mastercard/Paypal</h3><p>About this service</p>', 'secure-payment'),
(5, 2, 2, 'Secure payment', 'Our secure payment method', 'secure payment, ssl, visa, mastercard, paypal', '<h2>Secure payment</h2>\r\n<h3>Our secure payment</h3><p>With SSL</p>\r\n<h3>Using Visa/Mastercard/Paypal</h3><p>About this service</p>', 'secure-payment'),
(5, 3, 2, 'Secure payment', 'Our secure payment method', 'secure payment, ssl, visa, mastercard, paypal', '<h2>Secure payment</h2>\r\n<h3>Our secure payment</h3><p>With SSL</p>\r\n<h3>Using Visa/Mastercard/Paypal</h3><p>About this service</p>', 'secure-payment'),
(5, 1, 3, 'Secure payment', 'Our secure payment method', 'secure payment, ssl, visa, mastercard, paypal', '<h2>Secure payment</h2>\r\n<h3>Our secure payment</h3><p>With SSL</p>\r\n<h3>Using Visa/Mastercard/Paypal</h3><p>About this service</p>', 'secure-payment'),
(5, 2, 3, 'Secure payment', 'Our secure payment method', 'secure payment, ssl, visa, mastercard, paypal', '<h2>Secure payment</h2>\r\n<h3>Our secure payment</h3><p>With SSL</p>\r\n<h3>Using Visa/Mastercard/Paypal</h3><p>About this service</p>', 'secure-payment'),
(5, 3, 3, 'Secure payment', 'Our secure payment method', 'secure payment, ssl, visa, mastercard, paypal', '<h2>Secure payment</h2>\r\n<h3>Our secure payment</h3><p>With SSL</p>\r\n<h3>Using Visa/Mastercard/Paypal</h3><p>About this service</p>', 'secure-payment'),
(5, 1, 4, 'Secure payment', 'Our secure payment method', 'secure payment, ssl, visa, mastercard, paypal', '<h2>Secure payment</h2>\r\n<h3>Our secure payment</h3><p>With SSL</p>\r\n<h3>Using Visa/Mastercard/Paypal</h3><p>About this service</p>', 'secure-payment'),
(5, 2, 4, 'Secure payment', 'Our secure payment method', 'secure payment, ssl, visa, mastercard, paypal', '<h2>Secure payment</h2>\r\n<h3>Our secure payment</h3><p>With SSL</p>\r\n<h3>Using Visa/Mastercard/Paypal</h3><p>About this service</p>', 'secure-payment'),
(5, 3, 4, 'Secure payment', 'Our secure payment method', 'secure payment, ssl, visa, mastercard, paypal', '<h2>Secure payment</h2>\r\n<h3>Our secure payment</h3><p>With SSL</p>\r\n<h3>Using Visa/Mastercard/Paypal</h3><p>About this service</p>', 'secure-payment');

-- --------------------------------------------------------

--
-- Structure de la table `ps_cms_role`
--

